{"id":392650,"date":"2026-03-08T04:47:15","date_gmt":"2026-03-08T03:47:15","guid":{"rendered":"https:\/\/grupotextil.es\/producto\/estuche-algodon-vanity\/"},"modified":"2026-03-08T04:47:15","modified_gmt":"2026-03-08T03:47:15","slug":"estuche-algodon-vanity","status":"publish","type":"product","link":"https:\/\/grupotextil.es\/ca\/product\/estuche-algodon-vanity\/","title":{"rendered":"Pencil Case algod\u00f3n Vanity"},"content":{"rendered":"<ul>\n<li>407 g\/m\u00b2<\/li>\n<li>100% algod\u00f3n (tela peinada)<\/li>\n<li>Forro interior de algod\u00f3n<\/li>\n<li>Cierre con cremallera<\/li>\n<li>Capacidad: 5 Litros<\/li>\n<li>Medidas: 23 x 16 x 17 cm<\/li>\n<li>Max. bordado de aro tubular: 9<\/li>\n<li>\u00c1rea de impresi\u00f3n: 21 x 10 cm.<\/li>\n<\/ul>","protected":false},"excerpt":{"rendered":"<p>407 g\/m\u00b2100% algod\u00f3n (tela peinada)Forro interior de algod\u00f3nCierre con cremalleraCapacidad: 5 LitrosMedidas: 23 x 16 x 17 cmMax. bordado de aro tubular: 9\u00c1rea de impresi\u00f3n: 21 x 10 cm.<\/p>","protected":false},"featured_media":423738,"comment_status":"open","ping_status":"closed","template":"","meta":{"_acf_changed":false},"product_brand":[11680],"product_cat":[13948,13954],"product_tag":[],"class_list":{"0":"post-392650","1":"product","2":"type-product","3":"status-publish","4":"has-post-thumbnail","6":"product_brand-westford-mill","7":"product_cat-accesorios","8":"product_cat-acc-bolsas-y-mochilas","9":"tm-no-options","11":"first","12":"instock","13":"taxable","14":"shipping-taxable","15":"product-type-variable"},"acf":[],"_links":{"self":[{"href":"https:\/\/grupotextil.es\/ca\/wp-json\/wp\/v2\/product\/392650","targetHints":{"allow":["GET"]}}],"collection":[{"href":"https:\/\/grupotextil.es\/ca\/wp-json\/wp\/v2\/product"}],"about":[{"href":"https:\/\/grupotextil.es\/ca\/wp-json\/wp\/v2\/types\/product"}],"replies":[{"embeddable":true,"href":"https:\/\/grupotextil.es\/ca\/wp-json\/wp\/v2\/comments?post=392650"}],"wp:featuredmedia":[{"embeddable":true,"href":"https:\/\/grupotextil.es\/ca\/wp-json\/wp\/v2\/media\/423738"}],"wp:attachment":[{"href":"https:\/\/grupotextil.es\/ca\/wp-json\/wp\/v2\/media?parent=392650"}],"wp:term":[{"taxonomy":"product_brand","embeddable":true,"href":"https:\/\/grupotextil.es\/ca\/wp-json\/wp\/v2\/product_brand?post=392650"},{"taxonomy":"product_cat","embeddable":true,"href":"https:\/\/grupotextil.es\/ca\/wp-json\/wp\/v2\/product_cat?post=392650"},{"taxonomy":"product_tag","embeddable":true,"href":"https:\/\/grupotextil.es\/ca\/wp-json\/wp\/v2\/product_tag?post=392650"}],"curies":[{"name":"wp","href":"https:\/\/api.w.org\/{rel}","templated":true}]}}

Pencil Case algodón Vanity

<ul>
<li>407 g/m²</li>
<li>100% algodón (tela peinada)</li>
<li>Forro interior de algodón</li>
<li>Cierre con cremallera</li>
<li>Capacidad: 5 Litros</li>
<li>Medidas: 23 x 16 x 17 cm</li>
<li>Max. bordado de aro tubular: 9</li>
<li>Área de impresión: 21 x 10 cm.</li>
</ul>

<p>407 g/m²100% algodón (tela peinada)Forro interior de algodónCierre con cremalleraCapacidad: 5 LitrosMedidas: 23 x 16 x 17 cmMax. bordado de aro tubular: 9Área de impresión: 21 x 10 cm.</p>
