{"id":392806,"date":"2026-03-08T04:47:34","date_gmt":"2026-03-08T03:47:34","guid":{"rendered":"https:\/\/grupotextil.es\/producto\/mochila-de-algodon-con-una-sola-asa\/"},"modified":"2026-03-08T04:47:34","modified_gmt":"2026-03-08T03:47:34","slug":"mochila-de-algodon-con-una-sola-asa","status":"publish","type":"product","link":"https:\/\/grupotextil.es\/ca\/product\/mochila-de-algodon-con-una-sola-asa\/","title":{"rendered":"Mochila de algod\u00f3n con una sola asa"},"content":{"rendered":"<ul>\n<li>140 g\/m\u00b2<\/li>\n<li>100% algod\u00f3n<\/li>\n<li>Asa de un solo hombro (LH): aprox. 85 2,5 cm<\/li>\n<li>Costuras cruzadas en las asas para mayor refuerzo.<\/li>\n<li>Costuras interiores con pespunte overlock<\/li>\n<li>Lavar a mano con agua tibia solamente<\/li>\n<li>Medidas: 38&#215;42 cm<\/li>\n<li>\u00c1rea m\u00e1xima de impresi\u00f3n: 30&#215;30 cm<\/li>\n<li>Ideal para bordado, serigraf\u00eda y transfer (bolsa planchada)<\/li>\n<\/ul>","protected":false},"excerpt":{"rendered":"<p>140 g\/m\u00b2100% algod\u00f3nAsa de un solo hombro (LH): aprox. 85 2,5 cmCosturas cruzadas en las asas para mayor refuerzo.<\/p>","protected":false},"featured_media":423979,"comment_status":"open","ping_status":"closed","template":"","meta":{"_acf_changed":false},"product_brand":[11681],"product_cat":[13948,13954],"product_tag":[],"class_list":{"0":"post-392806","1":"product","2":"type-product","3":"status-publish","4":"has-post-thumbnail","6":"product_brand-sg-accessories-bags","7":"product_cat-accesorios","8":"product_cat-acc-bolsas-y-mochilas","9":"tm-no-options","11":"first","12":"instock","13":"taxable","14":"shipping-taxable","15":"product-type-variable"},"acf":[],"_links":{"self":[{"href":"https:\/\/grupotextil.es\/ca\/wp-json\/wp\/v2\/product\/392806","targetHints":{"allow":["GET"]}}],"collection":[{"href":"https:\/\/grupotextil.es\/ca\/wp-json\/wp\/v2\/product"}],"about":[{"href":"https:\/\/grupotextil.es\/ca\/wp-json\/wp\/v2\/types\/product"}],"replies":[{"embeddable":true,"href":"https:\/\/grupotextil.es\/ca\/wp-json\/wp\/v2\/comments?post=392806"}],"wp:featuredmedia":[{"embeddable":true,"href":"https:\/\/grupotextil.es\/ca\/wp-json\/wp\/v2\/media\/423979"}],"wp:attachment":[{"href":"https:\/\/grupotextil.es\/ca\/wp-json\/wp\/v2\/media?parent=392806"}],"wp:term":[{"taxonomy":"product_brand","embeddable":true,"href":"https:\/\/grupotextil.es\/ca\/wp-json\/wp\/v2\/product_brand?post=392806"},{"taxonomy":"product_cat","embeddable":true,"href":"https:\/\/grupotextil.es\/ca\/wp-json\/wp\/v2\/product_cat?post=392806"},{"taxonomy":"product_tag","embeddable":true,"href":"https:\/\/grupotextil.es\/ca\/wp-json\/wp\/v2\/product_tag?post=392806"}],"curies":[{"name":"wp","href":"https:\/\/api.w.org\/{rel}","templated":true}]}}

Mochila de algodón con una sola asa

<ul>
<li>140 g/m²</li>
<li>100% algodón</li>
<li>Asa de un solo hombro (LH): aprox. 85 2,5 cm</li>
<li>Costuras cruzadas en las asas para mayor refuerzo.</li>
<li>Costuras interiores con pespunte overlock</li>
<li>Lavar a mano con agua tibia solamente</li>
<li>Medidas: 38&#215;42 cm</li>
<li>Área máxima de impresión: 30&#215;30 cm</li>
<li>Ideal para bordado, serigrafía y transfer (bolsa planchada)</li>
</ul>

<p>140 g/m²100% algodónAsa de un solo hombro (LH): aprox. 85 2,5 cmCosturas cruzadas en las asas para mayor refuerzo.</p>
