{"id":392811,"date":"2026-03-08T04:47:35","date_gmt":"2026-03-08T03:47:35","guid":{"rendered":"https:\/\/grupotextil.es\/producto\/bolsa-de-la-compra-camden-comercio-justo\/"},"modified":"2026-03-08T04:47:35","modified_gmt":"2026-03-08T03:47:35","slug":"bolsa-de-la-compra-camden-comercio-justo","status":"publish","type":"product","link":"https:\/\/grupotextil.es\/ca\/product\/bolsa-de-la-compra-camden-comercio-justo\/","title":{"rendered":"Bag de la compra Camden comercio justo"},"content":{"rendered":"<ul>\n<li>407 g\/m\u00b2<\/li>\n<li>100% algod\u00f3n (lona)<\/li>\n<li>Asas de mano tama\u00f1o medio (longitud: 65 cm)<\/li>\n<li>Se puede llevar en la mano o al hombro<\/li>\n<li>Capacidad: 13 litros<\/li>\n<li>Tama\u00f1o: 28 x 38 x 12 cm<\/li>\n<li>Bordado m\u00e1ximo: aro plano de 12, aro tubular de 22<\/li>\n<li>\u00c1rea m\u00e1xima de impresi\u00f3n: 28 x 28 cm<\/li>\n<\/ul>","protected":false},"excerpt":{"rendered":"<p>407 g\/m\u00b2100% algod\u00f3n (lona)Asas de mano tama\u00f1o medio (longitud: 65 cm)Se puede llevar en la mano o al hombroCapacidad: 13 litrosTama\u00f1o: 28 x 38 x 12 cmBordado m\u00e1ximo: aro plano de 12, aro tubular de 2<\/p>","protected":false},"featured_media":423987,"comment_status":"open","ping_status":"closed","template":"","meta":{"_acf_changed":false},"product_brand":[11680],"product_cat":[13948,13954],"product_tag":[],"class_list":{"0":"post-392811","1":"product","2":"type-product","3":"status-publish","4":"has-post-thumbnail","6":"product_brand-westford-mill","7":"product_cat-accesorios","8":"product_cat-acc-bolsas-y-mochilas","9":"tm-no-options","11":"first","12":"instock","13":"taxable","14":"shipping-taxable","15":"product-type-variable"},"acf":[],"_links":{"self":[{"href":"https:\/\/grupotextil.es\/ca\/wp-json\/wp\/v2\/product\/392811","targetHints":{"allow":["GET"]}}],"collection":[{"href":"https:\/\/grupotextil.es\/ca\/wp-json\/wp\/v2\/product"}],"about":[{"href":"https:\/\/grupotextil.es\/ca\/wp-json\/wp\/v2\/types\/product"}],"replies":[{"embeddable":true,"href":"https:\/\/grupotextil.es\/ca\/wp-json\/wp\/v2\/comments?post=392811"}],"wp:featuredmedia":[{"embeddable":true,"href":"https:\/\/grupotextil.es\/ca\/wp-json\/wp\/v2\/media\/423987"}],"wp:attachment":[{"href":"https:\/\/grupotextil.es\/ca\/wp-json\/wp\/v2\/media?parent=392811"}],"wp:term":[{"taxonomy":"product_brand","embeddable":true,"href":"https:\/\/grupotextil.es\/ca\/wp-json\/wp\/v2\/product_brand?post=392811"},{"taxonomy":"product_cat","embeddable":true,"href":"https:\/\/grupotextil.es\/ca\/wp-json\/wp\/v2\/product_cat?post=392811"},{"taxonomy":"product_tag","embeddable":true,"href":"https:\/\/grupotextil.es\/ca\/wp-json\/wp\/v2\/product_tag?post=392811"}],"curies":[{"name":"wp","href":"https:\/\/api.w.org\/{rel}","templated":true}]}}

<ul>
<li>407 g/m²</li>
<li>100% algodón (lona)</li>
<li>Asas de mano tamaño medio (longitud: 65 cm)</li>
<li>Se puede llevar en la mano o al hombro</li>
<li>Capacidad: 13 litros</li>
<li>Tamaño: 28 x 38 x 12 cm</li>
<li>Bordado máximo: aro plano de 12, aro tubular de 22</li>
<li>Área máxima de impresión: 28 x 28 cm</li>
</ul>

<p>407 g/m²100% algodón (lona)Asas de mano tamaño medio (longitud: 65 cm)Se puede llevar en la mano o al hombroCapacidad: 13 litrosTamaño: 28 x 38 x 12 cmBordado máximo: aro plano de 12, aro tubular de 2</p>
