{"id":392848,"date":"2026-03-08T04:47:37","date_gmt":"2026-03-08T03:47:37","guid":{"rendered":"https:\/\/grupotextil.es\/producto\/bolsa-reciclada-algodon-poliester-asa-larga\/"},"modified":"2026-03-08T04:47:37","modified_gmt":"2026-03-08T03:47:37","slug":"bolsa-reciclada-algodon-poliester-asa-larga","status":"publish","type":"product","link":"https:\/\/grupotextil.es\/ca\/product\/bolsa-reciclada-algodon-poliester-asa-larga\/","title":{"rendered":"Bag reciclado algod\u00f3n\/poli\u00e9ster asa larga"},"content":{"rendered":"<ul>\n<li>140 g\/m\u00b2<\/li>\n<li>65% Algod\u00f3n (reciclado), 35% Poli\u00e9ster (reciclado)<\/li>\n<li>Asas largas (LH): aprox. 70cm<\/li>\n<li>Costuras cruzadas en las asas para mayor refuerzo.<\/li>\n<li>Costuras interiores con pespunte overlock<\/li>\n<li>Lavable a 60\u00b0C<\/li>\n<li>Medidas: 38&#215;42 cm<\/li>\n<li>\u00c1rea m\u00e1xima de impresi\u00f3n: 30&#215;30 cm<\/li>\n<li>Apto para bordado, serigraf\u00eda y transfer (bolsa planchada)<\/li>\n<\/ul>","protected":false},"excerpt":{"rendered":"<p>140 g\/m\u00b265% Algod\u00f3n (reciclado), 35% Poli\u00e9ster (reciclado)Asas largas (LH): aprox. 70cmCosturas cruzadas en las asas para mayor refuerzo.<\/p>","protected":false},"featured_media":424017,"comment_status":"open","ping_status":"closed","template":"","meta":{"_acf_changed":false},"product_brand":[11681],"product_cat":[13948,13954],"product_tag":[],"class_list":{"0":"post-392848","1":"product","2":"type-product","3":"status-publish","4":"has-post-thumbnail","6":"product_brand-sg-accessories-bags","7":"product_cat-accesorios","8":"product_cat-acc-bolsas-y-mochilas","9":"tm-no-options","11":"first","12":"instock","13":"taxable","14":"shipping-taxable","15":"product-type-variable"},"acf":[],"_links":{"self":[{"href":"https:\/\/grupotextil.es\/ca\/wp-json\/wp\/v2\/product\/392848","targetHints":{"allow":["GET"]}}],"collection":[{"href":"https:\/\/grupotextil.es\/ca\/wp-json\/wp\/v2\/product"}],"about":[{"href":"https:\/\/grupotextil.es\/ca\/wp-json\/wp\/v2\/types\/product"}],"replies":[{"embeddable":true,"href":"https:\/\/grupotextil.es\/ca\/wp-json\/wp\/v2\/comments?post=392848"}],"wp:featuredmedia":[{"embeddable":true,"href":"https:\/\/grupotextil.es\/ca\/wp-json\/wp\/v2\/media\/424017"}],"wp:attachment":[{"href":"https:\/\/grupotextil.es\/ca\/wp-json\/wp\/v2\/media?parent=392848"}],"wp:term":[{"taxonomy":"product_brand","embeddable":true,"href":"https:\/\/grupotextil.es\/ca\/wp-json\/wp\/v2\/product_brand?post=392848"},{"taxonomy":"product_cat","embeddable":true,"href":"https:\/\/grupotextil.es\/ca\/wp-json\/wp\/v2\/product_cat?post=392848"},{"taxonomy":"product_tag","embeddable":true,"href":"https:\/\/grupotextil.es\/ca\/wp-json\/wp\/v2\/product_tag?post=392848"}],"curies":[{"name":"wp","href":"https:\/\/api.w.org\/{rel}","templated":true}]}}

Bag reciclado algodón/poliéster asa larga

<ul>
<li>140 g/m²</li>
<li>65% Algodón (reciclado), 35% Poliéster (reciclado)</li>
<li>Asas largas (LH): aprox. 70cm</li>
<li>Costuras cruzadas en las asas para mayor refuerzo.</li>
<li>Costuras interiores con pespunte overlock</li>
<li>Lavable a 60°C</li>
<li>Medidas: 38&#215;42 cm</li>
<li>Área máxima de impresión: 30&#215;30 cm</li>
<li>Apto para bordado, serigrafía y transfer (bolsa planchada)</li>
</ul>

<p>140 g/m²65% Algodón (reciclado), 35% Poliéster (reciclado)Asas largas (LH): aprox. 70cmCosturas cruzadas en las asas para mayor refuerzo.</p>
