{"id":392870,"date":"2026-03-08T04:47:39","date_gmt":"2026-03-08T03:47:39","guid":{"rendered":"https:\/\/grupotextil.es\/producto\/bolsa-nevera-woodstock\/"},"modified":"2026-03-08T04:47:39","modified_gmt":"2026-03-08T03:47:39","slug":"bolsa-nevera-woodstock","status":"publish","type":"product","link":"https:\/\/grupotextil.es\/ca\/product\/bolsa-nevera-woodstock\/","title":{"rendered":"Bag nevera Woodstock"},"content":{"rendered":"<ul>\n<li>100% poli\u00e9ster (600D, 210D)<\/li>\n<li>Correa ajustable de hombro<\/li>\n<li>Compartimento principal con cremallera<\/li>\n<li>Aislamiento t\u00e9rmico<\/li>\n<li>Bolsillo de malla trasero<\/li>\n<li>Capacidad: 6,5 L<\/li>\n<li>Medidas: 26 x 17 x 15 cm<\/li>\n<li>Apropiado para serigraf\u00eda,y transfer<\/li>\n<li>\u00c1rea m\u00e1xima de impresi\u00f3n: 15 x 12 cm<\/li>\n<\/ul>","protected":false},"excerpt":{"rendered":"<p>100% poli\u00e9ster (600D, 210D)Correa ajustable de hombroCompartimento principal con cremalleraAislamiento t\u00e9rmicoBolsillo de malla traseroCapacidad: 6,5 LMedidas: 26 x 17 x 15 cmApropiado para serigraf\u00eda<\/p>","protected":false},"featured_media":424046,"comment_status":"open","ping_status":"closed","template":"","meta":{"_acf_changed":false},"product_brand":[11660],"product_cat":[13948,13954],"product_tag":[],"class_list":{"0":"post-392870","1":"product","2":"type-product","3":"status-publish","4":"has-post-thumbnail","6":"product_brand-shugon","7":"product_cat-accesorios","8":"product_cat-acc-bolsas-y-mochilas","9":"tm-no-options","11":"first","12":"instock","13":"taxable","14":"shipping-taxable","15":"product-type-variable"},"acf":[],"_links":{"self":[{"href":"https:\/\/grupotextil.es\/ca\/wp-json\/wp\/v2\/product\/392870","targetHints":{"allow":["GET"]}}],"collection":[{"href":"https:\/\/grupotextil.es\/ca\/wp-json\/wp\/v2\/product"}],"about":[{"href":"https:\/\/grupotextil.es\/ca\/wp-json\/wp\/v2\/types\/product"}],"replies":[{"embeddable":true,"href":"https:\/\/grupotextil.es\/ca\/wp-json\/wp\/v2\/comments?post=392870"}],"wp:featuredmedia":[{"embeddable":true,"href":"https:\/\/grupotextil.es\/ca\/wp-json\/wp\/v2\/media\/424046"}],"wp:attachment":[{"href":"https:\/\/grupotextil.es\/ca\/wp-json\/wp\/v2\/media?parent=392870"}],"wp:term":[{"taxonomy":"product_brand","embeddable":true,"href":"https:\/\/grupotextil.es\/ca\/wp-json\/wp\/v2\/product_brand?post=392870"},{"taxonomy":"product_cat","embeddable":true,"href":"https:\/\/grupotextil.es\/ca\/wp-json\/wp\/v2\/product_cat?post=392870"},{"taxonomy":"product_tag","embeddable":true,"href":"https:\/\/grupotextil.es\/ca\/wp-json\/wp\/v2\/product_tag?post=392870"}],"curies":[{"name":"wp","href":"https:\/\/api.w.org\/{rel}","templated":true}]}}

<ul>
<li>100% poliéster (600D, 210D)</li>
<li>Correa ajustable de hombro</li>
<li>Compartimento principal con cremallera</li>
<li>Aislamiento térmico</li>
<li>Bolsillo de malla trasero</li>
<li>Capacidad: 6,5 L</li>
<li>Medidas: 26 x 17 x 15 cm</li>
<li>Apropiado para serigrafía,y transfer</li>
<li>Área máxima de impresión: 15 x 12 cm</li>
</ul>

<p>100% poliéster (600D, 210D)Correa ajustable de hombroCompartimento principal con cremalleraAislamiento térmicoBolsillo de malla traseroCapacidad: 6,5 LMedidas: 26 x 17 x 15 cmApropiado para serigrafía</p>
