{"id":392906,"date":"2026-03-08T04:47:42","date_gmt":"2026-03-08T03:47:42","guid":{"rendered":"https:\/\/grupotextil.es\/producto\/mochila-smart-frankfurt\/"},"modified":"2026-03-08T04:47:42","modified_gmt":"2026-03-08T03:47:42","slug":"mochila-smart-frankfurt","status":"publish","type":"product","link":"https:\/\/grupotextil.es\/ca\/product\/mochila-smart-frankfurt\/","title":{"rendered":"Mochila Smart Frankfurt"},"content":{"rendered":"<ul>\n<li>100% poli\u00e9ster (1680D, 420D Jacquard)<\/li>\n<li>Asa de mano trezada<\/li>\n<li>Correas de hombro acolchadas y ajustables<\/li>\n<li>Panel trasero acolchado<\/li>\n<li>Compartimento principal para port\u00e1tiles est\u00e1ndar de hasta 15,6<\/li>\n<li>Compartimento amplio con cremallera y bolsillo anterior<\/li>\n<li>Compartimento frontal con organizador de accesorios y bolsillo con cremallera<\/li>\n<li>Dos bolsillos laterales de malla<\/li>\n<li>Capacidad: 30 L<\/li>\n<li>Medidas: 32 x 48 x 20 cm<\/li>\n<li>Apropiado para serigraf\u00eda, bordado y transfer<\/li>\n<li>Bordado m\u00e1ximo: aro tubular de 10<\/li>\n<li>\u00c1rea m\u00e1xima de impresi\u00f3n: 18 x 11 cm<\/li>\n<\/ul>","protected":false},"excerpt":{"rendered":"<p>100% poli\u00e9ster (1680D, 420D Jacquard)Asa de mano trezadaCorreas de hombro acolchadas y ajustablesPanel trasero acolchadoCompartimento principal para port\u00e1tiles est\u00e1ndar de hasta 15,6Compartimento ampl<\/p>","protected":false},"featured_media":424091,"comment_status":"open","ping_status":"closed","template":"","meta":{"_acf_changed":false},"product_brand":[11660],"product_cat":[13948,13954],"product_tag":[14009],"class_list":{"0":"post-392906","1":"product","2":"type-product","3":"status-publish","4":"has-post-thumbnail","6":"product_brand-shugon","7":"product_cat-accesorios","8":"product_cat-acc-bolsas-y-mochilas","9":"product_tag-top-ventas","10":"tm-no-options","12":"first","13":"instock","14":"taxable","15":"shipping-taxable","16":"product-type-variable"},"acf":[],"_links":{"self":[{"href":"https:\/\/grupotextil.es\/ca\/wp-json\/wp\/v2\/product\/392906","targetHints":{"allow":["GET"]}}],"collection":[{"href":"https:\/\/grupotextil.es\/ca\/wp-json\/wp\/v2\/product"}],"about":[{"href":"https:\/\/grupotextil.es\/ca\/wp-json\/wp\/v2\/types\/product"}],"replies":[{"embeddable":true,"href":"https:\/\/grupotextil.es\/ca\/wp-json\/wp\/v2\/comments?post=392906"}],"wp:featuredmedia":[{"embeddable":true,"href":"https:\/\/grupotextil.es\/ca\/wp-json\/wp\/v2\/media\/424091"}],"wp:attachment":[{"href":"https:\/\/grupotextil.es\/ca\/wp-json\/wp\/v2\/media?parent=392906"}],"wp:term":[{"taxonomy":"product_brand","embeddable":true,"href":"https:\/\/grupotextil.es\/ca\/wp-json\/wp\/v2\/product_brand?post=392906"},{"taxonomy":"product_cat","embeddable":true,"href":"https:\/\/grupotextil.es\/ca\/wp-json\/wp\/v2\/product_cat?post=392906"},{"taxonomy":"product_tag","embeddable":true,"href":"https:\/\/grupotextil.es\/ca\/wp-json\/wp\/v2\/product_tag?post=392906"}],"curies":[{"name":"wp","href":"https:\/\/api.w.org\/{rel}","templated":true}]}}

<ul>
<li>100% poliéster (1680D, 420D Jacquard)</li>
<li>Asa de mano trezada</li>
<li>Correas de hombro acolchadas y ajustables</li>
<li>Panel trasero acolchado</li>
<li>Compartimento principal para portátiles estándar de hasta 15,6</li>
<li>Compartimento amplio con cremallera y bolsillo anterior</li>
<li>Compartimento frontal con organizador de accesorios y bolsillo con cremallera</li>
<li>Dos bolsillos laterales de malla</li>
<li>Capacidad: 30 L</li>
<li>Medidas: 32 x 48 x 20 cm</li>
<li>Apropiado para serigrafía, bordado y transfer</li>
<li>Bordado máximo: aro tubular de 10</li>
<li>Área máxima de impresión: 18 x 11 cm</li>
</ul>

<p>100% poliéster (1680D, 420D Jacquard)Asa de mano trezadaCorreas de hombro acolchadas y ajustablesPanel trasero acolchadoCompartimento principal para portátiles estándar de hasta 15,6Compartimento ampl</p>
