{"id":392940,"date":"2026-03-08T04:47:45","date_gmt":"2026-03-08T03:47:45","guid":{"rendered":"https:\/\/grupotextil.es\/producto\/mini-bolsa-de-malla-grocery-de-algodon-organico\/"},"modified":"2026-03-08T04:47:45","modified_gmt":"2026-03-08T03:47:45","slug":"mini-bolsa-de-malla-grocery-de-algodon-organico","status":"publish","type":"product","link":"https:\/\/grupotextil.es\/ca\/product\/mini-bolsa-de-malla-grocery-de-algodon-organico\/","title":{"rendered":"Mini Bag de malla Grocery de algod\u00f3n org\u00e1nico"},"content":{"rendered":"<ul>\n<li>100% algod\u00f3n org\u00e1nico<\/li>\n<li>Panel de algod\u00f3n para decoraci\u00f3n<\/li>\n<li>Soporta hasta 6 kg<\/li>\n<li>Longitud de las asas: 36 cm<\/li>\n<li>Capacidad: 6 litros<\/li>\n<li>Medidas: 34 x 34 cm<\/li>\n<li>Etiqueta extra\u00edble<\/li>\n<\/ul>","protected":false},"excerpt":{"rendered":"<p>100% algod\u00f3n org\u00e1nicoPanel de algod\u00f3n para decoraci\u00f3nSoporta hasta 6 kgLongitud de las asas: 36 cmCapacidad: 6 litrosMedidas: 34 x 34 cmEtiqueta extra\u00edble<\/p>","protected":false},"featured_media":424150,"comment_status":"open","ping_status":"closed","template":"","meta":{"_acf_changed":false},"product_brand":[11680],"product_cat":[13948,13954],"product_tag":[],"class_list":{"0":"post-392940","1":"product","2":"type-product","3":"status-publish","4":"has-post-thumbnail","6":"product_brand-westford-mill","7":"product_cat-accesorios","8":"product_cat-acc-bolsas-y-mochilas","9":"tm-no-options","11":"first","12":"instock","13":"taxable","14":"shipping-taxable","15":"product-type-variable"},"acf":[],"_links":{"self":[{"href":"https:\/\/grupotextil.es\/ca\/wp-json\/wp\/v2\/product\/392940","targetHints":{"allow":["GET"]}}],"collection":[{"href":"https:\/\/grupotextil.es\/ca\/wp-json\/wp\/v2\/product"}],"about":[{"href":"https:\/\/grupotextil.es\/ca\/wp-json\/wp\/v2\/types\/product"}],"replies":[{"embeddable":true,"href":"https:\/\/grupotextil.es\/ca\/wp-json\/wp\/v2\/comments?post=392940"}],"wp:featuredmedia":[{"embeddable":true,"href":"https:\/\/grupotextil.es\/ca\/wp-json\/wp\/v2\/media\/424150"}],"wp:attachment":[{"href":"https:\/\/grupotextil.es\/ca\/wp-json\/wp\/v2\/media?parent=392940"}],"wp:term":[{"taxonomy":"product_brand","embeddable":true,"href":"https:\/\/grupotextil.es\/ca\/wp-json\/wp\/v2\/product_brand?post=392940"},{"taxonomy":"product_cat","embeddable":true,"href":"https:\/\/grupotextil.es\/ca\/wp-json\/wp\/v2\/product_cat?post=392940"},{"taxonomy":"product_tag","embeddable":true,"href":"https:\/\/grupotextil.es\/ca\/wp-json\/wp\/v2\/product_tag?post=392940"}],"curies":[{"name":"wp","href":"https:\/\/api.w.org\/{rel}","templated":true}]}}

Mini Bag de malla Grocery de algodón orgánico

<ul>
<li>100% algodón orgánico</li>
<li>Panel de algodón para decoración</li>
<li>Soporta hasta 6 kg</li>
<li>Longitud de las asas: 36 cm</li>
<li>Capacidad: 6 litros</li>
<li>Medidas: 34 x 34 cm</li>
<li>Etiqueta extraíble</li>
</ul>

<p>100% algodón orgánicoPanel de algodón para decoraciónSoporta hasta 6 kgLongitud de las asas: 36 cmCapacidad: 6 litrosMedidas: 34 x 34 cmEtiqueta extraíble</p>
