{"id":392961,"date":"2026-03-08T04:47:46","date_gmt":"2026-03-08T03:47:46","guid":{"rendered":"https:\/\/grupotextil.es\/producto\/bolsa-essential-hi-vis-seattle\/"},"modified":"2026-03-08T04:47:46","modified_gmt":"2026-03-08T03:47:46","slug":"bolsa-essential-hi-vis-seattle","status":"publish","type":"product","link":"https:\/\/grupotextil.es\/ca\/product\/bolsa-essential-hi-vis-seattle\/","title":{"rendered":"Bag Essential Hi-Vis Seattle"},"content":{"rendered":"<ul>\n<li>100% poli\u00e9ster (420D \/ 600D)<\/li>\n<li>Correa trenzada de hombro ajustable y asas de mano<\/li>\n<li>Asa acolchada en cada lado<\/li>\n<li>Compartimiento principal con cremallera<\/li>\n<li>Bolsillo frontal con f\u00e1cil acceso para la decoraci\u00f3n<\/li>\n<li>Base reforzada con tacos exteriores<\/li>\n<li>Bandas reflectantes en los cuatro lados<\/li>\n<li>Apropiado para serigraf\u00eda, impresi\u00f3n por transfer y bordado<\/li>\n<li>Capacidad: 50 Litros<\/li>\n<li>Dimensiones: 59 x 32 x 36 cm<\/li>\n<li>Bordado m\u00e1ximo: aro tubular de 15<\/li>\n<li>\u00c1rea m\u00e1xima de impresi\u00f3n: 12 x 12 cm<\/li>\n<\/ul>","protected":false},"excerpt":{"rendered":"<p>100% poli\u00e9ster (420D \/ 600D)Correa trenzada de hombro ajustable y asas de manoAsa acolchada en cada ladoCompartimiento principal con cremalleraBolsillo frontal con f\u00e1cil acceso para la decoraci\u00f3nBase<\/p>","protected":false},"featured_media":424186,"comment_status":"open","ping_status":"closed","template":"","meta":{"_acf_changed":false},"product_brand":[11660],"product_cat":[13948,13954],"product_tag":[14009],"class_list":{"0":"post-392961","1":"product","2":"type-product","3":"status-publish","4":"has-post-thumbnail","6":"product_brand-shugon","7":"product_cat-accesorios","8":"product_cat-acc-bolsas-y-mochilas","9":"product_tag-top-ventas","10":"tm-no-options","12":"first","13":"instock","14":"taxable","15":"shipping-taxable","16":"product-type-variable"},"acf":[],"_links":{"self":[{"href":"https:\/\/grupotextil.es\/ca\/wp-json\/wp\/v2\/product\/392961","targetHints":{"allow":["GET"]}}],"collection":[{"href":"https:\/\/grupotextil.es\/ca\/wp-json\/wp\/v2\/product"}],"about":[{"href":"https:\/\/grupotextil.es\/ca\/wp-json\/wp\/v2\/types\/product"}],"replies":[{"embeddable":true,"href":"https:\/\/grupotextil.es\/ca\/wp-json\/wp\/v2\/comments?post=392961"}],"wp:featuredmedia":[{"embeddable":true,"href":"https:\/\/grupotextil.es\/ca\/wp-json\/wp\/v2\/media\/424186"}],"wp:attachment":[{"href":"https:\/\/grupotextil.es\/ca\/wp-json\/wp\/v2\/media?parent=392961"}],"wp:term":[{"taxonomy":"product_brand","embeddable":true,"href":"https:\/\/grupotextil.es\/ca\/wp-json\/wp\/v2\/product_brand?post=392961"},{"taxonomy":"product_cat","embeddable":true,"href":"https:\/\/grupotextil.es\/ca\/wp-json\/wp\/v2\/product_cat?post=392961"},{"taxonomy":"product_tag","embeddable":true,"href":"https:\/\/grupotextil.es\/ca\/wp-json\/wp\/v2\/product_tag?post=392961"}],"curies":[{"name":"wp","href":"https:\/\/api.w.org\/{rel}","templated":true}]}}

<ul>
<li>100% poliéster (420D / 600D)</li>
<li>Correa trenzada de hombro ajustable y asas de mano</li>
<li>Asa acolchada en cada lado</li>
<li>Compartimiento principal con cremallera</li>
<li>Bolsillo frontal con fácil acceso para la decoración</li>
<li>Base reforzada con tacos exteriores</li>
<li>Bandas reflectantes en los cuatro lados</li>
<li>Apropiado para serigrafía, impresión por transfer y bordado</li>
<li>Capacidad: 50 Litros</li>
<li>Dimensiones: 59 x 32 x 36 cm</li>
<li>Bordado máximo: aro tubular de 15</li>
<li>Área máxima de impresión: 12 x 12 cm</li>
</ul>

<p>100% poliéster (420D / 600D)Correa trenzada de hombro ajustable y asas de manoAsa acolchada en cada ladoCompartimiento principal con cremalleraBolsillo frontal con fácil acceso para la decoraciónBase</p>
