{"id":393035,"date":"2026-03-08T04:48:00","date_gmt":"2026-03-08T03:48:00","guid":{"rendered":"https:\/\/grupotextil.es\/producto\/bolsa-de-algodon-poliester-reciclado\/"},"modified":"2026-03-08T04:48:00","modified_gmt":"2026-03-08T03:48:00","slug":"bolsa-de-algodon-poliester-reciclado","status":"publish","type":"product","link":"https:\/\/grupotextil.es\/ca\/product\/bolsa-de-algodon-poliester-reciclado\/","title":{"rendered":"Bag de algod\u00f3n\/poli\u00e9ster reciclado"},"content":{"rendered":"<ul>\n<li>140 g\/m\u00b2<\/li>\n<li>65% Algod\u00f3n (Reciclado), 35% Poli\u00e9ster (Reciclado)<\/li>\n<li>Cord\u00f3n en Natural<\/li>\n<li>Costuras laterales con doble pespunte en el interior<\/li>\n<li>Lavable a 60\u00b0C<\/li>\n<li>Medidas en cm: 2XS: 10&#215;14, XS: 15&#215;20, S: 25&#215;30<\/li>\n<li>\u00c1rea m\u00e1xima de impresi\u00f3n en cm: 2XS: 7&#215;10, XS: 11&#215;15, S: 20&#215;25<\/li>\n<li>Apto para bordado, serigraf\u00eda y transfer (bolsa planchada)<\/li>\n<\/ul>","protected":false},"excerpt":{"rendered":"<p>140 g\/m\u00b265% Algod\u00f3n (Reciclado), 35% Poli\u00e9ster (Reciclado)Cord\u00f3n en NaturalCosturas laterales con doble pespunte en el interiorLavable a 60\u00b0CMedidas en cm: 2XS: 10&#215;14, XS: 15&#215;20, S: 25&#215;30\u00c1rea m\u00e1xima d<\/p>","protected":false},"featured_media":424277,"comment_status":"open","ping_status":"closed","template":"","meta":{"_acf_changed":false},"product_brand":[11681],"product_cat":[13948,13954],"product_tag":[],"class_list":{"0":"post-393035","1":"product","2":"type-product","3":"status-publish","4":"has-post-thumbnail","6":"product_brand-sg-accessories-bags","7":"product_cat-accesorios","8":"product_cat-acc-bolsas-y-mochilas","9":"tm-no-options","11":"first","12":"instock","13":"taxable","14":"shipping-taxable","15":"product-type-variable"},"acf":[],"_links":{"self":[{"href":"https:\/\/grupotextil.es\/ca\/wp-json\/wp\/v2\/product\/393035","targetHints":{"allow":["GET"]}}],"collection":[{"href":"https:\/\/grupotextil.es\/ca\/wp-json\/wp\/v2\/product"}],"about":[{"href":"https:\/\/grupotextil.es\/ca\/wp-json\/wp\/v2\/types\/product"}],"replies":[{"embeddable":true,"href":"https:\/\/grupotextil.es\/ca\/wp-json\/wp\/v2\/comments?post=393035"}],"wp:featuredmedia":[{"embeddable":true,"href":"https:\/\/grupotextil.es\/ca\/wp-json\/wp\/v2\/media\/424277"}],"wp:attachment":[{"href":"https:\/\/grupotextil.es\/ca\/wp-json\/wp\/v2\/media?parent=393035"}],"wp:term":[{"taxonomy":"product_brand","embeddable":true,"href":"https:\/\/grupotextil.es\/ca\/wp-json\/wp\/v2\/product_brand?post=393035"},{"taxonomy":"product_cat","embeddable":true,"href":"https:\/\/grupotextil.es\/ca\/wp-json\/wp\/v2\/product_cat?post=393035"},{"taxonomy":"product_tag","embeddable":true,"href":"https:\/\/grupotextil.es\/ca\/wp-json\/wp\/v2\/product_tag?post=393035"}],"curies":[{"name":"wp","href":"https:\/\/api.w.org\/{rel}","templated":true}]}}

Bag de algodón/poliéster reciclado

<ul>
<li>140 g/m²</li>
<li>65% Algodón (Reciclado), 35% Poliéster (Reciclado)</li>
<li>Cordón en Natural</li>
<li>Costuras laterales con doble pespunte en el interior</li>
<li>Lavable a 60°C</li>
<li>Medidas en cm: 2XS: 10&#215;14, XS: 15&#215;20, S: 25&#215;30</li>
<li>Área máxima de impresión en cm: 2XS: 7&#215;10, XS: 11&#215;15, S: 20&#215;25</li>
<li>Apto para bordado, serigrafía y transfer (bolsa planchada)</li>
</ul>

<p>140 g/m²65% Algodón (Reciclado), 35% Poliéster (Reciclado)Cordón en NaturalCosturas laterales con doble pespunte en el interiorLavable a 60°CMedidas en cm: 2XS: 10&#215;14, XS: 15&#215;20, S: 25&#215;30Área máxima d</p>
