{"id":393102,"date":"2026-03-08T04:48:07","date_gmt":"2026-03-08T03:48:07","guid":{"rendered":"https:\/\/grupotextil.es\/producto\/gorro-de-punto-con-puno\/"},"modified":"2026-03-08T04:48:07","modified_gmt":"2026-03-08T03:48:07","slug":"gorro-de-punto-con-puno","status":"publish","type":"product","link":"https:\/\/grupotextil.es\/ca\/product\/gorro-de-punto-con-puno\/","title":{"rendered":"Beanie de punto con pu\u00f1o"},"content":{"rendered":"<ul>\n<li>100% Poliacr\u00edlico (hipoalerg\u00e9nico)<\/li>\n<li>Tejido superdenso para bordar f\u00e1cilmente<\/li>\n<li>La longitud es de aprox. 30 cm sin dobladillo<\/li>\n<li>Dise\u00f1o con pu\u00f1os para una decoraci\u00f3n \u00f3ptima<\/li>\n<\/ul>","protected":false},"excerpt":{"rendered":"<p>100% Poliacr\u00edlico (hipoalerg\u00e9nico)Tejido superdenso para bordar f\u00e1cilmenteLa longitud es de aprox.<\/p>","protected":false},"featured_media":424368,"comment_status":"open","ping_status":"closed","template":"","meta":{"_acf_changed":false},"product_brand":[11678],"product_cat":[13948,13954],"product_tag":[],"class_list":{"0":"post-393102","1":"product","2":"type-product","3":"status-publish","4":"has-post-thumbnail","6":"product_brand-flexfit","7":"product_cat-accesorios","8":"product_cat-acc-bolsas-y-mochilas","9":"tm-no-options","11":"first","12":"instock","13":"taxable","14":"shipping-taxable","15":"product-type-variable"},"acf":[],"_links":{"self":[{"href":"https:\/\/grupotextil.es\/ca\/wp-json\/wp\/v2\/product\/393102","targetHints":{"allow":["GET"]}}],"collection":[{"href":"https:\/\/grupotextil.es\/ca\/wp-json\/wp\/v2\/product"}],"about":[{"href":"https:\/\/grupotextil.es\/ca\/wp-json\/wp\/v2\/types\/product"}],"replies":[{"embeddable":true,"href":"https:\/\/grupotextil.es\/ca\/wp-json\/wp\/v2\/comments?post=393102"}],"wp:featuredmedia":[{"embeddable":true,"href":"https:\/\/grupotextil.es\/ca\/wp-json\/wp\/v2\/media\/424368"}],"wp:attachment":[{"href":"https:\/\/grupotextil.es\/ca\/wp-json\/wp\/v2\/media?parent=393102"}],"wp:term":[{"taxonomy":"product_brand","embeddable":true,"href":"https:\/\/grupotextil.es\/ca\/wp-json\/wp\/v2\/product_brand?post=393102"},{"taxonomy":"product_cat","embeddable":true,"href":"https:\/\/grupotextil.es\/ca\/wp-json\/wp\/v2\/product_cat?post=393102"},{"taxonomy":"product_tag","embeddable":true,"href":"https:\/\/grupotextil.es\/ca\/wp-json\/wp\/v2\/product_tag?post=393102"}],"curies":[{"name":"wp","href":"https:\/\/api.w.org\/{rel}","templated":true}]}}

Beanie de punto con puño

<ul>
<li>100% Poliacrílico (hipoalergénico)</li>
<li>Tejido superdenso para bordar fácilmente</li>
<li>La longitud es de aprox. 30 cm sin dobladillo</li>
<li>Diseño con puños para una decoración óptima</li>
</ul>

<p>100% Poliacrílico (hipoalergénico)Tejido superdenso para bordar fácilmenteLa longitud es de aprox.</p>
