{"id":393108,"date":"2026-03-08T04:48:08","date_gmt":"2026-03-08T03:48:08","guid":{"rendered":"https:\/\/grupotextil.es\/producto\/bolsa-barril-nautical\/"},"modified":"2026-03-08T04:48:08","modified_gmt":"2026-03-08T03:48:08","slug":"bolsa-barril-nautical","status":"publish","type":"product","link":"https:\/\/grupotextil.es\/ca\/product\/bolsa-barril-nautical\/","title":{"rendered":"Bag Barril nautical"},"content":{"rendered":"<ul>\n<li>407 g\/m\u00b2<\/li>\n<li>100% de Lona de algod\u00f3n peinado<\/li>\n<li>Tejido duradero<\/li>\n<li>Dise\u00f1o estampado a rayas<\/li>\n<li>Asas de transporte para f\u00e1cil manejo<\/li>\n<li>Compartimento principal con cremallera<\/li>\n<li>Capacidad: 20 litros<\/li>\n<li>Medidas: 50 x 25 x 25 cm.<\/li>\n<li>Max. bordado: 12 aros tubulares (frontal), 18 aros tubulares (lados)<\/li>\n<li>Max. \u00c1rea de impresi\u00f3n: 13 x 12 cm (frontal), 15 x 15 cm (lados).<\/li>\n<\/ul>","protected":false},"excerpt":{"rendered":"<p>407 g\/m\u00b2100% de Lona de algod\u00f3n peinadoTejido duraderoDise\u00f1o estampado a rayasAsas de transporte para f\u00e1cil manejoCompartimento principal con cremalleraCapacidad: 20 litrosMedidas: 50 x 25 x 25 cm&#8230;.<\/p>","protected":false},"featured_media":424375,"comment_status":"open","ping_status":"closed","template":"","meta":{"_acf_changed":false},"product_brand":[11680],"product_cat":[13948,13954],"product_tag":[],"class_list":{"0":"post-393108","1":"product","2":"type-product","3":"status-publish","4":"has-post-thumbnail","6":"product_brand-westford-mill","7":"product_cat-accesorios","8":"product_cat-acc-bolsas-y-mochilas","9":"tm-no-options","11":"first","12":"instock","13":"taxable","14":"shipping-taxable","15":"product-type-variable"},"acf":[],"_links":{"self":[{"href":"https:\/\/grupotextil.es\/ca\/wp-json\/wp\/v2\/product\/393108","targetHints":{"allow":["GET"]}}],"collection":[{"href":"https:\/\/grupotextil.es\/ca\/wp-json\/wp\/v2\/product"}],"about":[{"href":"https:\/\/grupotextil.es\/ca\/wp-json\/wp\/v2\/types\/product"}],"replies":[{"embeddable":true,"href":"https:\/\/grupotextil.es\/ca\/wp-json\/wp\/v2\/comments?post=393108"}],"wp:featuredmedia":[{"embeddable":true,"href":"https:\/\/grupotextil.es\/ca\/wp-json\/wp\/v2\/media\/424375"}],"wp:attachment":[{"href":"https:\/\/grupotextil.es\/ca\/wp-json\/wp\/v2\/media?parent=393108"}],"wp:term":[{"taxonomy":"product_brand","embeddable":true,"href":"https:\/\/grupotextil.es\/ca\/wp-json\/wp\/v2\/product_brand?post=393108"},{"taxonomy":"product_cat","embeddable":true,"href":"https:\/\/grupotextil.es\/ca\/wp-json\/wp\/v2\/product_cat?post=393108"},{"taxonomy":"product_tag","embeddable":true,"href":"https:\/\/grupotextil.es\/ca\/wp-json\/wp\/v2\/product_tag?post=393108"}],"curies":[{"name":"wp","href":"https:\/\/api.w.org\/{rel}","templated":true}]}}

<ul>
<li>407 g/m²</li>
<li>100% de Lona de algodón peinado</li>
<li>Tejido duradero</li>
<li>Diseño estampado a rayas</li>
<li>Asas de transporte para fácil manejo</li>
<li>Compartimento principal con cremallera</li>
<li>Capacidad: 20 litros</li>
<li>Medidas: 50 x 25 x 25 cm.</li>
<li>Max. bordado: 12 aros tubulares (frontal), 18 aros tubulares (lados)</li>
<li>Max. Área de impresión: 13 x 12 cm (frontal), 15 x 15 cm (lados).</li>
</ul>

<p>407 g/m²100% de Lona de algodón peinadoTejido duraderoDiseño estampado a rayasAsas de transporte para fácil manejoCompartimento principal con cremalleraCapacidad: 20 litrosMedidas: 50 x 25 x 25 cm&#8230;.</p>
