{"id":393151,"date":"2026-03-08T04:48:13","date_gmt":"2026-03-08T03:48:13","guid":{"rendered":"https:\/\/grupotextil.es\/producto\/mochila-maxi-fashion\/"},"modified":"2026-03-08T04:48:13","modified_gmt":"2026-03-08T03:48:13","slug":"mochila-maxi-fashion","status":"publish","type":"product","link":"https:\/\/grupotextil.es\/ca\/product\/mochila-maxi-fashion\/","title":{"rendered":"Mochila Maxi Fashion"},"content":{"rendered":"<ul>\n<li>100% poli\u00e9ster (600D)<\/li>\n<li>Asa de mano<\/li>\n<li>Correas de hombro acolchadas ajustables<\/li>\n<li>Panel trasero acolchado<\/li>\n<li>Compartimento principal con cremallera y bolsillo frontal con cremallera<\/li>\n<li>Etiqueta extra\u00edble para f\u00e1cil re-etiquetado<\/li>\n<li>Capacidad: 22 litros<\/li>\n<li>Tama\u00f1o: 34 x 45 x 23 cm<\/li>\n<li>Bordado m\u00e1ximo: aro tubular de 18<\/li>\n<li>\u00c1rea m\u00e1xima de impresi\u00f3n: 21 x 15 cm<\/li>\n<\/ul>","protected":false},"excerpt":{"rendered":"<p>100% poli\u00e9ster (600D)Asa de manoCorreas de hombro acolchadas ajustablesPanel trasero acolchadoCompartimento principal con cremallera y bolsillo frontal con cremalleraEtiqueta extra\u00edble para f\u00e1cil re-e<\/p>","protected":false},"featured_media":424435,"comment_status":"open","ping_status":"closed","template":"","meta":{"_acf_changed":false},"product_brand":[11668],"product_cat":[13948,13954],"product_tag":[],"class_list":{"0":"post-393151","1":"product","2":"type-product","3":"status-publish","4":"has-post-thumbnail","6":"product_brand-bag-base","7":"product_cat-accesorios","8":"product_cat-acc-bolsas-y-mochilas","9":"tm-no-options","11":"first","12":"instock","13":"taxable","14":"shipping-taxable","15":"product-type-variable"},"acf":[],"_links":{"self":[{"href":"https:\/\/grupotextil.es\/ca\/wp-json\/wp\/v2\/product\/393151","targetHints":{"allow":["GET"]}}],"collection":[{"href":"https:\/\/grupotextil.es\/ca\/wp-json\/wp\/v2\/product"}],"about":[{"href":"https:\/\/grupotextil.es\/ca\/wp-json\/wp\/v2\/types\/product"}],"replies":[{"embeddable":true,"href":"https:\/\/grupotextil.es\/ca\/wp-json\/wp\/v2\/comments?post=393151"}],"wp:featuredmedia":[{"embeddable":true,"href":"https:\/\/grupotextil.es\/ca\/wp-json\/wp\/v2\/media\/424435"}],"wp:attachment":[{"href":"https:\/\/grupotextil.es\/ca\/wp-json\/wp\/v2\/media?parent=393151"}],"wp:term":[{"taxonomy":"product_brand","embeddable":true,"href":"https:\/\/grupotextil.es\/ca\/wp-json\/wp\/v2\/product_brand?post=393151"},{"taxonomy":"product_cat","embeddable":true,"href":"https:\/\/grupotextil.es\/ca\/wp-json\/wp\/v2\/product_cat?post=393151"},{"taxonomy":"product_tag","embeddable":true,"href":"https:\/\/grupotextil.es\/ca\/wp-json\/wp\/v2\/product_tag?post=393151"}],"curies":[{"name":"wp","href":"https:\/\/api.w.org\/{rel}","templated":true}]}}

<ul>
<li>100% poliéster (600D)</li>
<li>Asa de mano</li>
<li>Correas de hombro acolchadas ajustables</li>
<li>Panel trasero acolchado</li>
<li>Compartimento principal con cremallera y bolsillo frontal con cremallera</li>
<li>Etiqueta extraíble para fácil re-etiquetado</li>
<li>Capacidad: 22 litros</li>
<li>Tamaño: 34 x 45 x 23 cm</li>
<li>Bordado máximo: aro tubular de 18</li>
<li>Área máxima de impresión: 21 x 15 cm</li>
</ul>

<p>100% poliéster (600D)Asa de manoCorreas de hombro acolchadas ajustablesPanel trasero acolchadoCompartimento principal con cremallera y bolsillo frontal con cremalleraEtiqueta extraíble para fácil re-e</p>
