{"id":393198,"date":"2026-03-08T04:48:37","date_gmt":"2026-03-08T03:48:37","guid":{"rendered":"https:\/\/grupotextil.es\/producto\/bolsa-ipad-ejecutivo\/"},"modified":"2026-03-08T04:48:37","modified_gmt":"2026-03-08T03:48:37","slug":"bolsa-ipad-ejecutivo","status":"publish","type":"product","link":"https:\/\/grupotextil.es\/ca\/product\/bolsa-ipad-ejecutivo\/","title":{"rendered":"Bag iPad\u00ae ejecutivo"},"content":{"rendered":"<ul>\n<li>100% poli\u00e9ster (600D\/1680D)<\/li>\n<li>Preparado para iPad (no incluido)<\/li>\n<li>M\u00faltiples bolsillos<\/li>\n<li>Solapa frontal de f\u00e1cil acceso para decoraci\u00f3n<\/li>\n<li>Correa de hombro ajustable<\/li>\n<li>Capacidad: 4,5 litros<\/li>\n<li>Medidas: 23 x 29 x 8 cm<\/li>\n<\/ul>","protected":false},"excerpt":{"rendered":"<p>100% poli\u00e9ster (600D\/1680D)Preparado para iPad (no incluido)M\u00faltiples bolsillosSolapa frontal de f\u00e1cil acceso para decoraci\u00f3nCorrea de hombro ajustableCapacidad: 4,5 litrosMedidas: 23 x 29 x 8 cm<\/p>","protected":false},"featured_media":424490,"comment_status":"open","ping_status":"closed","template":"","meta":{"_acf_changed":false},"product_brand":[11657],"product_cat":[13948,13954],"product_tag":[],"class_list":{"0":"post-393198","1":"product","2":"type-product","3":"status-publish","4":"has-post-thumbnail","6":"product_brand-quadra","7":"product_cat-accesorios","8":"product_cat-acc-bolsas-y-mochilas","9":"tm-no-options","11":"first","12":"instock","13":"taxable","14":"shipping-taxable","15":"product-type-variable"},"acf":[],"_links":{"self":[{"href":"https:\/\/grupotextil.es\/ca\/wp-json\/wp\/v2\/product\/393198","targetHints":{"allow":["GET"]}}],"collection":[{"href":"https:\/\/grupotextil.es\/ca\/wp-json\/wp\/v2\/product"}],"about":[{"href":"https:\/\/grupotextil.es\/ca\/wp-json\/wp\/v2\/types\/product"}],"replies":[{"embeddable":true,"href":"https:\/\/grupotextil.es\/ca\/wp-json\/wp\/v2\/comments?post=393198"}],"wp:featuredmedia":[{"embeddable":true,"href":"https:\/\/grupotextil.es\/ca\/wp-json\/wp\/v2\/media\/424490"}],"wp:attachment":[{"href":"https:\/\/grupotextil.es\/ca\/wp-json\/wp\/v2\/media?parent=393198"}],"wp:term":[{"taxonomy":"product_brand","embeddable":true,"href":"https:\/\/grupotextil.es\/ca\/wp-json\/wp\/v2\/product_brand?post=393198"},{"taxonomy":"product_cat","embeddable":true,"href":"https:\/\/grupotextil.es\/ca\/wp-json\/wp\/v2\/product_cat?post=393198"},{"taxonomy":"product_tag","embeddable":true,"href":"https:\/\/grupotextil.es\/ca\/wp-json\/wp\/v2\/product_tag?post=393198"}],"curies":[{"name":"wp","href":"https:\/\/api.w.org\/{rel}","templated":true}]}}

<ul>
<li>100% poliéster (600D/1680D)</li>
<li>Preparado para iPad (no incluido)</li>
<li>Múltiples bolsillos</li>
<li>Solapa frontal de fácil acceso para decoración</li>
<li>Correa de hombro ajustable</li>
<li>Capacidad: 4,5 litros</li>
<li>Medidas: 23 x 29 x 8 cm</li>
</ul>

<p>100% poliéster (600D/1680D)Preparado para iPad (no incluido)Múltiples bolsillosSolapa frontal de fácil acceso para decoraciónCorrea de hombro ajustableCapacidad: 4,5 litrosMedidas: 23 x 29 x 8 cm</p>
