{"id":393285,"date":"2026-03-08T04:49:30","date_gmt":"2026-03-08T03:49:30","guid":{"rendered":"https:\/\/grupotextil.es\/producto\/gorra-snapback-flexfit-delta\/"},"modified":"2026-03-08T04:49:30","modified_gmt":"2026-03-08T03:49:30","slug":"gorra-snapback-flexfit-delta","status":"publish","type":"product","link":"https:\/\/grupotextil.es\/ca\/product\/gorra-snapback-flexfit-delta\/","title":{"rendered":"Cap Snapback Flexfit Delta"},"content":{"rendered":"<ul>\n<li>92 % poli\u00e9ster, 8 % elastano (PU)<\/li>\n<li>Perforaciones cortadas con l\u00e1ser para m\u00e1xima transpirabilidad.<\/li>\n<li>6 paneles<\/li>\n<li>Tecnolog\u00eda patentada Stain-Block<\/li>\n<li>Ajustador de tama\u00f1o de snapback<\/li>\n<li>Pico de curva permanente patentado<\/li>\n<li>El blanco tiene la visera inferior de color blanco.<\/li>\n<\/ul>","protected":false},"excerpt":{"rendered":"<p>92 % poli\u00e9ster, 8 % elastano (PU)Perforaciones cortadas con l\u00e1ser para m\u00e1xima transpirabilidad.<\/p>","protected":false},"featured_media":424559,"comment_status":"open","ping_status":"closed","template":"","meta":{"_acf_changed":false},"product_brand":[11678],"product_cat":[13948,13954],"product_tag":[],"class_list":{"0":"post-393285","1":"product","2":"type-product","3":"status-publish","4":"has-post-thumbnail","6":"product_brand-flexfit","7":"product_cat-accesorios","8":"product_cat-acc-bolsas-y-mochilas","9":"tm-no-options","11":"first","12":"instock","13":"taxable","14":"shipping-taxable","15":"product-type-variable"},"acf":[],"_links":{"self":[{"href":"https:\/\/grupotextil.es\/ca\/wp-json\/wp\/v2\/product\/393285","targetHints":{"allow":["GET"]}}],"collection":[{"href":"https:\/\/grupotextil.es\/ca\/wp-json\/wp\/v2\/product"}],"about":[{"href":"https:\/\/grupotextil.es\/ca\/wp-json\/wp\/v2\/types\/product"}],"replies":[{"embeddable":true,"href":"https:\/\/grupotextil.es\/ca\/wp-json\/wp\/v2\/comments?post=393285"}],"wp:featuredmedia":[{"embeddable":true,"href":"https:\/\/grupotextil.es\/ca\/wp-json\/wp\/v2\/media\/424559"}],"wp:attachment":[{"href":"https:\/\/grupotextil.es\/ca\/wp-json\/wp\/v2\/media?parent=393285"}],"wp:term":[{"taxonomy":"product_brand","embeddable":true,"href":"https:\/\/grupotextil.es\/ca\/wp-json\/wp\/v2\/product_brand?post=393285"},{"taxonomy":"product_cat","embeddable":true,"href":"https:\/\/grupotextil.es\/ca\/wp-json\/wp\/v2\/product_cat?post=393285"},{"taxonomy":"product_tag","embeddable":true,"href":"https:\/\/grupotextil.es\/ca\/wp-json\/wp\/v2\/product_tag?post=393285"}],"curies":[{"name":"wp","href":"https:\/\/api.w.org\/{rel}","templated":true}]}}

<ul>
<li>92 % poliéster, 8 % elastano (PU)</li>
<li>Perforaciones cortadas con láser para máxima transpirabilidad.</li>
<li>6 paneles</li>
<li>Tecnología patentada Stain-Block</li>
<li>Ajustador de tamaño de snapback</li>
<li>Pico de curva permanente patentado</li>
<li>El blanco tiene la visera inferior de color blanco.</li>
</ul>

<p>92 % poliéster, 8 % elastano (PU)Perforaciones cortadas con láser para máxima transpirabilidad.</p>
