{"id":393389,"date":"2026-03-08T04:50:52","date_gmt":"2026-03-08T03:50:52","guid":{"rendered":"https:\/\/grupotextil.es\/producto\/bolsa-lona-classic-2\/"},"modified":"2026-03-08T04:50:52","modified_gmt":"2026-03-08T03:50:52","slug":"bolsa-lona-classic-2","status":"publish","type":"product","link":"https:\/\/grupotextil.es\/ca\/product\/bolsa-lona-classic-2\/","title":{"rendered":"Bag Lona Classic"},"content":{"rendered":"<ul>\n<li>270 g\/m\u00b2<\/li>\n<li>100% algod\u00f3n (Canvas)<\/li>\n<li>Asas largas (58 cm)<\/li>\n<li>Capacidad: 21 litros<\/li>\n<li>Medidas: 39 x 42 x 13 cm<\/li>\n<li>M\u00e1ximo Bordado: aro tubular 18<\/li>\n<li>\u00c1rea para impresi\u00f3n: 36 x 36 cm.<\/li>\n<\/ul>","protected":false},"excerpt":{"rendered":"<p>270 g\/m\u00b2100% algod\u00f3n (Canvas)Asas largas (58 cm)Capacidad: 21 litrosMedidas: 39 x 42 x 13 cmM\u00e1ximo Bordado: aro tubular 18\u00c1rea para impresi\u00f3n: 36 x 36 cm.<\/p>","protected":false},"featured_media":424593,"comment_status":"open","ping_status":"closed","template":"","meta":{"_acf_changed":false},"product_brand":[11680],"product_cat":[13948,13954],"product_tag":[],"class_list":{"0":"post-393389","1":"product","2":"type-product","3":"status-publish","4":"has-post-thumbnail","6":"product_brand-westford-mill","7":"product_cat-accesorios","8":"product_cat-acc-bolsas-y-mochilas","9":"tm-no-options","11":"first","12":"instock","13":"taxable","14":"shipping-taxable","15":"product-type-variable"},"acf":[],"_links":{"self":[{"href":"https:\/\/grupotextil.es\/ca\/wp-json\/wp\/v2\/product\/393389","targetHints":{"allow":["GET"]}}],"collection":[{"href":"https:\/\/grupotextil.es\/ca\/wp-json\/wp\/v2\/product"}],"about":[{"href":"https:\/\/grupotextil.es\/ca\/wp-json\/wp\/v2\/types\/product"}],"replies":[{"embeddable":true,"href":"https:\/\/grupotextil.es\/ca\/wp-json\/wp\/v2\/comments?post=393389"}],"wp:featuredmedia":[{"embeddable":true,"href":"https:\/\/grupotextil.es\/ca\/wp-json\/wp\/v2\/media\/424593"}],"wp:attachment":[{"href":"https:\/\/grupotextil.es\/ca\/wp-json\/wp\/v2\/media?parent=393389"}],"wp:term":[{"taxonomy":"product_brand","embeddable":true,"href":"https:\/\/grupotextil.es\/ca\/wp-json\/wp\/v2\/product_brand?post=393389"},{"taxonomy":"product_cat","embeddable":true,"href":"https:\/\/grupotextil.es\/ca\/wp-json\/wp\/v2\/product_cat?post=393389"},{"taxonomy":"product_tag","embeddable":true,"href":"https:\/\/grupotextil.es\/ca\/wp-json\/wp\/v2\/product_tag?post=393389"}],"curies":[{"name":"wp","href":"https:\/\/api.w.org\/{rel}","templated":true}]}}

<ul>
<li>270 g/m²</li>
<li>100% algodón (Canvas)</li>
<li>Asas largas (58 cm)</li>
<li>Capacidad: 21 litros</li>
<li>Medidas: 39 x 42 x 13 cm</li>
<li>Máximo Bordado: aro tubular 18</li>
<li>Área para impresión: 36 x 36 cm.</li>
</ul>

<p>270 g/m²100% algodón (Canvas)Asas largas (58 cm)Capacidad: 21 litrosMedidas: 39 x 42 x 13 cmMáximo Bordado: aro tubular 18Área para impresión: 36 x 36 cm.</p>
