{"id":393400,"date":"2026-03-08T04:50:54","date_gmt":"2026-03-08T03:50:54","guid":{"rendered":"https:\/\/grupotextil.es\/producto\/gorra-snapback-ajustable-flexfit-nu\/"},"modified":"2026-03-08T04:50:54","modified_gmt":"2026-03-08T03:50:54","slug":"gorra-snapback-ajustable-flexfit-nu","status":"publish","type":"product","link":"https:\/\/grupotextil.es\/ca\/product\/gorra-snapback-ajustable-flexfit-nu\/","title":{"rendered":"Cap Snapback Ajustable Flexfit NU"},"content":{"rendered":"<ul>\n<li>79 % poli\u00e9ster, 18 % ray\u00f3n, 3 % elastano (PU)<\/li>\n<li>Tecnolog\u00eda Cool &amp; Dry<\/li>\n<li>Tecnolog\u00eda ActiveGuard\u2122<\/li>\n<li>6 paneles, perfil medio, estructurado<\/li>\n<li>Pico con 8 filas de puntadas<\/li>\n<li>Cierre a presi\u00f3n de pl\u00e1stico a juego<\/li>\n<li>Ojales<\/li>\n<li>Visera inferior a juego<\/li>\n<li>Pico de permacurva patentado.<\/li>\n<\/ul>","protected":false},"excerpt":{"rendered":"<p>79 % poli\u00e9ster, 18 % ray\u00f3n, 3 % elastano (PU)Tecnolog\u00eda Cool &#038; DryTecnolog\u00eda ActiveGuard\u21226 paneles, perfil medio, estructuradoPico con 8 filas de puntadasCierre a presi\u00f3n de pl\u00e1stico a juegoOjalesV&#8230;<\/p>","protected":false},"featured_media":424627,"comment_status":"open","ping_status":"closed","template":"","meta":{"_acf_changed":false},"product_brand":[11678],"product_cat":[13948,13954],"product_tag":[],"class_list":{"0":"post-393400","1":"product","2":"type-product","3":"status-publish","4":"has-post-thumbnail","6":"product_brand-flexfit","7":"product_cat-accesorios","8":"product_cat-acc-bolsas-y-mochilas","9":"tm-no-options","11":"first","12":"instock","13":"taxable","14":"shipping-taxable","15":"product-type-variable"},"acf":[],"_links":{"self":[{"href":"https:\/\/grupotextil.es\/ca\/wp-json\/wp\/v2\/product\/393400","targetHints":{"allow":["GET"]}}],"collection":[{"href":"https:\/\/grupotextil.es\/ca\/wp-json\/wp\/v2\/product"}],"about":[{"href":"https:\/\/grupotextil.es\/ca\/wp-json\/wp\/v2\/types\/product"}],"replies":[{"embeddable":true,"href":"https:\/\/grupotextil.es\/ca\/wp-json\/wp\/v2\/comments?post=393400"}],"wp:featuredmedia":[{"embeddable":true,"href":"https:\/\/grupotextil.es\/ca\/wp-json\/wp\/v2\/media\/424627"}],"wp:attachment":[{"href":"https:\/\/grupotextil.es\/ca\/wp-json\/wp\/v2\/media?parent=393400"}],"wp:term":[{"taxonomy":"product_brand","embeddable":true,"href":"https:\/\/grupotextil.es\/ca\/wp-json\/wp\/v2\/product_brand?post=393400"},{"taxonomy":"product_cat","embeddable":true,"href":"https:\/\/grupotextil.es\/ca\/wp-json\/wp\/v2\/product_cat?post=393400"},{"taxonomy":"product_tag","embeddable":true,"href":"https:\/\/grupotextil.es\/ca\/wp-json\/wp\/v2\/product_tag?post=393400"}],"curies":[{"name":"wp","href":"https:\/\/api.w.org\/{rel}","templated":true}]}}

<ul>
<li>79 % poliéster, 18 % rayón, 3 % elastano (PU)</li>
<li>Tecnología Cool &amp; Dry</li>
<li>Tecnología ActiveGuard™</li>
<li>6 paneles, perfil medio, estructurado</li>
<li>Pico con 8 filas de puntadas</li>
<li>Cierre a presión de plástico a juego</li>
<li>Ojales</li>
<li>Visera inferior a juego</li>
<li>Pico de permacurva patentado.</li>
</ul>

<p>79 % poliéster, 18 % rayón, 3 % elastano (PU)Tecnología Cool &#038; DryTecnología ActiveGuard™6 paneles, perfil medio, estructuradoPico con 8 filas de puntadasCierre a presión de plástico a juegoOjalesV&#8230;</p>
