{"id":393427,"date":"2026-03-08T04:50:56","date_gmt":"2026-03-08T03:50:56","guid":{"rendered":"https:\/\/grupotextil.es\/producto\/blusa-oxford-mujer\/"},"modified":"2026-03-08T04:50:56","modified_gmt":"2026-03-08T03:50:56","slug":"blusa-oxford-mujer","status":"publish","type":"product","link":"https:\/\/grupotextil.es\/ca\/product\/blusa-oxford-mujer\/","title":{"rendered":"Blusa Oxford mujer"},"content":{"rendered":"<ul>\n<li>135 g\/m\u00b2 (White: 130 g\/m\u00b2)<\/li>\n<li>70% algod\u00f3n, 30% poli\u00e9ster<\/li>\n<li>2 botones estandar con cuello de camisa cl\u00e1sico<\/li>\n<li>Pinzas a nivel del pecho y en la espalda para un corte femenino<\/li>\n<li>Dobladillo redondeado<\/li>\n<li>Botones de repuesto<\/li>\n<li>F\u00e1cil cuidado<\/li>\n<\/ul>","protected":false},"excerpt":{"rendered":"<p>135 g\/m\u00b2 (White: 130 g\/m\u00b2)70% algod\u00f3n, 30% poli\u00e9ster2 botones estandar con cuello de camisa cl\u00e1sicoPinzas a nivel del pecho y en la espalda para un corte femeninoDobladillo redondeadoBotones de repues<\/p>","protected":false},"featured_media":424644,"comment_status":"open","ping_status":"closed","template":"","meta":{"_acf_changed":false},"product_brand":[11670],"product_cat":[13938],"product_tag":[14009],"class_list":{"0":"post-393427","1":"product","2":"type-product","3":"status-publish","4":"has-post-thumbnail","6":"product_brand-russell-europe","7":"product_cat-camisas-corporativas","8":"product_tag-top-ventas","9":"tm-no-options","11":"first","12":"instock","13":"taxable","14":"shipping-taxable","15":"product-type-variable"},"acf":[],"_links":{"self":[{"href":"https:\/\/grupotextil.es\/ca\/wp-json\/wp\/v2\/product\/393427","targetHints":{"allow":["GET"]}}],"collection":[{"href":"https:\/\/grupotextil.es\/ca\/wp-json\/wp\/v2\/product"}],"about":[{"href":"https:\/\/grupotextil.es\/ca\/wp-json\/wp\/v2\/types\/product"}],"replies":[{"embeddable":true,"href":"https:\/\/grupotextil.es\/ca\/wp-json\/wp\/v2\/comments?post=393427"}],"wp:featuredmedia":[{"embeddable":true,"href":"https:\/\/grupotextil.es\/ca\/wp-json\/wp\/v2\/media\/424644"}],"wp:attachment":[{"href":"https:\/\/grupotextil.es\/ca\/wp-json\/wp\/v2\/media?parent=393427"}],"wp:term":[{"taxonomy":"product_brand","embeddable":true,"href":"https:\/\/grupotextil.es\/ca\/wp-json\/wp\/v2\/product_brand?post=393427"},{"taxonomy":"product_cat","embeddable":true,"href":"https:\/\/grupotextil.es\/ca\/wp-json\/wp\/v2\/product_cat?post=393427"},{"taxonomy":"product_tag","embeddable":true,"href":"https:\/\/grupotextil.es\/ca\/wp-json\/wp\/v2\/product_tag?post=393427"}],"curies":[{"name":"wp","href":"https:\/\/api.w.org\/{rel}","templated":true}]}}

<ul>
<li>135 g/m² (White: 130 g/m²)</li>
<li>70% algodón, 30% poliéster</li>
<li>2 botones estandar con cuello de camisa clásico</li>
<li>Pinzas a nivel del pecho y en la espalda para un corte femenino</li>
<li>Dobladillo redondeado</li>
<li>Botones de repuesto</li>
<li>Fácil cuidado</li>
</ul>

<p>135 g/m² (White: 130 g/m²)70% algodón, 30% poliéster2 botones estandar con cuello de camisa clásicoPinzas a nivel del pecho y en la espalda para un corte femeninoDobladillo redondeadoBotones de repues</p>
