{"id":393684,"date":"2026-03-08T04:51:09","date_gmt":"2026-03-08T03:51:09","guid":{"rendered":"https:\/\/grupotextil.es\/producto\/chaleco-de-punto-cuello-v-hombre\/"},"modified":"2026-03-08T04:51:09","modified_gmt":"2026-03-08T03:51:09","slug":"chaleco-de-punto-cuello-v-hombre","status":"publish","type":"product","link":"https:\/\/grupotextil.es\/ca\/product\/chaleco-de-punto-cuello-v-hombre\/","title":{"rendered":"Chaleco de punto cuello V hombre"},"content":{"rendered":"<ul>\n<li>275 g\/m\u00b2<\/li>\n<li>50% algod\u00f3n, 50% acr\u00edlico<\/li>\n<li>Tejido de f\u00e1cil cuidado CottonBlend\u2122<\/li>\n<li>Tejido suave<\/li>\n<li>Cuello V en canal\u00e9<\/li>\n<li>Sisa en canal\u00e9 y bajo con banda ancha en canal\u00e9<\/li>\n<li>Costuras laterales<\/li>\n<\/ul>","protected":false},"excerpt":{"rendered":"<p>275 g\/m\u00b250% algod\u00f3n, 50% acr\u00edlicoTejido de f\u00e1cil cuidado CottonBlend\u2122Tejido suaveCuello V en canal\u00e9Sisa en canal\u00e9 y bajo con banda ancha en canal\u00e9Costuras laterales<\/p>","protected":false},"featured_media":424720,"comment_status":"open","ping_status":"closed","template":"","meta":{"_acf_changed":false},"product_brand":[11670],"product_cat":[13938],"product_tag":[],"class_list":{"0":"post-393684","1":"product","2":"type-product","3":"status-publish","4":"has-post-thumbnail","6":"product_brand-russell-europe","7":"product_cat-camisas-corporativas","8":"tm-no-options","10":"first","11":"instock","12":"taxable","13":"shipping-taxable","14":"product-type-variable"},"acf":[],"_links":{"self":[{"href":"https:\/\/grupotextil.es\/ca\/wp-json\/wp\/v2\/product\/393684","targetHints":{"allow":["GET"]}}],"collection":[{"href":"https:\/\/grupotextil.es\/ca\/wp-json\/wp\/v2\/product"}],"about":[{"href":"https:\/\/grupotextil.es\/ca\/wp-json\/wp\/v2\/types\/product"}],"replies":[{"embeddable":true,"href":"https:\/\/grupotextil.es\/ca\/wp-json\/wp\/v2\/comments?post=393684"}],"wp:featuredmedia":[{"embeddable":true,"href":"https:\/\/grupotextil.es\/ca\/wp-json\/wp\/v2\/media\/424720"}],"wp:attachment":[{"href":"https:\/\/grupotextil.es\/ca\/wp-json\/wp\/v2\/media?parent=393684"}],"wp:term":[{"taxonomy":"product_brand","embeddable":true,"href":"https:\/\/grupotextil.es\/ca\/wp-json\/wp\/v2\/product_brand?post=393684"},{"taxonomy":"product_cat","embeddable":true,"href":"https:\/\/grupotextil.es\/ca\/wp-json\/wp\/v2\/product_cat?post=393684"},{"taxonomy":"product_tag","embeddable":true,"href":"https:\/\/grupotextil.es\/ca\/wp-json\/wp\/v2\/product_tag?post=393684"}],"curies":[{"name":"wp","href":"https:\/\/api.w.org\/{rel}","templated":true}]}}

<ul>
<li>275 g/m²</li>
<li>50% algodón, 50% acrílico</li>
<li>Tejido de fácil cuidado CottonBlend™</li>
<li>Tejido suave</li>
<li>Cuello V en canalé</li>
<li>Sisa en canalé y bajo con banda ancha en canalé</li>
<li>Costuras laterales</li>
</ul>

<p>275 g/m²50% algodón, 50% acrílicoTejido de fácil cuidado CottonBlend™Tejido suaveCuello V en canaléSisa en canalé y bajo con banda ancha en canaléCosturas laterales</p>
