{"id":393753,"date":"2026-03-08T04:51:14","date_gmt":"2026-03-08T03:51:14","guid":{"rendered":"https:\/\/grupotextil.es\/producto\/camisa-casual-twill\/"},"modified":"2026-03-08T04:51:14","modified_gmt":"2026-03-08T03:51:14","slug":"camisa-casual-twill","status":"publish","type":"product","link":"https:\/\/grupotextil.es\/ca\/product\/camisa-casual-twill\/","title":{"rendered":"Camisa Casual Twill"},"content":{"rendered":"<ul>\n<li>166 g\/m\u00b2<\/li>\n<li>100% algod\u00f3n (sarga)<\/li>\n<li>Prenda blanqueada<\/li>\n<li>Cuello con botones<\/li>\n<li>Cuello y pu\u00f1os de doble pliegue<\/li>\n<li>Canes\u00fa en espalda con pliegue cuadrado<\/li>\n<li>Lazo interior para colgar<\/li>\n<li>Dobladillo curvado<\/li>\n<li>Corte ajustado.<\/li>\n<\/ul>","protected":false},"excerpt":{"rendered":"<p>166 g\/m\u00b2100% algod\u00f3n (sarga)Prenda blanqueadaCuello con botonesCuello y pu\u00f1os de doble pliegueCanes\u00fa en espalda con pliegue cuadradoLazo interior para colgarDobladillo curvadoCorte ajustado.<\/p>","protected":false},"featured_media":424740,"comment_status":"open","ping_status":"closed","template":"","meta":{"_acf_changed":false},"product_brand":[11671],"product_cat":[13938],"product_tag":[],"class_list":{"0":"post-393753","1":"product","2":"type-product","3":"status-publish","4":"has-post-thumbnail","6":"product_brand-tee-jays","7":"product_cat-camisas-corporativas","8":"tm-no-options","10":"first","11":"instock","12":"taxable","13":"shipping-taxable","14":"product-type-variable"},"acf":[],"_links":{"self":[{"href":"https:\/\/grupotextil.es\/ca\/wp-json\/wp\/v2\/product\/393753","targetHints":{"allow":["GET"]}}],"collection":[{"href":"https:\/\/grupotextil.es\/ca\/wp-json\/wp\/v2\/product"}],"about":[{"href":"https:\/\/grupotextil.es\/ca\/wp-json\/wp\/v2\/types\/product"}],"replies":[{"embeddable":true,"href":"https:\/\/grupotextil.es\/ca\/wp-json\/wp\/v2\/comments?post=393753"}],"wp:featuredmedia":[{"embeddable":true,"href":"https:\/\/grupotextil.es\/ca\/wp-json\/wp\/v2\/media\/424740"}],"wp:attachment":[{"href":"https:\/\/grupotextil.es\/ca\/wp-json\/wp\/v2\/media?parent=393753"}],"wp:term":[{"taxonomy":"product_brand","embeddable":true,"href":"https:\/\/grupotextil.es\/ca\/wp-json\/wp\/v2\/product_brand?post=393753"},{"taxonomy":"product_cat","embeddable":true,"href":"https:\/\/grupotextil.es\/ca\/wp-json\/wp\/v2\/product_cat?post=393753"},{"taxonomy":"product_tag","embeddable":true,"href":"https:\/\/grupotextil.es\/ca\/wp-json\/wp\/v2\/product_tag?post=393753"}],"curies":[{"name":"wp","href":"https:\/\/api.w.org\/{rel}","templated":true}]}}

<ul>
<li>166 g/m²</li>
<li>100% algodón (sarga)</li>
<li>Prenda blanqueada</li>
<li>Cuello con botones</li>
<li>Cuello y puños de doble pliegue</li>
<li>Canesú en espalda con pliegue cuadrado</li>
<li>Lazo interior para colgar</li>
<li>Dobladillo curvado</li>
<li>Corte ajustado.</li>
</ul>

<p>166 g/m²100% algodón (sarga)Prenda blanqueadaCuello con botonesCuello y puños de doble pliegueCanesú en espalda con pliegue cuadradoLazo interior para colgarDobladillo curvadoCorte ajustado.</p>
