{"id":394343,"date":"2026-03-08T04:54:34","date_gmt":"2026-03-08T03:54:34","guid":{"rendered":"https:\/\/grupotextil.es\/producto\/camisa-vaquera-para-mujer\/"},"modified":"2026-03-08T04:54:34","modified_gmt":"2026-03-08T03:54:34","slug":"camisa-vaquera-para-mujer","status":"publish","type":"product","link":"https:\/\/grupotextil.es\/ca\/product\/camisa-vaquera-para-mujer\/","title":{"rendered":"Shirt vaquera para mujer"},"content":{"rendered":"<ul>\n<li>140 g\/m\u00b2<\/li>\n<li>98 % algod\u00f3n, 2 % elastano<\/li>\n<li>Cuello de camisa regular en punta<\/li>\n<li>Corte moldeado<\/li>\n<li>Pu\u00f1os de forma moderna<\/li>\n<li>Canes\u00fa trasero<\/li>\n<li>Dobladillo curvado<\/li>\n<li>Refuerzo de botones Ascolite.<\/li>\n<\/ul>","protected":false},"excerpt":{"rendered":"<p>140 g\/m\u00b298 % algod\u00f3n, 2 % elastanoCuello de camisa regular en puntaCorte moldeadoPu\u00f1os de forma modernaCanes\u00fa traseroDobladillo curvadoRefuerzo de botones Ascolite.<\/p>","protected":false},"featured_media":424915,"comment_status":"open","ping_status":"closed","template":"","meta":{"_acf_changed":false},"product_brand":[11671],"product_cat":[13938],"product_tag":[14010],"class_list":{"0":"post-394343","1":"product","2":"type-product","3":"status-publish","4":"has-post-thumbnail","6":"product_brand-tee-jays","7":"product_cat-camisas-corporativas","8":"product_tag-nuevo-2026","9":"tm-no-options","11":"first","12":"instock","13":"taxable","14":"shipping-taxable","15":"product-type-variable"},"acf":[],"_links":{"self":[{"href":"https:\/\/grupotextil.es\/ca\/wp-json\/wp\/v2\/product\/394343","targetHints":{"allow":["GET"]}}],"collection":[{"href":"https:\/\/grupotextil.es\/ca\/wp-json\/wp\/v2\/product"}],"about":[{"href":"https:\/\/grupotextil.es\/ca\/wp-json\/wp\/v2\/types\/product"}],"replies":[{"embeddable":true,"href":"https:\/\/grupotextil.es\/ca\/wp-json\/wp\/v2\/comments?post=394343"}],"wp:featuredmedia":[{"embeddable":true,"href":"https:\/\/grupotextil.es\/ca\/wp-json\/wp\/v2\/media\/424915"}],"wp:attachment":[{"href":"https:\/\/grupotextil.es\/ca\/wp-json\/wp\/v2\/media?parent=394343"}],"wp:term":[{"taxonomy":"product_brand","embeddable":true,"href":"https:\/\/grupotextil.es\/ca\/wp-json\/wp\/v2\/product_brand?post=394343"},{"taxonomy":"product_cat","embeddable":true,"href":"https:\/\/grupotextil.es\/ca\/wp-json\/wp\/v2\/product_cat?post=394343"},{"taxonomy":"product_tag","embeddable":true,"href":"https:\/\/grupotextil.es\/ca\/wp-json\/wp\/v2\/product_tag?post=394343"}],"curies":[{"name":"wp","href":"https:\/\/api.w.org\/{rel}","templated":true}]}}

<ul>
<li>140 g/m²</li>
<li>98 % algodón, 2 % elastano</li>
<li>Cuello de camisa regular en punta</li>
<li>Corte moldeado</li>
<li>Puños de forma moderna</li>
<li>Canesú trasero</li>
<li>Dobladillo curvado</li>
<li>Refuerzo de botones Ascolite.</li>
</ul>

<p>140 g/m²98 % algodón, 2 % elastanoCuello de camisa regular en puntaCorte moldeadoPuños de forma modernaCanesú traseroDobladillo curvadoRefuerzo de botones Ascolite.</p>
