{"id":394818,"date":"2026-03-08T04:59:13","date_gmt":"2026-03-08T03:59:13","guid":{"rendered":"https:\/\/grupotextil.es\/producto\/camisa-oxford-manga-corta-hombre-2\/"},"modified":"2026-03-08T04:59:13","modified_gmt":"2026-03-08T03:59:13","slug":"camisa-oxford-manga-corta-hombre-2","status":"publish","type":"product","link":"https:\/\/grupotextil.es\/ca\/product\/camisa-oxford-manga-corta-hombre-2\/","title":{"rendered":"Shirt Oxford manga corta hombre"},"content":{"rendered":"<ul>\n<li>135 g\/m\u00b2 (White:130 g\/m\u00b2 )<\/li>\n<li>70% algod\u00f3n, 30% poli\u00e9ster<\/li>\n<li>Cuello abotonado<\/li>\n<li>Canes\u00fa trasero con 2 pliegues laterales<\/li>\n<li>Bolsillo en forma de V sobre el pecho izquierdo<\/li>\n<li>Corte cl\u00e1sico<\/li>\n<li>Dobladillo redondeado<\/li>\n<li>Botones de repuesto<\/li>\n<li>F\u00e1cil cuidado<\/li>\n<\/ul>","protected":false},"excerpt":{"rendered":"<p>135 g\/m\u00b2 (White:130 g\/m\u00b2 )70% algod\u00f3n, 30% poli\u00e9sterCuello abotonadoCanes\u00fa trasero con 2 pliegues lateralesBolsillo en forma de V sobre el pecho izquierdoCorte cl\u00e1sicoDobladillo redondeadoBotones de r<\/p>","protected":false},"featured_media":425095,"comment_status":"open","ping_status":"closed","template":"","meta":{"_acf_changed":false},"product_brand":[11670],"product_cat":[13938],"product_tag":[14009],"class_list":{"0":"post-394818","1":"product","2":"type-product","3":"status-publish","4":"has-post-thumbnail","6":"product_brand-russell-europe","7":"product_cat-camisas-corporativas","8":"product_tag-top-ventas","9":"tm-no-options","11":"first","12":"instock","13":"taxable","14":"shipping-taxable","15":"product-type-variable"},"acf":[],"_links":{"self":[{"href":"https:\/\/grupotextil.es\/ca\/wp-json\/wp\/v2\/product\/394818","targetHints":{"allow":["GET"]}}],"collection":[{"href":"https:\/\/grupotextil.es\/ca\/wp-json\/wp\/v2\/product"}],"about":[{"href":"https:\/\/grupotextil.es\/ca\/wp-json\/wp\/v2\/types\/product"}],"replies":[{"embeddable":true,"href":"https:\/\/grupotextil.es\/ca\/wp-json\/wp\/v2\/comments?post=394818"}],"wp:featuredmedia":[{"embeddable":true,"href":"https:\/\/grupotextil.es\/ca\/wp-json\/wp\/v2\/media\/425095"}],"wp:attachment":[{"href":"https:\/\/grupotextil.es\/ca\/wp-json\/wp\/v2\/media?parent=394818"}],"wp:term":[{"taxonomy":"product_brand","embeddable":true,"href":"https:\/\/grupotextil.es\/ca\/wp-json\/wp\/v2\/product_brand?post=394818"},{"taxonomy":"product_cat","embeddable":true,"href":"https:\/\/grupotextil.es\/ca\/wp-json\/wp\/v2\/product_cat?post=394818"},{"taxonomy":"product_tag","embeddable":true,"href":"https:\/\/grupotextil.es\/ca\/wp-json\/wp\/v2\/product_tag?post=394818"}],"curies":[{"name":"wp","href":"https:\/\/api.w.org\/{rel}","templated":true}]}}

<ul>
<li>135 g/m² (White:130 g/m² )</li>
<li>70% algodón, 30% poliéster</li>
<li>Cuello abotonado</li>
<li>Canesú trasero con 2 pliegues laterales</li>
<li>Bolsillo en forma de V sobre el pecho izquierdo</li>
<li>Corte clásico</li>
<li>Dobladillo redondeado</li>
<li>Botones de repuesto</li>
<li>Fácil cuidado</li>
</ul>

<p>135 g/m² (White:130 g/m² )70% algodón, 30% poliésterCuello abotonadoCanesú trasero con 2 pliegues lateralesBolsillo en forma de V sobre el pecho izquierdoCorte clásicoDobladillo redondeadoBotones de r</p>
