{"id":394981,"date":"2026-03-08T04:59:20","date_gmt":"2026-03-08T03:59:20","guid":{"rendered":"https:\/\/grupotextil.es\/producto\/camisa-city-business-mujer-entallada\/"},"modified":"2026-03-08T04:59:20","modified_gmt":"2026-03-08T03:59:20","slug":"camisa-city-business-mujer-entallada","status":"publish","type":"product","link":"https:\/\/grupotextil.es\/ca\/product\/camisa-city-business-mujer-entallada\/","title":{"rendered":"Shirt City Business mujer entallada"},"content":{"rendered":"<ul>\n<li>120\/125 g\/m\u00b2<\/li>\n<li>100% algod\u00f3n f\u00e1cil planchado<\/li>\n<li>Cuello suave<\/li>\n<li>Puntada simple en sisas<\/li>\n<li>Laterales y manga con puntada de doble aguja<\/li>\n<li>Canes\u00fa trasero<\/li>\n<li>Dobladillo redondeado<\/li>\n<li>Bot\u00f3n de repuesto<\/li>\n<li>Etiqueta tejida de Kustom Kit<\/li>\n<li>F\u00e1cil planchado<\/li>\n<\/ul>","protected":false},"excerpt":{"rendered":"<p>120\/125 g\/m\u00b2100% algod\u00f3n f\u00e1cil planchadoCuello suavePuntada simple en sisasLaterales y manga con puntada de doble agujaCanes\u00fa traseroDobladillo redondeadoBot\u00f3n de repuestoEtiqueta tejida de Kustom Kit<\/p>","protected":false},"featured_media":425137,"comment_status":"open","ping_status":"closed","template":"","meta":{"_acf_changed":false},"product_brand":[11672],"product_cat":[13938],"product_tag":[],"class_list":{"0":"post-394981","1":"product","2":"type-product","3":"status-publish","4":"has-post-thumbnail","6":"product_brand-kustom-kit","7":"product_cat-camisas-corporativas","8":"tm-no-options","10":"first","11":"instock","12":"taxable","13":"shipping-taxable","14":"product-type-variable"},"acf":[],"_links":{"self":[{"href":"https:\/\/grupotextil.es\/ca\/wp-json\/wp\/v2\/product\/394981","targetHints":{"allow":["GET"]}}],"collection":[{"href":"https:\/\/grupotextil.es\/ca\/wp-json\/wp\/v2\/product"}],"about":[{"href":"https:\/\/grupotextil.es\/ca\/wp-json\/wp\/v2\/types\/product"}],"replies":[{"embeddable":true,"href":"https:\/\/grupotextil.es\/ca\/wp-json\/wp\/v2\/comments?post=394981"}],"wp:featuredmedia":[{"embeddable":true,"href":"https:\/\/grupotextil.es\/ca\/wp-json\/wp\/v2\/media\/425137"}],"wp:attachment":[{"href":"https:\/\/grupotextil.es\/ca\/wp-json\/wp\/v2\/media?parent=394981"}],"wp:term":[{"taxonomy":"product_brand","embeddable":true,"href":"https:\/\/grupotextil.es\/ca\/wp-json\/wp\/v2\/product_brand?post=394981"},{"taxonomy":"product_cat","embeddable":true,"href":"https:\/\/grupotextil.es\/ca\/wp-json\/wp\/v2\/product_cat?post=394981"},{"taxonomy":"product_tag","embeddable":true,"href":"https:\/\/grupotextil.es\/ca\/wp-json\/wp\/v2\/product_tag?post=394981"}],"curies":[{"name":"wp","href":"https:\/\/api.w.org\/{rel}","templated":true}]}}

<ul>
<li>120/125 g/m²</li>
<li>100% algodón fácil planchado</li>
<li>Cuello suave</li>
<li>Puntada simple en sisas</li>
<li>Laterales y manga con puntada de doble aguja</li>
<li>Canesú trasero</li>
<li>Dobladillo redondeado</li>
<li>Botón de repuesto</li>
<li>Etiqueta tejida de Kustom Kit</li>
<li>Fácil planchado</li>
</ul>

<p>120/125 g/m²100% algodón fácil planchadoCuello suavePuntada simple en sisasLaterales y manga con puntada de doble agujaCanesú traseroDobladillo redondeadoBotón de repuestoEtiqueta tejida de Kustom Kit</p>
