{"id":395116,"date":"2026-03-08T04:59:31","date_gmt":"2026-03-08T03:59:31","guid":{"rendered":"https:\/\/grupotextil.es\/producto\/camisa-manga-larga-hombre\/"},"modified":"2026-03-08T04:59:31","modified_gmt":"2026-03-08T03:59:31","slug":"camisa-manga-larga-hombre","status":"publish","type":"product","link":"https:\/\/grupotextil.es\/ca\/product\/camisa-manga-larga-hombre\/","title":{"rendered":"Shirt manga larga hombre"},"content":{"rendered":"<ul>\n<li>120 g\/m\u00b2<\/li>\n<li>100% algod\u00f3n micro sarga<\/li>\n<li>No necesita planchado<\/li>\n<li>Manga larga<\/li>\n<li>Cuello abotonado<\/li>\n<li>Canes\u00fa en espalda con pliegues insertados a los lados<\/li>\n<li>Botones del mismo color de la prenda<\/li>\n<li>Bolsillo parche en el pecho<\/li>\n<li>Pu\u00f1o con dos botones y con ojal adicional para gemelos<\/li>\n<li>Corte cl\u00e1sico<\/li>\n<li>Dobladillo redondeado<\/li>\n<li>Botones de repuesto<\/li>\n<\/ul>","protected":false},"excerpt":{"rendered":"<p>120 g\/m\u00b2100% algod\u00f3n micro sargaNo necesita planchadoManga largaCuello abotonadoCanes\u00fa en espalda con pliegues insertados a los ladosBotones del mismo color de la prendaBolsillo parche en el pechoPu\u00f1o<\/p>","protected":false},"featured_media":425221,"comment_status":"open","ping_status":"closed","template":"","meta":{"_acf_changed":false},"product_brand":[11670],"product_cat":[13938],"product_tag":[],"class_list":{"0":"post-395116","1":"product","2":"type-product","3":"status-publish","4":"has-post-thumbnail","6":"product_brand-russell-europe","7":"product_cat-camisas-corporativas","8":"tm-no-options","10":"first","11":"instock","12":"taxable","13":"shipping-taxable","14":"product-type-variable"},"acf":[],"_links":{"self":[{"href":"https:\/\/grupotextil.es\/ca\/wp-json\/wp\/v2\/product\/395116","targetHints":{"allow":["GET"]}}],"collection":[{"href":"https:\/\/grupotextil.es\/ca\/wp-json\/wp\/v2\/product"}],"about":[{"href":"https:\/\/grupotextil.es\/ca\/wp-json\/wp\/v2\/types\/product"}],"replies":[{"embeddable":true,"href":"https:\/\/grupotextil.es\/ca\/wp-json\/wp\/v2\/comments?post=395116"}],"wp:featuredmedia":[{"embeddable":true,"href":"https:\/\/grupotextil.es\/ca\/wp-json\/wp\/v2\/media\/425221"}],"wp:attachment":[{"href":"https:\/\/grupotextil.es\/ca\/wp-json\/wp\/v2\/media?parent=395116"}],"wp:term":[{"taxonomy":"product_brand","embeddable":true,"href":"https:\/\/grupotextil.es\/ca\/wp-json\/wp\/v2\/product_brand?post=395116"},{"taxonomy":"product_cat","embeddable":true,"href":"https:\/\/grupotextil.es\/ca\/wp-json\/wp\/v2\/product_cat?post=395116"},{"taxonomy":"product_tag","embeddable":true,"href":"https:\/\/grupotextil.es\/ca\/wp-json\/wp\/v2\/product_tag?post=395116"}],"curies":[{"name":"wp","href":"https:\/\/api.w.org\/{rel}","templated":true}]}}

<ul>
<li>120 g/m²</li>
<li>100% algodón micro sarga</li>
<li>No necesita planchado</li>
<li>Manga larga</li>
<li>Cuello abotonado</li>
<li>Canesú en espalda con pliegues insertados a los lados</li>
<li>Botones del mismo color de la prenda</li>
<li>Bolsillo parche en el pecho</li>
<li>Puño con dos botones y con ojal adicional para gemelos</li>
<li>Corte clásico</li>
<li>Dobladillo redondeado</li>
<li>Botones de repuesto</li>
</ul>

<p>120 g/m²100% algodón micro sargaNo necesita planchadoManga largaCuello abotonadoCanesú en espalda con pliegues insertados a los ladosBotones del mismo color de la prendaBolsillo parche en el pechoPuño</p>
