{"id":395443,"date":"2026-03-08T05:00:49","date_gmt":"2026-03-08T04:00:49","guid":{"rendered":"https:\/\/grupotextil.es\/producto\/camisa-clasica-sarga-manga-corta-mujer\/"},"modified":"2026-03-08T05:00:49","modified_gmt":"2026-03-08T04:00:49","slug":"camisa-clasica-sarga-manga-corta-mujer","status":"publish","type":"product","link":"https:\/\/grupotextil.es\/ca\/product\/camisa-clasica-sarga-manga-corta-mujer\/","title":{"rendered":"Shirt cl\u00e1sica sarga manga corta mujer"},"content":{"rendered":"<ul>\n<li>130 g\/m\u00b2<\/li>\n<li>100% algod\u00f3n sarga , suave al tacto<\/li>\n<li>Cuello c\u00f3modo<\/li>\n<li>Cuello encintado en espiguilla<\/li>\n<li>Canes\u00fa en espalda con bot\u00f3n central decorativo<\/li>\n<li>Botones a juego<\/li>\n<li>Corte cl\u00e1sico<\/li>\n<li>Costura reforzada<\/li>\n<li>Dobladillo redondeado<\/li>\n<li>Botones de repuesto<\/li>\n<\/ul>","protected":false},"excerpt":{"rendered":"<p>130 g\/m\u00b2100% algod\u00f3n sarga , suave al tactoCuello c\u00f3modoCuello encintado en espiguillaCanes\u00fa en espalda con bot\u00f3n central decorativoBotones a juegoCorte cl\u00e1sicoCostura reforzadaDobladillo redondeadoBo<\/p>","protected":false},"featured_media":425342,"comment_status":"open","ping_status":"closed","template":"","meta":{"_acf_changed":false},"product_brand":[11670],"product_cat":[13938],"product_tag":[],"class_list":{"0":"post-395443","1":"product","2":"type-product","3":"status-publish","4":"has-post-thumbnail","6":"product_brand-russell-europe","7":"product_cat-camisas-corporativas","8":"tm-no-options","10":"first","11":"instock","12":"taxable","13":"shipping-taxable","14":"product-type-variable"},"acf":[],"_links":{"self":[{"href":"https:\/\/grupotextil.es\/ca\/wp-json\/wp\/v2\/product\/395443","targetHints":{"allow":["GET"]}}],"collection":[{"href":"https:\/\/grupotextil.es\/ca\/wp-json\/wp\/v2\/product"}],"about":[{"href":"https:\/\/grupotextil.es\/ca\/wp-json\/wp\/v2\/types\/product"}],"replies":[{"embeddable":true,"href":"https:\/\/grupotextil.es\/ca\/wp-json\/wp\/v2\/comments?post=395443"}],"wp:featuredmedia":[{"embeddable":true,"href":"https:\/\/grupotextil.es\/ca\/wp-json\/wp\/v2\/media\/425342"}],"wp:attachment":[{"href":"https:\/\/grupotextil.es\/ca\/wp-json\/wp\/v2\/media?parent=395443"}],"wp:term":[{"taxonomy":"product_brand","embeddable":true,"href":"https:\/\/grupotextil.es\/ca\/wp-json\/wp\/v2\/product_brand?post=395443"},{"taxonomy":"product_cat","embeddable":true,"href":"https:\/\/grupotextil.es\/ca\/wp-json\/wp\/v2\/product_cat?post=395443"},{"taxonomy":"product_tag","embeddable":true,"href":"https:\/\/grupotextil.es\/ca\/wp-json\/wp\/v2\/product_tag?post=395443"}],"curies":[{"name":"wp","href":"https:\/\/api.w.org\/{rel}","templated":true}]}}

Shirt clásica sarga manga corta mujer

<ul>
<li>130 g/m²</li>
<li>100% algodón sarga , suave al tacto</li>
<li>Cuello cómodo</li>
<li>Cuello encintado en espiguilla</li>
<li>Canesú en espalda con botón central decorativo</li>
<li>Botones a juego</li>
<li>Corte clásico</li>
<li>Costura reforzada</li>
<li>Dobladillo redondeado</li>
<li>Botones de repuesto</li>
</ul>

<p>130 g/m²100% algodón sarga , suave al tactoCuello cómodoCuello encintado en espiguillaCanesú en espalda con botón central decorativoBotones a juegoCorte clásicoCostura reforzadaDobladillo redondeadoBo</p>
