{"id":395852,"date":"2026-03-08T05:03:29","date_gmt":"2026-03-08T04:03:29","guid":{"rendered":"https:\/\/grupotextil.es\/producto\/camisa-manga-larga-stretch-oxford\/"},"modified":"2026-03-08T05:03:29","modified_gmt":"2026-03-08T04:03:29","slug":"camisa-manga-larga-stretch-oxford","status":"publish","type":"product","link":"https:\/\/grupotextil.es\/ca\/product\/camisa-manga-larga-stretch-oxford\/","title":{"rendered":"Shirt Long Sleeve Stretch Oxford"},"content":{"rendered":"<ul>\n<li>143 g\/m\u00b2<\/li>\n<li>58% algod\u00f3n, 39% poli\u00e9ster, 3% elastano<\/li>\n<li>Cuello mandar\u00edn<\/li>\n<li>Canes\u00fa en espalda<\/li>\n<li>Pinzas traseras<\/li>\n<li>Pu\u00f1o de 2 botones con tapeta abotonada<\/li>\n<li>Dobladillo redondeado<\/li>\n<li>Botones de repuesto<\/li>\n<li>Ajustado.<\/li>\n<\/ul>","protected":false},"excerpt":{"rendered":"<p>143 g\/m\u00b258% algod\u00f3n, 39% poli\u00e9ster, 3% elastanoCuello mandar\u00ednCanes\u00fa en espaldaPinzas traserasPu\u00f1o de 2 botones con tapeta abotonadaDobladillo redondeadoBotones de repuestoAjustado.<\/p>","protected":false},"featured_media":425452,"comment_status":"open","ping_status":"closed","template":"","meta":{"_acf_changed":false},"product_brand":[11672],"product_cat":[13938],"product_tag":[],"class_list":{"0":"post-395852","1":"product","2":"type-product","3":"status-publish","4":"has-post-thumbnail","6":"product_brand-kustom-kit","7":"product_cat-camisas-corporativas","8":"tm-no-options","10":"first","11":"instock","12":"taxable","13":"shipping-taxable","14":"product-type-variable"},"acf":[],"_links":{"self":[{"href":"https:\/\/grupotextil.es\/ca\/wp-json\/wp\/v2\/product\/395852","targetHints":{"allow":["GET"]}}],"collection":[{"href":"https:\/\/grupotextil.es\/ca\/wp-json\/wp\/v2\/product"}],"about":[{"href":"https:\/\/grupotextil.es\/ca\/wp-json\/wp\/v2\/types\/product"}],"replies":[{"embeddable":true,"href":"https:\/\/grupotextil.es\/ca\/wp-json\/wp\/v2\/comments?post=395852"}],"wp:featuredmedia":[{"embeddable":true,"href":"https:\/\/grupotextil.es\/ca\/wp-json\/wp\/v2\/media\/425452"}],"wp:attachment":[{"href":"https:\/\/grupotextil.es\/ca\/wp-json\/wp\/v2\/media?parent=395852"}],"wp:term":[{"taxonomy":"product_brand","embeddable":true,"href":"https:\/\/grupotextil.es\/ca\/wp-json\/wp\/v2\/product_brand?post=395852"},{"taxonomy":"product_cat","embeddable":true,"href":"https:\/\/grupotextil.es\/ca\/wp-json\/wp\/v2\/product_cat?post=395852"},{"taxonomy":"product_tag","embeddable":true,"href":"https:\/\/grupotextil.es\/ca\/wp-json\/wp\/v2\/product_tag?post=395852"}],"curies":[{"name":"wp","href":"https:\/\/api.w.org\/{rel}","templated":true}]}}

<ul>
<li>143 g/m²</li>
<li>58% algodón, 39% poliéster, 3% elastano</li>
<li>Cuello mandarín</li>
<li>Canesú en espalda</li>
<li>Pinzas traseras</li>
<li>Puño de 2 botones con tapeta abotonada</li>
<li>Dobladillo redondeado</li>
<li>Botones de repuesto</li>
<li>Ajustado.</li>
</ul>

<p>143 g/m²58% algodón, 39% poliéster, 3% elastanoCuello mandarínCanesú en espaldaPinzas traserasPuño de 2 botones con tapeta abotonadaDobladillo redondeadoBotones de repuestoAjustado.</p>
