{"id":396170,"date":"2026-03-08T05:07:31","date_gmt":"2026-03-08T04:07:31","guid":{"rendered":"https:\/\/grupotextil.es\/producto\/camisa-en-espiguilla-manga-corta-hombre\/"},"modified":"2026-03-08T05:07:31","modified_gmt":"2026-03-08T04:07:31","slug":"camisa-en-espiguilla-manga-corta-hombre","status":"publish","type":"product","link":"https:\/\/grupotextil.es\/ca\/product\/camisa-en-espiguilla-manga-corta-hombre\/","title":{"rendered":"Shirt en espiguilla manga corta hombre"},"content":{"rendered":"<ul>\n<li>130 g\/m\u00b2 (White: 125 g\/m\u00b2)<\/li>\n<li>84% algod\u00f3n, 16% poli\u00e9ster (mini espiguilla)<\/li>\n<li>Tejido cl\u00e1sico, no transparenta<\/li>\n<li>Cuello corto semi-italiano<\/li>\n<li>Tapeta estrecha<\/li>\n<li>Corte entallado<\/li>\n<li>No precisa cuidados especiales<\/li>\n<\/ul>","protected":false},"excerpt":{"rendered":"<p>130 g\/m\u00b2 (White: 125 g\/m\u00b2)84% algod\u00f3n, 16% poli\u00e9ster (mini espiguilla)Tejido cl\u00e1sico, no transparentaCuello corto semi-italianoTapeta estrechaCorte entalladoNo precisa cuidados especiales<\/p>","protected":false},"featured_media":425546,"comment_status":"open","ping_status":"closed","template":"","meta":{"_acf_changed":false},"product_brand":[11670],"product_cat":[13938,13973],"product_tag":[],"class_list":{"0":"post-396170","1":"product","2":"type-product","3":"status-publish","4":"has-post-thumbnail","6":"product_brand-russell-europe","7":"product_cat-camisas-corporativas","8":"product_cat-ropa","9":"tm-no-options","11":"first","12":"instock","13":"taxable","14":"shipping-taxable","15":"product-type-variable"},"acf":[],"_links":{"self":[{"href":"https:\/\/grupotextil.es\/ca\/wp-json\/wp\/v2\/product\/396170","targetHints":{"allow":["GET"]}}],"collection":[{"href":"https:\/\/grupotextil.es\/ca\/wp-json\/wp\/v2\/product"}],"about":[{"href":"https:\/\/grupotextil.es\/ca\/wp-json\/wp\/v2\/types\/product"}],"replies":[{"embeddable":true,"href":"https:\/\/grupotextil.es\/ca\/wp-json\/wp\/v2\/comments?post=396170"}],"wp:featuredmedia":[{"embeddable":true,"href":"https:\/\/grupotextil.es\/ca\/wp-json\/wp\/v2\/media\/425546"}],"wp:attachment":[{"href":"https:\/\/grupotextil.es\/ca\/wp-json\/wp\/v2\/media?parent=396170"}],"wp:term":[{"taxonomy":"product_brand","embeddable":true,"href":"https:\/\/grupotextil.es\/ca\/wp-json\/wp\/v2\/product_brand?post=396170"},{"taxonomy":"product_cat","embeddable":true,"href":"https:\/\/grupotextil.es\/ca\/wp-json\/wp\/v2\/product_cat?post=396170"},{"taxonomy":"product_tag","embeddable":true,"href":"https:\/\/grupotextil.es\/ca\/wp-json\/wp\/v2\/product_tag?post=396170"}],"curies":[{"name":"wp","href":"https:\/\/api.w.org\/{rel}","templated":true}]}}

<ul>
<li>130 g/m² (White: 125 g/m²)</li>
<li>84% algodón, 16% poliéster (mini espiguilla)</li>
<li>Tejido clásico, no transparenta</li>
<li>Cuello corto semi-italiano</li>
<li>Tapeta estrecha</li>
<li>Corte entallado</li>
<li>No precisa cuidados especiales</li>
</ul>

<p>130 g/m² (White: 125 g/m²)84% algodón, 16% poliéster (mini espiguilla)Tejido clásico, no transparentaCuello corto semi-italianoTapeta estrechaCorte entalladoNo precisa cuidados especiales</p>
