{"id":396524,"date":"2026-03-08T05:10:52","date_gmt":"2026-03-08T04:10:52","guid":{"rendered":"https:\/\/grupotextil.es\/producto\/chaqueta-termica-con-capucha-navigate-hombre\/"},"modified":"2026-03-08T05:10:52","modified_gmt":"2026-03-08T04:10:52","slug":"chaqueta-termica-con-capucha-navigate-hombre","status":"publish","type":"product","link":"https:\/\/grupotextil.es\/ca\/product\/chaqueta-termica-con-capucha-navigate-hombre\/","title":{"rendered":"Chaqueta t\u00e9rmica con capucha Navigate hombre"},"content":{"rendered":"<ul>\n<li>100% poli\u00e9ster reciclado parcialmente<\/li>\n<li>Relleno: 100% poli\u00e9ster (reciclado), Warmloft<\/li>\n<li>Acabado repelente al agua<\/li>\n<li>Capucha integrada con cord\u00f3n de ajuste<\/li>\n<li>Cremallera completa con solapa interior<\/li>\n<li>Bolsillo en el pecho con cremallera<\/li>\n<li>2 bolsillos delanteros inferiores con cremallera<\/li>\n<li>Bolsillo de seguridad en el interior<\/li>\n<li>Pu\u00f1os ajustables con cierre de velcro<\/li>\n<li>Bolsillo interior oculto con cremallera para acceder al bordado<\/li>\n<\/ul>","protected":false},"excerpt":{"rendered":"<p>100% poli\u00e9ster reciclado parcialmenteRelleno: 100% poli\u00e9ster (reciclado), WarmloftAcabado repelente al aguaCapucha integrada con cord\u00f3n de ajusteCremallera completa con solapa interiorBolsillo en el p<\/p>","protected":false},"featured_media":425668,"comment_status":"open","ping_status":"closed","template":"","meta":{"_acf_changed":false},"product_brand":[11656],"product_cat":[13938,13930,13973],"product_tag":[],"class_list":{"0":"post-396524","1":"product","2":"type-product","3":"status-publish","4":"has-post-thumbnail","6":"product_brand-regatta","7":"product_cat-camisas-corporativas","8":"product_cat-laboral","9":"product_cat-ropa","10":"tm-no-options","12":"first","13":"instock","14":"taxable","15":"shipping-taxable","16":"product-type-variable"},"acf":[],"_links":{"self":[{"href":"https:\/\/grupotextil.es\/ca\/wp-json\/wp\/v2\/product\/396524","targetHints":{"allow":["GET"]}}],"collection":[{"href":"https:\/\/grupotextil.es\/ca\/wp-json\/wp\/v2\/product"}],"about":[{"href":"https:\/\/grupotextil.es\/ca\/wp-json\/wp\/v2\/types\/product"}],"replies":[{"embeddable":true,"href":"https:\/\/grupotextil.es\/ca\/wp-json\/wp\/v2\/comments?post=396524"}],"wp:featuredmedia":[{"embeddable":true,"href":"https:\/\/grupotextil.es\/ca\/wp-json\/wp\/v2\/media\/425668"}],"wp:attachment":[{"href":"https:\/\/grupotextil.es\/ca\/wp-json\/wp\/v2\/media?parent=396524"}],"wp:term":[{"taxonomy":"product_brand","embeddable":true,"href":"https:\/\/grupotextil.es\/ca\/wp-json\/wp\/v2\/product_brand?post=396524"},{"taxonomy":"product_cat","embeddable":true,"href":"https:\/\/grupotextil.es\/ca\/wp-json\/wp\/v2\/product_cat?post=396524"},{"taxonomy":"product_tag","embeddable":true,"href":"https:\/\/grupotextil.es\/ca\/wp-json\/wp\/v2\/product_tag?post=396524"}],"curies":[{"name":"wp","href":"https:\/\/api.w.org\/{rel}","templated":true}]}}

Chaqueta térmica con capucha Navigate hombre

<ul>
<li>100% poliéster reciclado parcialmente</li>
<li>Relleno: 100% poliéster (reciclado), Warmloft</li>
<li>Acabado repelente al agua</li>
<li>Capucha integrada con cordón de ajuste</li>
<li>Cremallera completa con solapa interior</li>
<li>Bolsillo en el pecho con cremallera</li>
<li>2 bolsillos delanteros inferiores con cremallera</li>
<li>Bolsillo de seguridad en el interior</li>
<li>Puños ajustables con cierre de velcro</li>
<li>Bolsillo interior oculto con cremallera para acceder al bordado</li>
</ul>

<p>100% poliéster reciclado parcialmenteRelleno: 100% poliéster (reciclado), WarmloftAcabado repelente al aguaCapucha integrada con cordón de ajusteCremallera completa con solapa interiorBolsillo en el p</p>
