{"id":396920,"date":"2026-03-08T05:13:22","date_gmt":"2026-03-08T04:13:22","guid":{"rendered":"https:\/\/grupotextil.es\/producto\/camisa-ajustada-manga-corta\/"},"modified":"2026-03-08T05:13:22","modified_gmt":"2026-03-08T04:13:22","slug":"camisa-ajustada-manga-corta","status":"publish","type":"product","link":"https:\/\/grupotextil.es\/ca\/product\/camisa-ajustada-manga-corta\/","title":{"rendered":"Camisa ajustada manga corta"},"content":{"rendered":"<ul>\n<li>140 g\/m\u00b2<\/li>\n<li>97% algod\u00f3n 3% elast\u00e1n<\/li>\n<li>Cuello cl\u00e1sico con bot\u00f3n<\/li>\n<li>Mangas muy cortas<\/li>\n<li>Botones a juego<\/li>\n<li>Pinzas en pecho,dobladillo frontal y trasero para un corte entallado<\/li>\n<li>Dobladillo ligeramente redondeado<\/li>\n<li>Botones de repuesto<\/li>\n<li>F\u00e1cil cuidado<\/li>\n<\/ul>","protected":false},"excerpt":{"rendered":"<p>140 g\/m\u00b297% algod\u00f3n 3% elast\u00e1nCuello cl\u00e1sico con bot\u00f3nMangas muy cortasBotones a juegoPinzas en pecho,dobladillo frontal y trasero para un corte entalladoDobladillo ligeramente redondeadoBotones de re<\/p>","protected":false},"featured_media":425786,"comment_status":"open","ping_status":"closed","template":"","meta":{"_acf_changed":false},"product_brand":[11670],"product_cat":[13938,13930,13973],"product_tag":[],"class_list":{"0":"post-396920","1":"product","2":"type-product","3":"status-publish","4":"has-post-thumbnail","6":"product_brand-russell-europe","7":"product_cat-camisas-corporativas","8":"product_cat-laboral","9":"product_cat-ropa","10":"tm-no-options","12":"first","13":"instock","14":"taxable","15":"shipping-taxable","16":"product-type-variable"},"acf":[],"_links":{"self":[{"href":"https:\/\/grupotextil.es\/ca\/wp-json\/wp\/v2\/product\/396920","targetHints":{"allow":["GET"]}}],"collection":[{"href":"https:\/\/grupotextil.es\/ca\/wp-json\/wp\/v2\/product"}],"about":[{"href":"https:\/\/grupotextil.es\/ca\/wp-json\/wp\/v2\/types\/product"}],"replies":[{"embeddable":true,"href":"https:\/\/grupotextil.es\/ca\/wp-json\/wp\/v2\/comments?post=396920"}],"wp:featuredmedia":[{"embeddable":true,"href":"https:\/\/grupotextil.es\/ca\/wp-json\/wp\/v2\/media\/425786"}],"wp:attachment":[{"href":"https:\/\/grupotextil.es\/ca\/wp-json\/wp\/v2\/media?parent=396920"}],"wp:term":[{"taxonomy":"product_brand","embeddable":true,"href":"https:\/\/grupotextil.es\/ca\/wp-json\/wp\/v2\/product_brand?post=396920"},{"taxonomy":"product_cat","embeddable":true,"href":"https:\/\/grupotextil.es\/ca\/wp-json\/wp\/v2\/product_cat?post=396920"},{"taxonomy":"product_tag","embeddable":true,"href":"https:\/\/grupotextil.es\/ca\/wp-json\/wp\/v2\/product_tag?post=396920"}],"curies":[{"name":"wp","href":"https:\/\/api.w.org\/{rel}","templated":true}]}}

<ul>
<li>140 g/m²</li>
<li>97% algodón 3% elastán</li>
<li>Cuello clásico con botón</li>
<li>Mangas muy cortas</li>
<li>Botones a juego</li>
<li>Pinzas en pecho,dobladillo frontal y trasero para un corte entallado</li>
<li>Dobladillo ligeramente redondeado</li>
<li>Botones de repuesto</li>
<li>Fácil cuidado</li>
</ul>

<p>140 g/m²97% algodón 3% elastánCuello clásico con botónMangas muy cortasBotones a juegoPinzas en pecho,dobladillo frontal y trasero para un corte entalladoDobladillo ligeramente redondeadoBotones de re</p>
