{"id":396928,"date":"2026-03-08T05:13:23","date_gmt":"2026-03-08T04:13:23","guid":{"rendered":"https:\/\/grupotextil.es\/producto\/camisa-continental-cuello-mandarin\/"},"modified":"2026-03-08T05:13:23","modified_gmt":"2026-03-08T04:13:23","slug":"camisa-continental-cuello-mandarin","status":"publish","type":"product","link":"https:\/\/grupotextil.es\/ca\/product\/camisa-continental-cuello-mandarin\/","title":{"rendered":"Camisa Continental cuello mandar\u00edn"},"content":{"rendered":"<ul>\n<li>115 g\/m\u00b2<\/li>\n<li>35% algod\u00f3n; 65% poli\u00e9ster<\/li>\n<li>Blusa estilo asi\u00e1tico<\/li>\n<li>Cuello mandar\u00edn<\/li>\n<li>Mangas muy cortas<\/li>\n<li>Botones del mismo color de la prenda<\/li>\n<li>Pinzas delanteras y traseras para un corte ajustado<\/li>\n<li>Bajo curvado<\/li>\n<li>F\u00e1cil planchado<\/li>\n<li>F\u00e1cil plancha<\/li>\n<\/ul>","protected":false},"excerpt":{"rendered":"<p>115 g\/m\u00b235% algod\u00f3n; 65% poli\u00e9sterBlusa estilo asi\u00e1ticoCuello mandar\u00ednMangas muy cortasBotones del mismo color de la prendaPinzas delanteras y traseras para un corte ajustadoBajo curvadoF\u00e1cil planchad<\/p>","protected":false},"featured_media":425794,"comment_status":"open","ping_status":"closed","template":"","meta":{"_acf_changed":false},"product_brand":[11672],"product_cat":[13938,13930,13973],"product_tag":[],"class_list":{"0":"post-396928","1":"product","2":"type-product","3":"status-publish","4":"has-post-thumbnail","6":"product_brand-kustom-kit","7":"product_cat-camisas-corporativas","8":"product_cat-laboral","9":"product_cat-ropa","10":"tm-no-options","12":"first","13":"instock","14":"taxable","15":"shipping-taxable","16":"product-type-variable"},"acf":[],"_links":{"self":[{"href":"https:\/\/grupotextil.es\/ca\/wp-json\/wp\/v2\/product\/396928","targetHints":{"allow":["GET"]}}],"collection":[{"href":"https:\/\/grupotextil.es\/ca\/wp-json\/wp\/v2\/product"}],"about":[{"href":"https:\/\/grupotextil.es\/ca\/wp-json\/wp\/v2\/types\/product"}],"replies":[{"embeddable":true,"href":"https:\/\/grupotextil.es\/ca\/wp-json\/wp\/v2\/comments?post=396928"}],"wp:featuredmedia":[{"embeddable":true,"href":"https:\/\/grupotextil.es\/ca\/wp-json\/wp\/v2\/media\/425794"}],"wp:attachment":[{"href":"https:\/\/grupotextil.es\/ca\/wp-json\/wp\/v2\/media?parent=396928"}],"wp:term":[{"taxonomy":"product_brand","embeddable":true,"href":"https:\/\/grupotextil.es\/ca\/wp-json\/wp\/v2\/product_brand?post=396928"},{"taxonomy":"product_cat","embeddable":true,"href":"https:\/\/grupotextil.es\/ca\/wp-json\/wp\/v2\/product_cat?post=396928"},{"taxonomy":"product_tag","embeddable":true,"href":"https:\/\/grupotextil.es\/ca\/wp-json\/wp\/v2\/product_tag?post=396928"}],"curies":[{"name":"wp","href":"https:\/\/api.w.org\/{rel}","templated":true}]}}

Camisa Continental cuello mandarín

<ul>
<li>115 g/m²</li>
<li>35% algodón; 65% poliéster</li>
<li>Blusa estilo asiático</li>
<li>Cuello mandarín</li>
<li>Mangas muy cortas</li>
<li>Botones del mismo color de la prenda</li>
<li>Pinzas delanteras y traseras para un corte ajustado</li>
<li>Bajo curvado</li>
<li>Fácil planchado</li>
<li>Fácil plancha</li>
</ul>

<p>115 g/m²35% algodón; 65% poliésterBlusa estilo asiáticoCuello mandarínMangas muy cortasBotones del mismo color de la prendaPinzas delanteras y traseras para un corte ajustadoBajo curvadoFácil planchad</p>
