{"id":397621,"date":"2026-03-08T05:17:28","date_gmt":"2026-03-08T04:17:28","guid":{"rendered":"https:\/\/grupotextil.es\/producto\/polar-acolchado-polartherm\/"},"modified":"2026-03-08T05:17:28","modified_gmt":"2026-03-08T04:17:28","slug":"polar-acolchado-polartherm","status":"publish","type":"product","link":"https:\/\/grupotextil.es\/ca\/product\/polar-acolchado-polartherm\/","title":{"rendered":"Polar acolchado Polartherm\u2122"},"content":{"rendered":"<ul>\n<li>280 g\/m\u00b2<\/li>\n<li>Exterior: polar de 100% poli\u00e9ster<\/li>\n<li>Interior: forro acolchado a cuadros de 100% poli\u00e9ster con 150 g de aislamiento polar-therm<\/li>\n<li>Cremallera frontal entera<\/li>\n<li>Dos bolsillos laterales<\/li>\n<li>Pu\u00f1os el\u00e1sticos<\/li>\n<li>Cord\u00f3n de ajuste en el lateral<\/li>\n<\/ul>","protected":false},"excerpt":{"rendered":"<p>280 g\/m\u00b2Exterior: polar de 100% poli\u00e9sterInterior: forro acolchado a cuadros de 100% poli\u00e9ster con 150 g de aislamiento polar-thermCremallera frontal enteraDos bolsillos lateralesPu\u00f1os el\u00e1sticosCord\u00f3n<\/p>","protected":false},"featured_media":425965,"comment_status":"open","ping_status":"closed","template":"","meta":{"_acf_changed":false},"product_brand":[11669],"product_cat":[13990,13981,13974,13975,13973],"product_tag":[],"class_list":{"0":"post-397621","1":"product","2":"type-product","3":"status-publish","4":"has-post-thumbnail","6":"product_brand-result","7":"product_cat-m-chaquetas-y-abrigos","8":"product_cat-h-chaquetas-y-abrigos","9":"product_cat-ropa-hombre","10":"product_cat-ropa-mujer","11":"product_cat-ropa","12":"tm-no-options","14":"first","15":"instock","16":"taxable","17":"shipping-taxable","18":"product-type-variable"},"acf":[],"_links":{"self":[{"href":"https:\/\/grupotextil.es\/ca\/wp-json\/wp\/v2\/product\/397621","targetHints":{"allow":["GET"]}}],"collection":[{"href":"https:\/\/grupotextil.es\/ca\/wp-json\/wp\/v2\/product"}],"about":[{"href":"https:\/\/grupotextil.es\/ca\/wp-json\/wp\/v2\/types\/product"}],"replies":[{"embeddable":true,"href":"https:\/\/grupotextil.es\/ca\/wp-json\/wp\/v2\/comments?post=397621"}],"wp:featuredmedia":[{"embeddable":true,"href":"https:\/\/grupotextil.es\/ca\/wp-json\/wp\/v2\/media\/425965"}],"wp:attachment":[{"href":"https:\/\/grupotextil.es\/ca\/wp-json\/wp\/v2\/media?parent=397621"}],"wp:term":[{"taxonomy":"product_brand","embeddable":true,"href":"https:\/\/grupotextil.es\/ca\/wp-json\/wp\/v2\/product_brand?post=397621"},{"taxonomy":"product_cat","embeddable":true,"href":"https:\/\/grupotextil.es\/ca\/wp-json\/wp\/v2\/product_cat?post=397621"},{"taxonomy":"product_tag","embeddable":true,"href":"https:\/\/grupotextil.es\/ca\/wp-json\/wp\/v2\/product_tag?post=397621"}],"curies":[{"name":"wp","href":"https:\/\/api.w.org\/{rel}","templated":true}]}}

<ul>
<li>280 g/m²</li>
<li>Exterior: polar de 100% poliéster</li>
<li>Interior: forro acolchado a cuadros de 100% poliéster con 150 g de aislamiento polar-therm</li>
<li>Cremallera frontal entera</li>
<li>Dos bolsillos laterales</li>
<li>Puños elásticos</li>
<li>Cordón de ajuste en el lateral</li>
</ul>

<p>280 g/m²Exterior: polar de 100% poliésterInterior: forro acolchado a cuadros de 100% poliéster con 150 g de aislamiento polar-thermCremallera frontal enteraDos bolsillos lateralesPuños elásticosCordón</p>
