{"id":397649,"date":"2026-03-08T05:17:30","date_gmt":"2026-03-08T04:17:30","guid":{"rendered":"https:\/\/grupotextil.es\/producto\/polar-fashion\/"},"modified":"2026-03-08T05:17:30","modified_gmt":"2026-03-08T04:17:30","slug":"polar-fashion","status":"publish","type":"product","link":"https:\/\/grupotextil.es\/ca\/product\/polar-fashion\/","title":{"rendered":"Polar Fashion"},"content":{"rendered":"<ul>\n<li>280 g\/m\u00b2<\/li>\n<li>100% poli\u00e9ster<\/li>\n<li>Cremallera entera de 5mm<\/li>\n<li>2 bolsillos frontales con cremallera<\/li>\n<li>Pu\u00f1os el\u00e1sticos<\/li>\n<li>Bajo con cord\u00f3n ajustable<\/li>\n<li>Manga montada<\/li>\n<\/ul>","protected":false},"excerpt":{"rendered":"<p>280 g\/m\u00b2100% poli\u00e9sterCremallera entera de 5mm2 bolsillos frontales con cremalleraPu\u00f1os el\u00e1sticosBajo con cord\u00f3n ajustableManga montada<\/p>","protected":false},"featured_media":425971,"comment_status":"open","ping_status":"closed","template":"","meta":{"_acf_changed":false},"product_brand":[11669],"product_cat":[13981,13990,13974,13975,13973],"product_tag":[14009],"class_list":{"0":"post-397649","1":"product","2":"type-product","3":"status-publish","4":"has-post-thumbnail","6":"product_brand-result","7":"product_cat-h-chaquetas-y-abrigos","8":"product_cat-m-chaquetas-y-abrigos","9":"product_cat-ropa-hombre","10":"product_cat-ropa-mujer","11":"product_cat-ropa","12":"product_tag-top-ventas","13":"tm-no-options","15":"first","16":"instock","17":"taxable","18":"shipping-taxable","19":"product-type-variable"},"acf":[],"_links":{"self":[{"href":"https:\/\/grupotextil.es\/ca\/wp-json\/wp\/v2\/product\/397649","targetHints":{"allow":["GET"]}}],"collection":[{"href":"https:\/\/grupotextil.es\/ca\/wp-json\/wp\/v2\/product"}],"about":[{"href":"https:\/\/grupotextil.es\/ca\/wp-json\/wp\/v2\/types\/product"}],"replies":[{"embeddable":true,"href":"https:\/\/grupotextil.es\/ca\/wp-json\/wp\/v2\/comments?post=397649"}],"wp:featuredmedia":[{"embeddable":true,"href":"https:\/\/grupotextil.es\/ca\/wp-json\/wp\/v2\/media\/425971"}],"wp:attachment":[{"href":"https:\/\/grupotextil.es\/ca\/wp-json\/wp\/v2\/media?parent=397649"}],"wp:term":[{"taxonomy":"product_brand","embeddable":true,"href":"https:\/\/grupotextil.es\/ca\/wp-json\/wp\/v2\/product_brand?post=397649"},{"taxonomy":"product_cat","embeddable":true,"href":"https:\/\/grupotextil.es\/ca\/wp-json\/wp\/v2\/product_cat?post=397649"},{"taxonomy":"product_tag","embeddable":true,"href":"https:\/\/grupotextil.es\/ca\/wp-json\/wp\/v2\/product_tag?post=397649"}],"curies":[{"name":"wp","href":"https:\/\/api.w.org\/{rel}","templated":true}]}}

<ul>
<li>280 g/m²</li>
<li>100% poliéster</li>
<li>Cremallera entera de 5mm</li>
<li>2 bolsillos frontales con cremallera</li>
<li>Puños elásticos</li>
<li>Bajo con cordón ajustable</li>
<li>Manga montada</li>
</ul>

<p>280 g/m²100% poliésterCremallera entera de 5mm2 bolsillos frontales con cremalleraPuños elásticosBajo con cordón ajustableManga montada</p>
