{"id":397884,"date":"2026-03-08T05:17:41","date_gmt":"2026-03-08T04:17:41","guid":{"rendered":"https:\/\/grupotextil.es\/producto\/chaqueta-softshell-uproar\/"},"modified":"2026-03-08T05:17:41","modified_gmt":"2026-03-08T04:17:41","slug":"chaqueta-softshell-uproar","status":"publish","type":"product","link":"https:\/\/grupotextil.es\/ca\/product\/chaqueta-softshell-uproar\/","title":{"rendered":"Jacket Softshell Uproar"},"content":{"rendered":"<ul>\n<li>270 g\/m\u00b2<\/li>\n<li>96% poli\u00e9ster, 4% elastano reciclado parcialmente<\/li>\n<li>Softshell cl\u00e1sico<\/li>\n<li>Cremallera entera<\/li>\n<li>Dos bolsillos con cremallera<\/li>\n<li>Bajo con cord\u00f3n ajustable<\/li>\n<li>Tejido soft shell stretch c\u00e1lido<\/li>\n<li>Acabado con repelente al agua duradero<\/li>\n<li>Resistente al viento<\/li>\n<li>Ligero y f\u00e1cil de llevar<\/li>\n<li>R\u00e1pido secado<\/li>\n<li>Muy suave<\/li>\n<li>No necesita cuidados especiales<\/li>\n<\/ul>","protected":false},"excerpt":{"rendered":"<p>270 g\/m\u00b296% poli\u00e9ster, 4% elastano reciclado parcialmenteSoftshell cl\u00e1sicoCremallera enteraDos bolsillos con cremalleraBajo con cord\u00f3n ajustableTejido soft shell stretch c\u00e1lidoAcabado con repelente al<\/p>","protected":false},"featured_media":426049,"comment_status":"open","ping_status":"closed","template":"","meta":{"_acf_changed":false},"product_brand":[11656],"product_cat":[13931,13981,13990,13974,13930,13975,13973],"product_tag":[14009],"class_list":{"0":"post-397884","1":"product","2":"type-product","3":"status-publish","4":"has-post-thumbnail","6":"product_brand-regatta","7":"product_cat-rl-alta-visibilidad","8":"product_cat-h-chaquetas-y-abrigos","9":"product_cat-m-chaquetas-y-abrigos","10":"product_cat-ropa-hombre","11":"product_cat-laboral","12":"product_cat-ropa-mujer","13":"product_cat-ropa","14":"product_tag-top-ventas","15":"tm-no-options","17":"first","18":"instock","19":"taxable","20":"shipping-taxable","21":"product-type-variable"},"acf":[],"_links":{"self":[{"href":"https:\/\/grupotextil.es\/ca\/wp-json\/wp\/v2\/product\/397884","targetHints":{"allow":["GET"]}}],"collection":[{"href":"https:\/\/grupotextil.es\/ca\/wp-json\/wp\/v2\/product"}],"about":[{"href":"https:\/\/grupotextil.es\/ca\/wp-json\/wp\/v2\/types\/product"}],"replies":[{"embeddable":true,"href":"https:\/\/grupotextil.es\/ca\/wp-json\/wp\/v2\/comments?post=397884"}],"wp:featuredmedia":[{"embeddable":true,"href":"https:\/\/grupotextil.es\/ca\/wp-json\/wp\/v2\/media\/426049"}],"wp:attachment":[{"href":"https:\/\/grupotextil.es\/ca\/wp-json\/wp\/v2\/media?parent=397884"}],"wp:term":[{"taxonomy":"product_brand","embeddable":true,"href":"https:\/\/grupotextil.es\/ca\/wp-json\/wp\/v2\/product_brand?post=397884"},{"taxonomy":"product_cat","embeddable":true,"href":"https:\/\/grupotextil.es\/ca\/wp-json\/wp\/v2\/product_cat?post=397884"},{"taxonomy":"product_tag","embeddable":true,"href":"https:\/\/grupotextil.es\/ca\/wp-json\/wp\/v2\/product_tag?post=397884"}],"curies":[{"name":"wp","href":"https:\/\/api.w.org\/{rel}","templated":true}]}}

<ul>
<li>270 g/m²</li>
<li>96% poliéster, 4% elastano reciclado parcialmente</li>
<li>Softshell clásico</li>
<li>Cremallera entera</li>
<li>Dos bolsillos con cremallera</li>
<li>Bajo con cordón ajustable</li>
<li>Tejido soft shell stretch cálido</li>
<li>Acabado con repelente al agua duradero</li>
<li>Resistente al viento</li>
<li>Ligero y fácil de llevar</li>
<li>Rápido secado</li>
<li>Muy suave</li>
<li>No necesita cuidados especiales</li>
</ul>

<p>270 g/m²96% poliéster, 4% elastano reciclado parcialmenteSoftshell clásicoCremallera enteraDos bolsillos con cremalleraBajo con cordón ajustableTejido soft shell stretch cálidoAcabado con repelente al</p>
