{"id":397984,"date":"2026-03-08T05:17:46","date_gmt":"2026-03-08T04:17:46","guid":{"rendered":"https:\/\/grupotextil.es\/producto\/polar-ajustado-mujer\/"},"modified":"2026-03-08T05:17:46","modified_gmt":"2026-03-08T04:17:46","slug":"polar-ajustado-mujer","status":"publish","type":"product","link":"https:\/\/grupotextil.es\/ca\/product\/polar-ajustado-mujer\/","title":{"rendered":"Polar ajustado mujer"},"content":{"rendered":"<ul>\n<li>280 g\/m\u00b2<\/li>\n<li>100% poli\u00e9ster<\/li>\n<li>Transpirable<\/li>\n<li>Costuras del cuello cubiertas<\/li>\n<li>Mangas montadas<\/li>\n<li>Cremallera entera<\/li>\n<li>Bolsillos con cremallera<\/li>\n<li>Pu\u00f1os el\u00e1sticos<\/li>\n<li>Detalle de doble puntada<\/li>\n<li>Cintura ajustada<\/li>\n<li>Apropiado para bordado, impresi\u00f3n por transfery grabado con l\u00e1ser<\/li>\n<\/ul>","protected":false},"excerpt":{"rendered":"<p>280 g\/m\u00b2100% poli\u00e9sterTranspirableCosturas del cuello cubiertasMangas montadasCremallera enteraBolsillos con cremalleraPu\u00f1os el\u00e1sticosDetalle de doble puntadaCintura ajustadaApropiado para bordado, im<\/p>","protected":false},"featured_media":426077,"comment_status":"open","ping_status":"closed","template":"","meta":{"_acf_changed":false},"product_brand":[11669],"product_cat":[13931,13981,13990,13974,13930,13975,13973],"product_tag":[],"class_list":{"0":"post-397984","1":"product","2":"type-product","3":"status-publish","4":"has-post-thumbnail","6":"product_brand-result","7":"product_cat-rl-alta-visibilidad","8":"product_cat-h-chaquetas-y-abrigos","9":"product_cat-m-chaquetas-y-abrigos","10":"product_cat-ropa-hombre","11":"product_cat-laboral","12":"product_cat-ropa-mujer","13":"product_cat-ropa","14":"tm-no-options","16":"first","17":"instock","18":"taxable","19":"shipping-taxable","20":"product-type-variable"},"acf":[],"_links":{"self":[{"href":"https:\/\/grupotextil.es\/ca\/wp-json\/wp\/v2\/product\/397984","targetHints":{"allow":["GET"]}}],"collection":[{"href":"https:\/\/grupotextil.es\/ca\/wp-json\/wp\/v2\/product"}],"about":[{"href":"https:\/\/grupotextil.es\/ca\/wp-json\/wp\/v2\/types\/product"}],"replies":[{"embeddable":true,"href":"https:\/\/grupotextil.es\/ca\/wp-json\/wp\/v2\/comments?post=397984"}],"wp:featuredmedia":[{"embeddable":true,"href":"https:\/\/grupotextil.es\/ca\/wp-json\/wp\/v2\/media\/426077"}],"wp:attachment":[{"href":"https:\/\/grupotextil.es\/ca\/wp-json\/wp\/v2\/media?parent=397984"}],"wp:term":[{"taxonomy":"product_brand","embeddable":true,"href":"https:\/\/grupotextil.es\/ca\/wp-json\/wp\/v2\/product_brand?post=397984"},{"taxonomy":"product_cat","embeddable":true,"href":"https:\/\/grupotextil.es\/ca\/wp-json\/wp\/v2\/product_cat?post=397984"},{"taxonomy":"product_tag","embeddable":true,"href":"https:\/\/grupotextil.es\/ca\/wp-json\/wp\/v2\/product_tag?post=397984"}],"curies":[{"name":"wp","href":"https:\/\/api.w.org\/{rel}","templated":true}]}}

<ul>
<li>280 g/m²</li>
<li>100% poliéster</li>
<li>Transpirable</li>
<li>Costuras del cuello cubiertas</li>
<li>Mangas montadas</li>
<li>Cremallera entera</li>
<li>Bolsillos con cremallera</li>
<li>Puños elásticos</li>
<li>Detalle de doble puntada</li>
<li>Cintura ajustada</li>
<li>Apropiado para bordado, impresión por transfery grabado con láser</li>
</ul>

<p>280 g/m²100% poliésterTranspirableCosturas del cuello cubiertasMangas montadasCremallera enteraBolsillos con cremalleraPuños elásticosDetalle de doble puntadaCintura ajustadaApropiado para bordado, im</p>
