{"id":398107,"date":"2026-03-08T05:17:54","date_gmt":"2026-03-08T04:17:54","guid":{"rendered":"https:\/\/grupotextil.es\/producto\/forro-polar-elastico-hombre\/"},"modified":"2026-03-08T05:17:54","modified_gmt":"2026-03-08T04:17:54","slug":"forro-polar-elastico-hombre","status":"publish","type":"product","link":"https:\/\/grupotextil.es\/ca\/product\/forro-polar-elastico-hombre\/","title":{"rendered":"Forro Polar el\u00e1stico hombre"},"content":{"rendered":"<ul>\n<li>235 g\/m\u00b2<\/li>\n<li>90% poli\u00e9ster, 10% elastano<\/li>\n<li>Cuello levantado<\/li>\n<li>Mangas ragl\u00e1n<\/li>\n<li>Bolsillo en el pecho y laterales con cremallera<\/li>\n<li>Cremallera completa SBS con protecci\u00f3n para la barbilla<\/li>\n<li>Pu\u00f1os y dobladillo el\u00e1sticos<\/li>\n<li>Ajuste a medida<\/li>\n<\/ul>","protected":false},"excerpt":{"rendered":"<p>235 g\/m\u00b290% poli\u00e9ster, 10% elastanoCuello levantadoMangas ragl\u00e1nBolsillo en el pecho y laterales con cremalleraCremallera completa SBS con protecci\u00f3n para la barbillaPu\u00f1os y dobladillo el\u00e1sticosAjuste<\/p>","protected":false},"featured_media":426122,"comment_status":"open","ping_status":"closed","template":"","meta":{"_acf_changed":false},"product_brand":[11671],"product_cat":[13931,13990,13981,13974,13930,13975,13973],"product_tag":[],"class_list":{"0":"post-398107","1":"product","2":"type-product","3":"status-publish","4":"has-post-thumbnail","6":"product_brand-tee-jays","7":"product_cat-rl-alta-visibilidad","8":"product_cat-m-chaquetas-y-abrigos","9":"product_cat-h-chaquetas-y-abrigos","10":"product_cat-ropa-hombre","11":"product_cat-laboral","12":"product_cat-ropa-mujer","13":"product_cat-ropa","14":"tm-no-options","16":"first","17":"instock","18":"taxable","19":"shipping-taxable","20":"product-type-variable"},"acf":[],"_links":{"self":[{"href":"https:\/\/grupotextil.es\/ca\/wp-json\/wp\/v2\/product\/398107","targetHints":{"allow":["GET"]}}],"collection":[{"href":"https:\/\/grupotextil.es\/ca\/wp-json\/wp\/v2\/product"}],"about":[{"href":"https:\/\/grupotextil.es\/ca\/wp-json\/wp\/v2\/types\/product"}],"replies":[{"embeddable":true,"href":"https:\/\/grupotextil.es\/ca\/wp-json\/wp\/v2\/comments?post=398107"}],"wp:featuredmedia":[{"embeddable":true,"href":"https:\/\/grupotextil.es\/ca\/wp-json\/wp\/v2\/media\/426122"}],"wp:attachment":[{"href":"https:\/\/grupotextil.es\/ca\/wp-json\/wp\/v2\/media?parent=398107"}],"wp:term":[{"taxonomy":"product_brand","embeddable":true,"href":"https:\/\/grupotextil.es\/ca\/wp-json\/wp\/v2\/product_brand?post=398107"},{"taxonomy":"product_cat","embeddable":true,"href":"https:\/\/grupotextil.es\/ca\/wp-json\/wp\/v2\/product_cat?post=398107"},{"taxonomy":"product_tag","embeddable":true,"href":"https:\/\/grupotextil.es\/ca\/wp-json\/wp\/v2\/product_tag?post=398107"}],"curies":[{"name":"wp","href":"https:\/\/api.w.org\/{rel}","templated":true}]}}

Forro Polar elástico hombre

<ul>
<li>235 g/m²</li>
<li>90% poliéster, 10% elastano</li>
<li>Cuello levantado</li>
<li>Mangas raglán</li>
<li>Bolsillo en el pecho y laterales con cremallera</li>
<li>Cremallera completa SBS con protección para la barbilla</li>
<li>Puños y dobladillo elásticos</li>
<li>Ajuste a medida</li>
</ul>

<p>235 g/m²90% poliéster, 10% elastanoCuello levantadoMangas raglánBolsillo en el pecho y laterales con cremalleraCremallera completa SBS con protección para la barbillaPuños y dobladillo elásticosAjuste</p>
