{"id":398277,"date":"2026-03-08T05:18:04","date_gmt":"2026-03-08T04:18:04","guid":{"rendered":"https:\/\/grupotextil.es\/producto\/polar-thor-iii-interactive-mujer\/"},"modified":"2026-03-08T05:18:04","modified_gmt":"2026-03-08T04:18:04","slug":"polar-thor-iii-interactive-mujer","status":"publish","type":"product","link":"https:\/\/grupotextil.es\/ca\/product\/polar-thor-iii-interactive-mujer\/","title":{"rendered":"Polar Thor III Interactive mujer"},"content":{"rendered":"<ul>\n<li>280 g\/m\u00b2<\/li>\n<li>100% poli\u00e9ster reciclado parcialmente serie 280 anti-bolitas<\/li>\n<li>Cremallera completa<\/li>\n<li>Bolsillos laterales con cremallera<\/li>\n<li>Polar en pu\u00f1os<\/li>\n<li>Dobladillo inferior con cord\u00f3n ajustable<\/li>\n<li>Entallado<\/li>\n<\/ul>","protected":false},"excerpt":{"rendered":"<p>280 g\/m\u00b2100% poli\u00e9ster reciclado parcialmente serie 280 anti-bolitasCremallera completaBolsillos laterales con cremalleraPolar en pu\u00f1osDobladillo inferior con cord\u00f3n ajustableEntallado<\/p>","protected":false},"featured_media":426170,"comment_status":"open","ping_status":"closed","template":"","meta":{"_acf_changed":false},"product_brand":[11656],"product_cat":[13981,13990,13974,13975,13973],"product_tag":[],"class_list":{"0":"post-398277","1":"product","2":"type-product","3":"status-publish","4":"has-post-thumbnail","6":"product_brand-regatta","7":"product_cat-h-chaquetas-y-abrigos","8":"product_cat-m-chaquetas-y-abrigos","9":"product_cat-ropa-hombre","10":"product_cat-ropa-mujer","11":"product_cat-ropa","12":"tm-no-options","14":"first","15":"instock","16":"taxable","17":"shipping-taxable","18":"product-type-variable"},"acf":[],"_links":{"self":[{"href":"https:\/\/grupotextil.es\/ca\/wp-json\/wp\/v2\/product\/398277","targetHints":{"allow":["GET"]}}],"collection":[{"href":"https:\/\/grupotextil.es\/ca\/wp-json\/wp\/v2\/product"}],"about":[{"href":"https:\/\/grupotextil.es\/ca\/wp-json\/wp\/v2\/types\/product"}],"replies":[{"embeddable":true,"href":"https:\/\/grupotextil.es\/ca\/wp-json\/wp\/v2\/comments?post=398277"}],"wp:featuredmedia":[{"embeddable":true,"href":"https:\/\/grupotextil.es\/ca\/wp-json\/wp\/v2\/media\/426170"}],"wp:attachment":[{"href":"https:\/\/grupotextil.es\/ca\/wp-json\/wp\/v2\/media?parent=398277"}],"wp:term":[{"taxonomy":"product_brand","embeddable":true,"href":"https:\/\/grupotextil.es\/ca\/wp-json\/wp\/v2\/product_brand?post=398277"},{"taxonomy":"product_cat","embeddable":true,"href":"https:\/\/grupotextil.es\/ca\/wp-json\/wp\/v2\/product_cat?post=398277"},{"taxonomy":"product_tag","embeddable":true,"href":"https:\/\/grupotextil.es\/ca\/wp-json\/wp\/v2\/product_tag?post=398277"}],"curies":[{"name":"wp","href":"https:\/\/api.w.org\/{rel}","templated":true}]}}

<ul>
<li>280 g/m²</li>
<li>100% poliéster reciclado parcialmente serie 280 anti-bolitas</li>
<li>Cremallera completa</li>
<li>Bolsillos laterales con cremallera</li>
<li>Polar en puños</li>
<li>Dobladillo inferior con cordón ajustable</li>
<li>Entallado</li>
</ul>

<p>280 g/m²100% poliéster reciclado parcialmente serie 280 anti-bolitasCremallera completaBolsillos laterales con cremalleraPolar en puñosDobladillo inferior con cordón ajustableEntallado</p>
