{"id":398358,"date":"2026-03-08T05:18:20","date_gmt":"2026-03-08T04:18:20","guid":{"rendered":"https:\/\/grupotextil.es\/producto\/chaleco-polar-elastico\/"},"modified":"2026-03-08T05:18:20","modified_gmt":"2026-03-08T04:18:20","slug":"chaleco-polar-elastico","status":"publish","type":"product","link":"https:\/\/grupotextil.es\/ca\/product\/chaleco-polar-elastico\/","title":{"rendered":"Vest polar el\u00e1stico"},"content":{"rendered":"<ul>\n<li>235 g\/m\u00b2<\/li>\n<li>90% poli\u00e9ster, 10% elastano<\/li>\n<li>Cuello levantado<\/li>\n<li>Bolsillo en el pecho y laterales con cremallera<\/li>\n<li>Cremallera completa SBS con protecci\u00f3n para la barbilla<\/li>\n<li>Sisas, pu\u00f1os y bajos el\u00e1sticos<\/li>\n<li>Ajuste a medida<\/li>\n<\/ul>","protected":false},"excerpt":{"rendered":"<p>235 g\/m\u00b290% poli\u00e9ster, 10% elastanoCuello levantadoBolsillo en el pecho y laterales con cremalleraCremallera completa SBS con protecci\u00f3n para la barbillaSisas, pu\u00f1os y bajos el\u00e1sticosAjuste a medida<\/p>","protected":false},"featured_media":426188,"comment_status":"open","ping_status":"closed","template":"","meta":{"_acf_changed":false},"product_brand":[11671],"product_cat":[13981,13990,13974,13975,13973],"product_tag":[],"class_list":{"0":"post-398358","1":"product","2":"type-product","3":"status-publish","4":"has-post-thumbnail","6":"product_brand-tee-jays","7":"product_cat-h-chaquetas-y-abrigos","8":"product_cat-m-chaquetas-y-abrigos","9":"product_cat-ropa-hombre","10":"product_cat-ropa-mujer","11":"product_cat-ropa","12":"tm-no-options","14":"first","15":"instock","16":"taxable","17":"shipping-taxable","18":"product-type-variable"},"acf":[],"_links":{"self":[{"href":"https:\/\/grupotextil.es\/ca\/wp-json\/wp\/v2\/product\/398358","targetHints":{"allow":["GET"]}}],"collection":[{"href":"https:\/\/grupotextil.es\/ca\/wp-json\/wp\/v2\/product"}],"about":[{"href":"https:\/\/grupotextil.es\/ca\/wp-json\/wp\/v2\/types\/product"}],"replies":[{"embeddable":true,"href":"https:\/\/grupotextil.es\/ca\/wp-json\/wp\/v2\/comments?post=398358"}],"wp:featuredmedia":[{"embeddable":true,"href":"https:\/\/grupotextil.es\/ca\/wp-json\/wp\/v2\/media\/426188"}],"wp:attachment":[{"href":"https:\/\/grupotextil.es\/ca\/wp-json\/wp\/v2\/media?parent=398358"}],"wp:term":[{"taxonomy":"product_brand","embeddable":true,"href":"https:\/\/grupotextil.es\/ca\/wp-json\/wp\/v2\/product_brand?post=398358"},{"taxonomy":"product_cat","embeddable":true,"href":"https:\/\/grupotextil.es\/ca\/wp-json\/wp\/v2\/product_cat?post=398358"},{"taxonomy":"product_tag","embeddable":true,"href":"https:\/\/grupotextil.es\/ca\/wp-json\/wp\/v2\/product_tag?post=398358"}],"curies":[{"name":"wp","href":"https:\/\/api.w.org\/{rel}","templated":true}]}}

Vest polar elástico

<ul>
<li>235 g/m²</li>
<li>90% poliéster, 10% elastano</li>
<li>Cuello levantado</li>
<li>Bolsillo en el pecho y laterales con cremallera</li>
<li>Cremallera completa SBS con protección para la barbilla</li>
<li>Sisas, puños y bajos elásticos</li>
<li>Ajuste a medida</li>
</ul>

<p>235 g/m²90% poliéster, 10% elastanoCuello levantadoBolsillo en el pecho y laterales con cremalleraCremallera completa SBS con protección para la barbillaSisas, puños y bajos elásticosAjuste a medida</p>
