{"id":398814,"date":"2026-03-08T05:20:20","date_gmt":"2026-03-08T04:20:20","guid":{"rendered":"https:\/\/grupotextil.es\/producto\/chaleco-polar-nino\/"},"modified":"2026-03-08T05:20:20","modified_gmt":"2026-03-08T04:20:20","slug":"chaleco-polar-nino","status":"publish","type":"product","link":"https:\/\/grupotextil.es\/ca\/product\/chaleco-polar-nino\/","title":{"rendered":"Vest polar Kids"},"content":{"rendered":"<ul>\n<li>330 g\/m\u00b2<\/li>\n<li>100% poli\u00e9ster<\/li>\n<li>Polar antibolitas<\/li>\n<li>Cremallera entera con etiqueta Result<\/li>\n<li>Bolsillos frontales con cremallera<\/li>\n<li>Canes\u00fa delantero<\/li>\n<li>Tri\u00e1ngulo 3M\u2122 delante y detr\u00e1s<\/li>\n<\/ul>","protected":false},"excerpt":{"rendered":"<p>330 g\/m\u00b2100% poli\u00e9sterPolar antibolitasCremallera entera con etiqueta ResultBolsillos frontales con cremalleraCanes\u00fa delanteroTri\u00e1ngulo 3M\u2122 delante y detr\u00e1s<\/p>","protected":false},"featured_media":426320,"comment_status":"open","ping_status":"closed","template":"","meta":{"_acf_changed":false},"product_brand":[11669],"product_cat":[13990,13974,13975,13973],"product_tag":[],"class_list":{"0":"post-398814","1":"product","2":"type-product","3":"status-publish","4":"has-post-thumbnail","6":"product_brand-result","7":"product_cat-m-chaquetas-y-abrigos","8":"product_cat-ropa-hombre","9":"product_cat-ropa-mujer","10":"product_cat-ropa","11":"tm-no-options","13":"first","14":"instock","15":"taxable","16":"shipping-taxable","17":"product-type-variable"},"acf":[],"_links":{"self":[{"href":"https:\/\/grupotextil.es\/ca\/wp-json\/wp\/v2\/product\/398814","targetHints":{"allow":["GET"]}}],"collection":[{"href":"https:\/\/grupotextil.es\/ca\/wp-json\/wp\/v2\/product"}],"about":[{"href":"https:\/\/grupotextil.es\/ca\/wp-json\/wp\/v2\/types\/product"}],"replies":[{"embeddable":true,"href":"https:\/\/grupotextil.es\/ca\/wp-json\/wp\/v2\/comments?post=398814"}],"wp:featuredmedia":[{"embeddable":true,"href":"https:\/\/grupotextil.es\/ca\/wp-json\/wp\/v2\/media\/426320"}],"wp:attachment":[{"href":"https:\/\/grupotextil.es\/ca\/wp-json\/wp\/v2\/media?parent=398814"}],"wp:term":[{"taxonomy":"product_brand","embeddable":true,"href":"https:\/\/grupotextil.es\/ca\/wp-json\/wp\/v2\/product_brand?post=398814"},{"taxonomy":"product_cat","embeddable":true,"href":"https:\/\/grupotextil.es\/ca\/wp-json\/wp\/v2\/product_cat?post=398814"},{"taxonomy":"product_tag","embeddable":true,"href":"https:\/\/grupotextil.es\/ca\/wp-json\/wp\/v2\/product_tag?post=398814"}],"curies":[{"name":"wp","href":"https:\/\/api.w.org\/{rel}","templated":true}]}}

<ul>
<li>330 g/m²</li>
<li>100% poliéster</li>
<li>Polar antibolitas</li>
<li>Cremallera entera con etiqueta Result</li>
<li>Bolsillos frontales con cremallera</li>
<li>Canesú delantero</li>
<li>Triángulo 3M™ delante y detrás</li>
</ul>

<p>330 g/m²100% poliésterPolar antibolitasCremallera entera con etiqueta ResultBolsillos frontales con cremalleraCanesú delanteroTriángulo 3M™ delante y detrás</p>
