{"id":399990,"date":"2026-03-08T05:24:34","date_gmt":"2026-03-08T04:24:34","guid":{"rendered":"https:\/\/grupotextil.es\/producto\/chaqueta-micropolar-horizon\/"},"modified":"2026-03-08T05:24:34","modified_gmt":"2026-03-08T04:24:34","slug":"chaqueta-micropolar-horizon","status":"publish","type":"product","link":"https:\/\/grupotextil.es\/ca\/product\/chaqueta-micropolar-horizon\/","title":{"rendered":"Jacket micropolar Horizon"},"content":{"rendered":"<ul>\n<li>280 g\/m\u00b2<\/li>\n<li>100% poli\u00e9ster micropolar<\/li>\n<li>Corte moderno<\/li>\n<li>Cuello acabado en canal\u00e9<\/li>\n<li>Cremallera entera del mismo color de la prenda<\/li>\n<li>2 bolsillos ojal laterales con cremallera<\/li>\n<li>Espalda m\u00e1s larga.<\/li>\n<\/ul>","protected":false},"excerpt":{"rendered":"<p>280 g\/m\u00b2100% poli\u00e9ster micropolarCorte modernoCuello acabado en canal\u00e9Cremallera entera del mismo color de la prenda2 bolsillos ojal laterales con cremalleraEspalda m\u00e1s larga.<\/p>","protected":false},"featured_media":426662,"comment_status":"open","ping_status":"closed","template":"","meta":{"_acf_changed":false},"product_brand":[11669],"product_cat":[13991,13981,13990,13974,13930,13975,13973],"product_tag":[],"class_list":{"0":"post-399990","1":"product","2":"type-product","3":"status-publish","4":"has-post-thumbnail","6":"product_brand-result","7":"product_cat-m-chalecos","8":"product_cat-h-chaquetas-y-abrigos","9":"product_cat-m-chaquetas-y-abrigos","10":"product_cat-ropa-hombre","11":"product_cat-laboral","12":"product_cat-ropa-mujer","13":"product_cat-ropa","14":"tm-no-options","16":"first","17":"instock","18":"taxable","19":"shipping-taxable","20":"product-type-variable"},"acf":[],"_links":{"self":[{"href":"https:\/\/grupotextil.es\/ca\/wp-json\/wp\/v2\/product\/399990","targetHints":{"allow":["GET"]}}],"collection":[{"href":"https:\/\/grupotextil.es\/ca\/wp-json\/wp\/v2\/product"}],"about":[{"href":"https:\/\/grupotextil.es\/ca\/wp-json\/wp\/v2\/types\/product"}],"replies":[{"embeddable":true,"href":"https:\/\/grupotextil.es\/ca\/wp-json\/wp\/v2\/comments?post=399990"}],"wp:featuredmedia":[{"embeddable":true,"href":"https:\/\/grupotextil.es\/ca\/wp-json\/wp\/v2\/media\/426662"}],"wp:attachment":[{"href":"https:\/\/grupotextil.es\/ca\/wp-json\/wp\/v2\/media?parent=399990"}],"wp:term":[{"taxonomy":"product_brand","embeddable":true,"href":"https:\/\/grupotextil.es\/ca\/wp-json\/wp\/v2\/product_brand?post=399990"},{"taxonomy":"product_cat","embeddable":true,"href":"https:\/\/grupotextil.es\/ca\/wp-json\/wp\/v2\/product_cat?post=399990"},{"taxonomy":"product_tag","embeddable":true,"href":"https:\/\/grupotextil.es\/ca\/wp-json\/wp\/v2\/product_tag?post=399990"}],"curies":[{"name":"wp","href":"https:\/\/api.w.org\/{rel}","templated":true}]}}

<ul>
<li>280 g/m²</li>
<li>100% poliéster micropolar</li>
<li>Corte moderno</li>
<li>Cuello acabado en canalé</li>
<li>Cremallera entera del mismo color de la prenda</li>
<li>2 bolsillos ojal laterales con cremallera</li>
<li>Espalda más larga.</li>
</ul>

<p>280 g/m²100% poliéster micropolarCorte modernoCuello acabado en canaléCremallera entera del mismo color de la prenda2 bolsillos ojal laterales con cremalleraEspalda más larga.</p>
