{"id":400017,"date":"2026-03-08T05:24:36","date_gmt":"2026-03-08T04:24:36","guid":{"rendered":"https:\/\/grupotextil.es\/producto\/polar-cremallera-entera-icewalker\/"},"modified":"2026-03-08T05:24:36","modified_gmt":"2026-03-08T04:24:36","slug":"polar-cremallera-entera-icewalker","status":"publish","type":"product","link":"https:\/\/grupotextil.es\/ca\/product\/polar-cremallera-entera-icewalker\/","title":{"rendered":"Polar Full Zip Icewalker+"},"content":{"rendered":"<ul>\n<li>300 g\/m\u00b2<\/li>\n<li>100% poli\u00e9ster<\/li>\n<li>Felpa peinada antibolitas<\/li>\n<li>Mangas montadas con pu\u00f1os el\u00e1sticos<\/li>\n<li>Cremallera entera del mismo color de la prenda<\/li>\n<li>2 bolsillos con cremallera<\/li>\n<li>Dobladillo ajustable con cord\u00f3n el\u00e1stico y topes<\/li>\n<li>F\u00e1cil de decorar<\/li>\n<\/ul>","protected":false},"excerpt":{"rendered":"<p>300 g\/m\u00b2100% poli\u00e9sterFelpa peinada antibolitasMangas montadas con pu\u00f1os el\u00e1sticosCremallera entera del mismo color de la prenda2 bolsillos con cremalleraDobladillo ajustable con cord\u00f3n el\u00e1stico y top<\/p>","protected":false},"featured_media":426668,"comment_status":"open","ping_status":"closed","template":"","meta":{"_acf_changed":false},"product_brand":[11653],"product_cat":[13991,13981,13990,13974,13930,13975,13973],"product_tag":[14009],"class_list":{"0":"post-400017","1":"product","2":"type-product","3":"status-publish","4":"has-post-thumbnail","6":"product_brand-b-c","7":"product_cat-m-chalecos","8":"product_cat-h-chaquetas-y-abrigos","9":"product_cat-m-chaquetas-y-abrigos","10":"product_cat-ropa-hombre","11":"product_cat-laboral","12":"product_cat-ropa-mujer","13":"product_cat-ropa","14":"product_tag-top-ventas","15":"tm-no-options","17":"first","18":"instock","19":"taxable","20":"shipping-taxable","21":"product-type-variable"},"acf":[],"_links":{"self":[{"href":"https:\/\/grupotextil.es\/ca\/wp-json\/wp\/v2\/product\/400017","targetHints":{"allow":["GET"]}}],"collection":[{"href":"https:\/\/grupotextil.es\/ca\/wp-json\/wp\/v2\/product"}],"about":[{"href":"https:\/\/grupotextil.es\/ca\/wp-json\/wp\/v2\/types\/product"}],"replies":[{"embeddable":true,"href":"https:\/\/grupotextil.es\/ca\/wp-json\/wp\/v2\/comments?post=400017"}],"wp:featuredmedia":[{"embeddable":true,"href":"https:\/\/grupotextil.es\/ca\/wp-json\/wp\/v2\/media\/426668"}],"wp:attachment":[{"href":"https:\/\/grupotextil.es\/ca\/wp-json\/wp\/v2\/media?parent=400017"}],"wp:term":[{"taxonomy":"product_brand","embeddable":true,"href":"https:\/\/grupotextil.es\/ca\/wp-json\/wp\/v2\/product_brand?post=400017"},{"taxonomy":"product_cat","embeddable":true,"href":"https:\/\/grupotextil.es\/ca\/wp-json\/wp\/v2\/product_cat?post=400017"},{"taxonomy":"product_tag","embeddable":true,"href":"https:\/\/grupotextil.es\/ca\/wp-json\/wp\/v2\/product_tag?post=400017"}],"curies":[{"name":"wp","href":"https:\/\/api.w.org\/{rel}","templated":true}]}}

<ul>
<li>300 g/m²</li>
<li>100% poliéster</li>
<li>Felpa peinada antibolitas</li>
<li>Mangas montadas con puños elásticos</li>
<li>Cremallera entera del mismo color de la prenda</li>
<li>2 bolsillos con cremallera</li>
<li>Dobladillo ajustable con cordón elástico y topes</li>
<li>Fácil de decorar</li>
</ul>

<p>300 g/m²100% poliésterFelpa peinada antibolitasMangas montadas con puños elásticosCremallera entera del mismo color de la prenda2 bolsillos con cremalleraDobladillo ajustable con cordón elástico y top</p>
