{"id":400142,"date":"2026-03-08T05:24:42","date_gmt":"2026-03-08T04:24:42","guid":{"rendered":"https:\/\/grupotextil.es\/producto\/chaleco-acolchado-nino\/"},"modified":"2026-03-08T05:24:42","modified_gmt":"2026-03-08T04:24:42","slug":"chaleco-acolchado-nino","status":"publish","type":"product","link":"https:\/\/grupotextil.es\/ca\/product\/chaleco-acolchado-nino\/","title":{"rendered":"Vest acolchado Kids"},"content":{"rendered":"<ul>\n<li>Exterior y forro: 100% poli\u00e9ster<\/li>\n<li>Relleno: 160 g\/m\u00b2, 100% poli\u00e9ster<\/li>\n<li>Suave, ligero y c\u00e1lido<\/li>\n<li>Cremalleras y forro en color de contraste<\/li>\n<li>Panel en en el interior del cuello para la personalizaci\u00f3n<\/li>\n<li>Cremallera entera<\/li>\n<li>Sisa y dobladillo c\u00f3modos<\/li>\n<li>Detalles reflectantes en la parte lateral<\/li>\n<li>Bolsillos con cremallera<\/li>\n<li>Facil de doblar y transportar<\/li>\n<li>Facil de personalizar<\/li>\n<\/ul>","protected":false},"excerpt":{"rendered":"<p>Exterior y forro: 100% poli\u00e9sterRelleno: 160 g\/m\u00b2, 100% poli\u00e9sterSuave, ligero y c\u00e1lidoCremalleras y forro en color de contrastePanel en en el interior del cuello para la personalizaci\u00f3nCremallera ent<\/p>","protected":false},"featured_media":426707,"comment_status":"open","ping_status":"closed","template":"","meta":{"_acf_changed":false},"product_brand":[11669],"product_cat":[13991,13981,13990,13974,13930,13975,13973],"product_tag":[],"class_list":{"0":"post-400142","1":"product","2":"type-product","3":"status-publish","4":"has-post-thumbnail","6":"product_brand-result","7":"product_cat-m-chalecos","8":"product_cat-h-chaquetas-y-abrigos","9":"product_cat-m-chaquetas-y-abrigos","10":"product_cat-ropa-hombre","11":"product_cat-laboral","12":"product_cat-ropa-mujer","13":"product_cat-ropa","14":"tm-no-options","16":"first","17":"instock","18":"taxable","19":"shipping-taxable","20":"product-type-variable"},"acf":[],"_links":{"self":[{"href":"https:\/\/grupotextil.es\/ca\/wp-json\/wp\/v2\/product\/400142","targetHints":{"allow":["GET"]}}],"collection":[{"href":"https:\/\/grupotextil.es\/ca\/wp-json\/wp\/v2\/product"}],"about":[{"href":"https:\/\/grupotextil.es\/ca\/wp-json\/wp\/v2\/types\/product"}],"replies":[{"embeddable":true,"href":"https:\/\/grupotextil.es\/ca\/wp-json\/wp\/v2\/comments?post=400142"}],"wp:featuredmedia":[{"embeddable":true,"href":"https:\/\/grupotextil.es\/ca\/wp-json\/wp\/v2\/media\/426707"}],"wp:attachment":[{"href":"https:\/\/grupotextil.es\/ca\/wp-json\/wp\/v2\/media?parent=400142"}],"wp:term":[{"taxonomy":"product_brand","embeddable":true,"href":"https:\/\/grupotextil.es\/ca\/wp-json\/wp\/v2\/product_brand?post=400142"},{"taxonomy":"product_cat","embeddable":true,"href":"https:\/\/grupotextil.es\/ca\/wp-json\/wp\/v2\/product_cat?post=400142"},{"taxonomy":"product_tag","embeddable":true,"href":"https:\/\/grupotextil.es\/ca\/wp-json\/wp\/v2\/product_tag?post=400142"}],"curies":[{"name":"wp","href":"https:\/\/api.w.org\/{rel}","templated":true}]}}

<ul>
<li>Exterior y forro: 100% poliéster</li>
<li>Relleno: 160 g/m², 100% poliéster</li>
<li>Suave, ligero y cálido</li>
<li>Cremalleras y forro en color de contraste</li>
<li>Panel en en el interior del cuello para la personalización</li>
<li>Cremallera entera</li>
<li>Sisa y dobladillo cómodos</li>
<li>Detalles reflectantes en la parte lateral</li>
<li>Bolsillos con cremallera</li>
<li>Facil de doblar y transportar</li>
<li>Facil de personalizar</li>
</ul>

<p>Exterior y forro: 100% poliésterRelleno: 160 g/m², 100% poliésterSuave, ligero y cálidoCremalleras y forro en color de contrastePanel en en el interior del cuello para la personalizaciónCremallera ent</p>
