{"id":400287,"date":"2026-03-08T05:25:13","date_gmt":"2026-03-08T04:25:13","guid":{"rendered":"https:\/\/grupotextil.es\/producto\/chaqueta-hdi-quest-lightweight\/"},"modified":"2026-03-08T05:25:13","modified_gmt":"2026-03-08T04:25:13","slug":"chaqueta-hdi-quest-lightweight","status":"publish","type":"product","link":"https:\/\/grupotextil.es\/ca\/product\/chaqueta-hdi-quest-lightweight\/","title":{"rendered":"Jacket HDI Quest Lightweight"},"content":{"rendered":"<ul>\n<li>75 g\/m\u00b2<\/li>\n<li>100% nylon<\/li>\n<li>Resistente al viento e impermeable (3000 mm)<\/li>\n<li>Transpirable (1000 g\/m\u00b2 en 24h)<\/li>\n<li>Capucha con el\u00e1stico<\/li>\n<li>Etiqueta impresa en el cuello<\/li>\n<li>Cremallera entera en color de contraste<\/li>\n<li>Costuras selladas<\/li>\n<li>Bolsillos laterales (uno con cremallera)<\/li>\n<li>Pu\u00f1os el\u00e1sticos<\/li>\n<li>Bajo con cord\u00f3n ajusable<\/li>\n<li>En una pr\u00e1ctica bolsa<\/li>\n<li>Apropiado para impresi\u00f3n directa y transfer.<\/li>\n<li>COLORES DESCATALOGADOS: Se retiran 3 colores de la colecci\u00f3n Falk&amp;Ross (Todav\u00eda est\u00e1n en el portfolio del fabricante).<\/li>\n<\/ul>","protected":false},"excerpt":{"rendered":"<p>75 g\/m\u00b2100% nylonResistente al viento e impermeable (3000 mm)Transpirable (1000 g\/m\u00b2 en 24h)Capucha con el\u00e1sticoEtiqueta impresa en el cuelloCremallera entera en color de contrasteCosturas selladas&#8230;<\/p>","protected":false},"featured_media":426760,"comment_status":"open","ping_status":"closed","template":"","meta":{"_acf_changed":false},"product_brand":[11669],"product_cat":[13949,13973],"product_tag":[],"class_list":{"0":"post-400287","1":"product","2":"type-product","3":"status-publish","4":"has-post-thumbnail","6":"product_brand-result","7":"product_cat-acc-gorras-y-sombreros","8":"product_cat-ropa","9":"tm-no-options","11":"first","12":"instock","13":"taxable","14":"shipping-taxable","15":"product-type-variable"},"acf":[],"_links":{"self":[{"href":"https:\/\/grupotextil.es\/ca\/wp-json\/wp\/v2\/product\/400287","targetHints":{"allow":["GET"]}}],"collection":[{"href":"https:\/\/grupotextil.es\/ca\/wp-json\/wp\/v2\/product"}],"about":[{"href":"https:\/\/grupotextil.es\/ca\/wp-json\/wp\/v2\/types\/product"}],"replies":[{"embeddable":true,"href":"https:\/\/grupotextil.es\/ca\/wp-json\/wp\/v2\/comments?post=400287"}],"wp:featuredmedia":[{"embeddable":true,"href":"https:\/\/grupotextil.es\/ca\/wp-json\/wp\/v2\/media\/426760"}],"wp:attachment":[{"href":"https:\/\/grupotextil.es\/ca\/wp-json\/wp\/v2\/media?parent=400287"}],"wp:term":[{"taxonomy":"product_brand","embeddable":true,"href":"https:\/\/grupotextil.es\/ca\/wp-json\/wp\/v2\/product_brand?post=400287"},{"taxonomy":"product_cat","embeddable":true,"href":"https:\/\/grupotextil.es\/ca\/wp-json\/wp\/v2\/product_cat?post=400287"},{"taxonomy":"product_tag","embeddable":true,"href":"https:\/\/grupotextil.es\/ca\/wp-json\/wp\/v2\/product_tag?post=400287"}],"curies":[{"name":"wp","href":"https:\/\/api.w.org\/{rel}","templated":true}]}}

<ul>
<li>75 g/m²</li>
<li>100% nylon</li>
<li>Resistente al viento e impermeable (3000 mm)</li>
<li>Transpirable (1000 g/m² en 24h)</li>
<li>Capucha con elástico</li>
<li>Etiqueta impresa en el cuello</li>
<li>Cremallera entera en color de contraste</li>
<li>Costuras selladas</li>
<li>Bolsillos laterales (uno con cremallera)</li>
<li>Puños elásticos</li>
<li>Bajo con cordón ajusable</li>
<li>En una práctica bolsa</li>
<li>Apropiado para impresión directa y transfer.</li>
<li>COLORES DESCATALOGADOS: Se retiran 3 colores de la colección Falk&amp;Ross (Todavía están en el portfolio del fabricante).</li>
</ul>

<p>75 g/m²100% nylonResistente al viento e impermeable (3000 mm)Transpirable (1000 g/m² en 24h)Capucha con elásticoEtiqueta impresa en el cuelloCremallera entera en color de contrasteCosturas selladas&#8230;</p>
