{"id":400605,"date":"2026-03-08T05:25:31","date_gmt":"2026-03-08T04:25:31","guid":{"rendered":"https:\/\/grupotextil.es\/producto\/pantalon-de-chandal-midweight-softstyle-de-adulto\/"},"modified":"2026-03-08T05:25:31","modified_gmt":"2026-03-08T04:25:31","slug":"pantalon-de-chandal-midweight-softstyle-de-adulto","status":"publish","type":"product","link":"https:\/\/grupotextil.es\/ca\/product\/pantalon-de-chandal-midweight-softstyle-de-adulto\/","title":{"rendered":"Pantal\u00f3n de Ch\u00e1ndal Midweight Softstyle de adulto"},"content":{"rendered":"<ul>\n<li>285 g\/m\u00b2<\/li>\n<li>80 % algod\u00f3n (hilado en anillos), 20 % poli\u00e9ster<\/li>\n<li>Cintura el\u00e1stica cubierta con cordones planos internos del mismo color<\/li>\n<li>Bolsillos laterales inclinados<\/li>\n<li>Elevaci\u00f3n delantera y trasera diferencial para un mejor ajuste<\/li>\n<li>Ajuste cl\u00e1sico<\/li>\n<li>Perneras c\u00f3nicas con pu\u00f1os el\u00e1sticos.<\/li>\n<\/ul>","protected":false},"excerpt":{"rendered":"<p>285 g\/m\u00b280 % algod\u00f3n (hilado en anillos), 20 % poli\u00e9sterCintura el\u00e1stica cubierta con cordones planos internos del mismo colorBolsillos laterales inclinadosElevaci\u00f3n delantera y trasera diferencial&#8230;<\/p>","protected":false},"featured_media":426873,"comment_status":"open","ping_status":"closed","template":"","meta":{"_acf_changed":false},"product_brand":[11666],"product_cat":[13948,13954,13939,13974,13930,13975,13983,13992,13973],"product_tag":[],"class_list":{"0":"post-400605","1":"product","2":"type-product","3":"status-publish","4":"has-post-thumbnail","6":"product_brand-gildan","7":"product_cat-accesorios","8":"product_cat-acc-bolsas-y-mochilas","9":"product_cat-deportivo","10":"product_cat-ropa-hombre","11":"product_cat-laboral","12":"product_cat-ropa-mujer","13":"product_cat-h-pantalones","14":"product_cat-m-pantalones","15":"product_cat-ropa","16":"tm-no-options","18":"first","19":"instock","20":"taxable","21":"shipping-taxable","22":"product-type-variable"},"acf":[],"_links":{"self":[{"href":"https:\/\/grupotextil.es\/ca\/wp-json\/wp\/v2\/product\/400605","targetHints":{"allow":["GET"]}}],"collection":[{"href":"https:\/\/grupotextil.es\/ca\/wp-json\/wp\/v2\/product"}],"about":[{"href":"https:\/\/grupotextil.es\/ca\/wp-json\/wp\/v2\/types\/product"}],"replies":[{"embeddable":true,"href":"https:\/\/grupotextil.es\/ca\/wp-json\/wp\/v2\/comments?post=400605"}],"wp:featuredmedia":[{"embeddable":true,"href":"https:\/\/grupotextil.es\/ca\/wp-json\/wp\/v2\/media\/426873"}],"wp:attachment":[{"href":"https:\/\/grupotextil.es\/ca\/wp-json\/wp\/v2\/media?parent=400605"}],"wp:term":[{"taxonomy":"product_brand","embeddable":true,"href":"https:\/\/grupotextil.es\/ca\/wp-json\/wp\/v2\/product_brand?post=400605"},{"taxonomy":"product_cat","embeddable":true,"href":"https:\/\/grupotextil.es\/ca\/wp-json\/wp\/v2\/product_cat?post=400605"},{"taxonomy":"product_tag","embeddable":true,"href":"https:\/\/grupotextil.es\/ca\/wp-json\/wp\/v2\/product_tag?post=400605"}],"curies":[{"name":"wp","href":"https:\/\/api.w.org\/{rel}","templated":true}]}}

Pantalón de Chándal Midweight Softstyle de adulto

<ul>
<li>285 g/m²</li>
<li>80 % algodón (hilado en anillos), 20 % poliéster</li>
<li>Cintura elástica cubierta con cordones planos internos del mismo color</li>
<li>Bolsillos laterales inclinados</li>
<li>Elevación delantera y trasera diferencial para un mejor ajuste</li>
<li>Ajuste clásico</li>
<li>Perneras cónicas con puños elásticos.</li>
</ul>

<p>285 g/m²80 % algodón (hilado en anillos), 20 % poliésterCintura elástica cubierta con cordones planos internos del mismo colorBolsillos laterales inclinadosElevación delantera y trasera diferencial&#8230;</p>
