{"id":401317,"date":"2026-03-08T05:32:28","date_gmt":"2026-03-08T04:32:28","guid":{"rendered":"https:\/\/grupotextil.es\/producto\/chaqueta-larga-hombre-work-guard-vostex-long-coat\/"},"modified":"2026-03-08T05:32:28","modified_gmt":"2026-03-08T04:32:28","slug":"chaqueta-larga-hombre-work-guard-vostex-long-coat","status":"publish","type":"product","link":"https:\/\/grupotextil.es\/ca\/product\/chaqueta-larga-hombre-work-guard-vostex-long-coat\/","title":{"rendered":"Chaqueta larga hombre Work-Guard Vostex Long Coat"},"content":{"rendered":"<ul>\n<li>275 g\/m\u00b2<\/li>\n<li>Exterior: 100% poli\u00e9ster Oxford 300D con capa PVC<\/li>\n<li>Forro: tafet\u00e1n 100% poli\u00e9ster 210T (acolchado en rombo)<\/li>\n<li>Relleno: 100% poli\u00e9ster<\/li>\n<li>Contra el viento e impermiable (2.000 mm)<\/li>\n<li>Costuras selladas<\/li>\n<li>Capucha ajustable, tricot tacto suave forrado cuello<\/li>\n<li>2 cremalleras con 4 tiradores de colores intercambiable y con solapa<\/li>\n<li>Varios bolsillos<\/li>\n<li>Cord\u00f3n ajustable en el bajo<\/li>\n<li>Cinta con sistema autocierre de gancho en las mangas<\/li>\n<li>Detalles reflectantes<\/li>\n<\/ul>","protected":false},"excerpt":{"rendered":"<p>275 g\/m\u00b2Exterior: 100% poli\u00e9ster Oxford 300D con capa PVCForro: tafet\u00e1n 100% poli\u00e9ster 210T (acolchado en rombo)Relleno: 100% poli\u00e9sterContra el viento e impermiable (2.<\/p>","protected":false},"featured_media":427205,"comment_status":"open","ping_status":"closed","template":"","meta":{"_acf_changed":false},"product_brand":[11669],"product_cat":[13948,13954,13939,13974,13930,13975,13992,13983,13973],"product_tag":[],"class_list":{"0":"post-401317","1":"product","2":"type-product","3":"status-publish","4":"has-post-thumbnail","6":"product_brand-result","7":"product_cat-accesorios","8":"product_cat-acc-bolsas-y-mochilas","9":"product_cat-deportivo","10":"product_cat-ropa-hombre","11":"product_cat-laboral","12":"product_cat-ropa-mujer","13":"product_cat-m-pantalones","14":"product_cat-h-pantalones","15":"product_cat-ropa","16":"tm-no-options","18":"first","19":"instock","20":"taxable","21":"shipping-taxable","22":"product-type-variable"},"acf":[],"_links":{"self":[{"href":"https:\/\/grupotextil.es\/ca\/wp-json\/wp\/v2\/product\/401317","targetHints":{"allow":["GET"]}}],"collection":[{"href":"https:\/\/grupotextil.es\/ca\/wp-json\/wp\/v2\/product"}],"about":[{"href":"https:\/\/grupotextil.es\/ca\/wp-json\/wp\/v2\/types\/product"}],"replies":[{"embeddable":true,"href":"https:\/\/grupotextil.es\/ca\/wp-json\/wp\/v2\/comments?post=401317"}],"wp:featuredmedia":[{"embeddable":true,"href":"https:\/\/grupotextil.es\/ca\/wp-json\/wp\/v2\/media\/427205"}],"wp:attachment":[{"href":"https:\/\/grupotextil.es\/ca\/wp-json\/wp\/v2\/media?parent=401317"}],"wp:term":[{"taxonomy":"product_brand","embeddable":true,"href":"https:\/\/grupotextil.es\/ca\/wp-json\/wp\/v2\/product_brand?post=401317"},{"taxonomy":"product_cat","embeddable":true,"href":"https:\/\/grupotextil.es\/ca\/wp-json\/wp\/v2\/product_cat?post=401317"},{"taxonomy":"product_tag","embeddable":true,"href":"https:\/\/grupotextil.es\/ca\/wp-json\/wp\/v2\/product_tag?post=401317"}],"curies":[{"name":"wp","href":"https:\/\/api.w.org\/{rel}","templated":true}]}}

<ul>
<li>275 g/m²</li>
<li>Exterior: 100% poliéster Oxford 300D con capa PVC</li>
<li>Forro: tafetán 100% poliéster 210T (acolchado en rombo)</li>
<li>Relleno: 100% poliéster</li>
<li>Contra el viento e impermiable (2.000 mm)</li>
<li>Costuras selladas</li>
<li>Capucha ajustable, tricot tacto suave forrado cuello</li>
<li>2 cremalleras con 4 tiradores de colores intercambiable y con solapa</li>
<li>Varios bolsillos</li>
<li>Cordón ajustable en el bajo</li>
<li>Cinta con sistema autocierre de gancho en las mangas</li>
<li>Detalles reflectantes</li>
</ul>

<p>275 g/m²Exterior: 100% poliéster Oxford 300D con capa PVCForro: tafetán 100% poliéster 210T (acolchado en rombo)Relleno: 100% poliésterContra el viento e impermiable (2.</p>
