{"id":401478,"date":"2026-03-08T05:33:38","date_gmt":"2026-03-08T04:33:38","guid":{"rendered":"https:\/\/grupotextil.es\/producto\/pantalon-corto-action\/"},"modified":"2026-03-08T05:33:38","modified_gmt":"2026-03-08T04:33:38","slug":"pantalon-corto-action","status":"publish","type":"product","link":"https:\/\/grupotextil.es\/ca\/product\/pantalon-corto-action\/","title":{"rendered":"Trouser corto Action"},"content":{"rendered":"<ul>\n<li>270 g\/m\u00b2<\/li>\n<li>65% poli\u00e9ster, 35% algod\u00f3n<\/li>\n<li>Cremallera frontal con bot\u00f3n de cierre<\/li>\n<li>Cintura el\u00e1stica con trabillas<\/li>\n<li>Bolsillos laterales con calienta-manos, varios bolsillos<\/li>\n<li>Costuras a doble aguja y remates<\/li>\n<li>Apropiado para bordar<\/li>\n<\/ul>","protected":false},"excerpt":{"rendered":"<p>270 g\/m\u00b265% poli\u00e9ster, 35% algod\u00f3nCremallera frontal con bot\u00f3n de cierreCintura el\u00e1stica con trabillasBolsillos laterales con calienta-manos, varios bolsillosCosturas a doble aguja y rematesApropiado<\/p>","protected":false},"featured_media":427376,"comment_status":"open","ping_status":"closed","template":"","meta":{"_acf_changed":false},"product_brand":[11669],"product_cat":[13948,13954,13939,13974,13930,13975,13983,13992,13973],"product_tag":[],"class_list":{"0":"post-401478","1":"product","2":"type-product","3":"status-publish","4":"has-post-thumbnail","6":"product_brand-result","7":"product_cat-accesorios","8":"product_cat-acc-bolsas-y-mochilas","9":"product_cat-deportivo","10":"product_cat-ropa-hombre","11":"product_cat-laboral","12":"product_cat-ropa-mujer","13":"product_cat-h-pantalones","14":"product_cat-m-pantalones","15":"product_cat-ropa","16":"tm-no-options","18":"first","19":"instock","20":"taxable","21":"shipping-taxable","22":"product-type-variable"},"acf":[],"_links":{"self":[{"href":"https:\/\/grupotextil.es\/ca\/wp-json\/wp\/v2\/product\/401478","targetHints":{"allow":["GET"]}}],"collection":[{"href":"https:\/\/grupotextil.es\/ca\/wp-json\/wp\/v2\/product"}],"about":[{"href":"https:\/\/grupotextil.es\/ca\/wp-json\/wp\/v2\/types\/product"}],"replies":[{"embeddable":true,"href":"https:\/\/grupotextil.es\/ca\/wp-json\/wp\/v2\/comments?post=401478"}],"wp:featuredmedia":[{"embeddable":true,"href":"https:\/\/grupotextil.es\/ca\/wp-json\/wp\/v2\/media\/427376"}],"wp:attachment":[{"href":"https:\/\/grupotextil.es\/ca\/wp-json\/wp\/v2\/media?parent=401478"}],"wp:term":[{"taxonomy":"product_brand","embeddable":true,"href":"https:\/\/grupotextil.es\/ca\/wp-json\/wp\/v2\/product_brand?post=401478"},{"taxonomy":"product_cat","embeddable":true,"href":"https:\/\/grupotextil.es\/ca\/wp-json\/wp\/v2\/product_cat?post=401478"},{"taxonomy":"product_tag","embeddable":true,"href":"https:\/\/grupotextil.es\/ca\/wp-json\/wp\/v2\/product_tag?post=401478"}],"curies":[{"name":"wp","href":"https:\/\/api.w.org\/{rel}","templated":true}]}}

<ul>
<li>270 g/m²</li>
<li>65% poliéster, 35% algodón</li>
<li>Cremallera frontal con botón de cierre</li>
<li>Cintura elástica con trabillas</li>
<li>Bolsillos laterales con calienta-manos, varios bolsillos</li>
<li>Costuras a doble aguja y remates</li>
<li>Apropiado para bordar</li>
</ul>

<p>270 g/m²65% poliéster, 35% algodónCremallera frontal con botón de cierreCintura elástica con trabillasBolsillos laterales con calienta-manos, varios bolsillosCosturas a doble aguja y rematesApropiado</p>
