{"id":401591,"date":"2026-03-08T05:34:44","date_gmt":"2026-03-08T04:34:44","guid":{"rendered":"https:\/\/grupotextil.es\/producto\/bolsa-gimnasio-denim\/"},"modified":"2026-03-08T05:34:44","modified_gmt":"2026-03-08T04:34:44","slug":"bolsa-gimnasio-denim","status":"publish","type":"product","link":"https:\/\/grupotextil.es\/ca\/product\/bolsa-gimnasio-denim\/","title":{"rendered":"Bag gimnasio Denim"},"content":{"rendered":"<ul>\n<li>100% algod\u00f3n<\/li>\n<li>Asa de doble uso\/ganchos para colgar<\/li>\n<li>Se puede llevar a mano o como mochila<\/li>\n<li>Cierre con cord\u00f3n ajustable<\/li>\n<li>Correas de hombro de algod\u00f3n<\/li>\n<li>Etiqueta extra\u00edble para facilitar el rebranding<\/li>\n<li>Capacidad: 12 litros<\/li>\n<li>Medidas: 46 x 37 cm<\/li>\n<li>Max. bordado: 18 aro tubular<\/li>\n<li>Max. \u00c1rea de impresi\u00f3n: 16 x 20 cm.<\/li>\n<\/ul>","protected":false},"excerpt":{"rendered":"<p>100% algod\u00f3nAsa de doble uso\/ganchos para colgarSe puede llevar a mano o como mochilaCierre con cord\u00f3n ajustableCorreas de hombro de algod\u00f3nEtiqueta extra\u00edble para facilitar el rebrandingCapacidad:&#8230;<\/p>","protected":false},"featured_media":427402,"comment_status":"open","ping_status":"closed","template":"","meta":{"_acf_changed":false},"product_brand":[11668],"product_cat":[13954],"product_tag":[],"class_list":{"0":"post-401591","1":"product","2":"type-product","3":"status-publish","4":"has-post-thumbnail","6":"product_brand-bag-base","7":"product_cat-acc-bolsas-y-mochilas","8":"tm-no-options","10":"first","11":"instock","12":"taxable","13":"shipping-taxable","14":"product-type-variable"},"acf":[],"_links":{"self":[{"href":"https:\/\/grupotextil.es\/ca\/wp-json\/wp\/v2\/product\/401591","targetHints":{"allow":["GET"]}}],"collection":[{"href":"https:\/\/grupotextil.es\/ca\/wp-json\/wp\/v2\/product"}],"about":[{"href":"https:\/\/grupotextil.es\/ca\/wp-json\/wp\/v2\/types\/product"}],"replies":[{"embeddable":true,"href":"https:\/\/grupotextil.es\/ca\/wp-json\/wp\/v2\/comments?post=401591"}],"wp:featuredmedia":[{"embeddable":true,"href":"https:\/\/grupotextil.es\/ca\/wp-json\/wp\/v2\/media\/427402"}],"wp:attachment":[{"href":"https:\/\/grupotextil.es\/ca\/wp-json\/wp\/v2\/media?parent=401591"}],"wp:term":[{"taxonomy":"product_brand","embeddable":true,"href":"https:\/\/grupotextil.es\/ca\/wp-json\/wp\/v2\/product_brand?post=401591"},{"taxonomy":"product_cat","embeddable":true,"href":"https:\/\/grupotextil.es\/ca\/wp-json\/wp\/v2\/product_cat?post=401591"},{"taxonomy":"product_tag","embeddable":true,"href":"https:\/\/grupotextil.es\/ca\/wp-json\/wp\/v2\/product_tag?post=401591"}],"curies":[{"name":"wp","href":"https:\/\/api.w.org\/{rel}","templated":true}]}}

<ul>
<li>100% algodón</li>
<li>Asa de doble uso/ganchos para colgar</li>
<li>Se puede llevar a mano o como mochila</li>
<li>Cierre con cordón ajustable</li>
<li>Correas de hombro de algodón</li>
<li>Etiqueta extraíble para facilitar el rebranding</li>
<li>Capacidad: 12 litros</li>
<li>Medidas: 46 x 37 cm</li>
<li>Max. bordado: 18 aro tubular</li>
<li>Max. Área de impresión: 16 x 20 cm.</li>
</ul>

<p>100% algodónAsa de doble uso/ganchos para colgarSe puede llevar a mano o como mochilaCierre con cordón ajustableCorreas de hombro de algodónEtiqueta extraíble para facilitar el rebrandingCapacidad:&#8230;</p>
