{"id":401616,"date":"2026-03-08T05:34:46","date_gmt":"2026-03-08T04:34:46","guid":{"rendered":"https:\/\/grupotextil.es\/producto\/mochila-ecologica-earthaware\/"},"modified":"2026-03-08T05:34:46","modified_gmt":"2026-03-08T04:34:46","slug":"mochila-ecologica-earthaware","status":"publish","type":"product","link":"https:\/\/grupotextil.es\/ca\/product\/mochila-ecologica-earthaware\/","title":{"rendered":"Mochila ecol\u00f3gica EarthAware\u00ae"},"content":{"rendered":"<ul>\n<li>340 g\/m\u00b2<\/li>\n<li>100% algod\u00f3n (org\u00e1nico)<\/li>\n<li>Tela de lona resistente<\/li>\n<li>Solapa doble con bot\u00f3n de presi\u00f3n<\/li>\n<li>Cierre con cord\u00f3n<\/li>\n<li>Correas de hombro ajustables del mismo tejido<\/li>\n<li>Asa de manos<\/li>\n<li>Capacidad: 10 litros<\/li>\n<li>Dimensiones: 26x38x14 cm<\/li>\n<\/ul>","protected":false},"excerpt":{"rendered":"<p>340 g\/m\u00b2100% algod\u00f3n (org\u00e1nico)Tela de lona resistenteSolapa doble con bot\u00f3n de presi\u00f3nCierre con cord\u00f3nCorreas de hombro ajustables del mismo tejidoAsa de manosCapacidad: 10 litrosDimensiones: 26x38x<\/p>","protected":false},"featured_media":427426,"comment_status":"open","ping_status":"closed","template":"","meta":{"_acf_changed":false},"product_brand":[11680],"product_cat":[13954],"product_tag":[],"class_list":{"0":"post-401616","1":"product","2":"type-product","3":"status-publish","4":"has-post-thumbnail","6":"product_brand-westford-mill","7":"product_cat-acc-bolsas-y-mochilas","8":"tm-no-options","10":"first","11":"instock","12":"taxable","13":"shipping-taxable","14":"product-type-variable"},"acf":[],"_links":{"self":[{"href":"https:\/\/grupotextil.es\/ca\/wp-json\/wp\/v2\/product\/401616","targetHints":{"allow":["GET"]}}],"collection":[{"href":"https:\/\/grupotextil.es\/ca\/wp-json\/wp\/v2\/product"}],"about":[{"href":"https:\/\/grupotextil.es\/ca\/wp-json\/wp\/v2\/types\/product"}],"replies":[{"embeddable":true,"href":"https:\/\/grupotextil.es\/ca\/wp-json\/wp\/v2\/comments?post=401616"}],"wp:featuredmedia":[{"embeddable":true,"href":"https:\/\/grupotextil.es\/ca\/wp-json\/wp\/v2\/media\/427426"}],"wp:attachment":[{"href":"https:\/\/grupotextil.es\/ca\/wp-json\/wp\/v2\/media?parent=401616"}],"wp:term":[{"taxonomy":"product_brand","embeddable":true,"href":"https:\/\/grupotextil.es\/ca\/wp-json\/wp\/v2\/product_brand?post=401616"},{"taxonomy":"product_cat","embeddable":true,"href":"https:\/\/grupotextil.es\/ca\/wp-json\/wp\/v2\/product_cat?post=401616"},{"taxonomy":"product_tag","embeddable":true,"href":"https:\/\/grupotextil.es\/ca\/wp-json\/wp\/v2\/product_tag?post=401616"}],"curies":[{"name":"wp","href":"https:\/\/api.w.org\/{rel}","templated":true}]}}

Mochila ecológica EarthAware®

<ul>
<li>340 g/m²</li>
<li>100% algodón (orgánico)</li>
<li>Tela de lona resistente</li>
<li>Solapa doble con botón de presión</li>
<li>Cierre con cordón</li>
<li>Correas de hombro ajustables del mismo tejido</li>
<li>Asa de manos</li>
<li>Capacidad: 10 litros</li>
<li>Dimensiones: 26x38x14 cm</li>
</ul>

<p>340 g/m²100% algodón (orgánico)Tela de lona resistenteSolapa doble con botón de presiónCierre con cordónCorreas de hombro ajustables del mismo tejidoAsa de manosCapacidad: 10 litrosDimensiones: 26x38x</p>
