{"id":401636,"date":"2026-03-08T05:34:47","date_gmt":"2026-03-08T04:34:47","guid":{"rendered":"https:\/\/grupotextil.es\/producto\/mochila-stafford-reflectante-con-cordon\/"},"modified":"2026-03-08T05:34:47","modified_gmt":"2026-03-08T04:34:47","slug":"mochila-stafford-reflectante-con-cordon","status":"publish","type":"product","link":"https:\/\/grupotextil.es\/ca\/product\/mochila-stafford-reflectante-con-cordon\/","title":{"rendered":"Mochila Stafford reflectante con cord\u00f3n"},"content":{"rendered":"<ul>\n<li>100% poli\u00e9ster (tejido reflectante)<\/li>\n<li>Un lado de tejido de malla reflectante<\/li>\n<li>Dos asas de cord\u00f3n resistentes<\/li>\n<li>Adecuado para serigraf\u00eda en ambas caras<\/li>\n<li>Capacidad: 11 litros<\/li>\n<li>Dimensiones: 34&#215;44 cm<\/li>\n<li>Superficie de decoraci\u00f3n: 32&#215;26 cm<\/li>\n<\/ul>","protected":false},"excerpt":{"rendered":"<p>100% poli\u00e9ster (tejido reflectante)Un lado de tejido de malla reflectanteDos asas de cord\u00f3n resistentesAdecuado para serigraf\u00eda en ambas carasCapacidad: 11 litrosDimensiones: 34&#215;44 cmSuperficie de dec<\/p>","protected":false},"featured_media":427446,"comment_status":"open","ping_status":"closed","template":"","meta":{"_acf_changed":false},"product_brand":[11660],"product_cat":[13954],"product_tag":[],"class_list":{"0":"post-401636","1":"product","2":"type-product","3":"status-publish","4":"has-post-thumbnail","6":"product_brand-shugon","7":"product_cat-acc-bolsas-y-mochilas","8":"tm-no-options","10":"first","11":"instock","12":"taxable","13":"shipping-taxable","14":"product-type-variable"},"acf":[],"_links":{"self":[{"href":"https:\/\/grupotextil.es\/ca\/wp-json\/wp\/v2\/product\/401636","targetHints":{"allow":["GET"]}}],"collection":[{"href":"https:\/\/grupotextil.es\/ca\/wp-json\/wp\/v2\/product"}],"about":[{"href":"https:\/\/grupotextil.es\/ca\/wp-json\/wp\/v2\/types\/product"}],"replies":[{"embeddable":true,"href":"https:\/\/grupotextil.es\/ca\/wp-json\/wp\/v2\/comments?post=401636"}],"wp:featuredmedia":[{"embeddable":true,"href":"https:\/\/grupotextil.es\/ca\/wp-json\/wp\/v2\/media\/427446"}],"wp:attachment":[{"href":"https:\/\/grupotextil.es\/ca\/wp-json\/wp\/v2\/media?parent=401636"}],"wp:term":[{"taxonomy":"product_brand","embeddable":true,"href":"https:\/\/grupotextil.es\/ca\/wp-json\/wp\/v2\/product_brand?post=401636"},{"taxonomy":"product_cat","embeddable":true,"href":"https:\/\/grupotextil.es\/ca\/wp-json\/wp\/v2\/product_cat?post=401636"},{"taxonomy":"product_tag","embeddable":true,"href":"https:\/\/grupotextil.es\/ca\/wp-json\/wp\/v2\/product_tag?post=401636"}],"curies":[{"name":"wp","href":"https:\/\/api.w.org\/{rel}","templated":true}]}}

Mochila Stafford reflectante con cordón

<ul>
<li>100% poliéster (tejido reflectante)</li>
<li>Un lado de tejido de malla reflectante</li>
<li>Dos asas de cordón resistentes</li>
<li>Adecuado para serigrafía en ambas caras</li>
<li>Capacidad: 11 litros</li>
<li>Dimensiones: 34&#215;44 cm</li>
<li>Superficie de decoración: 32&#215;26 cm</li>
</ul>

<p>100% poliéster (tejido reflectante)Un lado de tejido de malla reflectanteDos asas de cordón resistentesAdecuado para serigrafía en ambas carasCapacidad: 11 litrosDimensiones: 34&#215;44 cmSuperficie de dec</p>
