{"id":401775,"date":"2026-03-08T05:35:03","date_gmt":"2026-03-08T04:35:03","guid":{"rendered":"https:\/\/grupotextil.es\/producto\/maletin-tailored-luxe\/"},"modified":"2026-03-08T05:35:03","modified_gmt":"2026-03-08T04:35:03","slug":"maletin-tailored-luxe","status":"publish","type":"product","link":"https:\/\/grupotextil.es\/ca\/product\/maletin-tailored-luxe\/","title":{"rendered":"Malet\u00edn Tailored Luxe"},"content":{"rendered":"<ul>\n<li>100% poliuretano (aspecto de cuero)<\/li>\n<li>Forro: 100% Poli\u00e9ster (Reciclado)<\/li>\n<li>Correa de hombro ajustable y desmontable<\/li>\n<li>Apertura con cremallera de 2 v\u00edas para f\u00e1cil acceso<\/li>\n<li>Compatible con port\u00e1tiles de hasta 16<\/li>\n<li>Bolsillo delantero con cremallera<\/li>\n<li>Portabotellas interno y m\u00faltiples bolsillos internos<\/li>\n<li>etiqueta extra\u00edble para facilitar el cambio de marca<\/li>\n<li>Capacidad: 11 Litros<\/li>\n<li>Dimensiones: 39x28x10cm<\/li>\n<li>M\u00e1x. bordado: aro de 15 tubulares<\/li>\n<li>M\u00e1x. \u00e1rea de impresi\u00f3n: 5&#215;8 cm.<\/li>\n<\/ul>","protected":false},"excerpt":{"rendered":"<p>100% poliuretano (aspecto de cuero)Forro: 100% Poli\u00e9ster (Reciclado)Correa de hombro ajustable y desmontableApertura con cremallera de 2 v\u00edas para f\u00e1cil accesoCompatible con port\u00e1tiles de hasta 16B&#8230;<\/p>","protected":false},"featured_media":427632,"comment_status":"open","ping_status":"closed","template":"","meta":{"_acf_changed":false},"product_brand":[11657],"product_cat":[13954],"product_tag":[],"class_list":{"0":"post-401775","1":"product","2":"type-product","3":"status-publish","4":"has-post-thumbnail","6":"product_brand-quadra","7":"product_cat-acc-bolsas-y-mochilas","8":"tm-no-options","10":"first","11":"instock","12":"taxable","13":"shipping-taxable","14":"product-type-variable"},"acf":[],"_links":{"self":[{"href":"https:\/\/grupotextil.es\/ca\/wp-json\/wp\/v2\/product\/401775","targetHints":{"allow":["GET"]}}],"collection":[{"href":"https:\/\/grupotextil.es\/ca\/wp-json\/wp\/v2\/product"}],"about":[{"href":"https:\/\/grupotextil.es\/ca\/wp-json\/wp\/v2\/types\/product"}],"replies":[{"embeddable":true,"href":"https:\/\/grupotextil.es\/ca\/wp-json\/wp\/v2\/comments?post=401775"}],"wp:featuredmedia":[{"embeddable":true,"href":"https:\/\/grupotextil.es\/ca\/wp-json\/wp\/v2\/media\/427632"}],"wp:attachment":[{"href":"https:\/\/grupotextil.es\/ca\/wp-json\/wp\/v2\/media?parent=401775"}],"wp:term":[{"taxonomy":"product_brand","embeddable":true,"href":"https:\/\/grupotextil.es\/ca\/wp-json\/wp\/v2\/product_brand?post=401775"},{"taxonomy":"product_cat","embeddable":true,"href":"https:\/\/grupotextil.es\/ca\/wp-json\/wp\/v2\/product_cat?post=401775"},{"taxonomy":"product_tag","embeddable":true,"href":"https:\/\/grupotextil.es\/ca\/wp-json\/wp\/v2\/product_tag?post=401775"}],"curies":[{"name":"wp","href":"https:\/\/api.w.org\/{rel}","templated":true}]}}

Maletín Tailored Luxe

<ul>
<li>100% poliuretano (aspecto de cuero)</li>
<li>Forro: 100% Poliéster (Reciclado)</li>
<li>Correa de hombro ajustable y desmontable</li>
<li>Apertura con cremallera de 2 vías para fácil acceso</li>
<li>Compatible con portátiles de hasta 16</li>
<li>Bolsillo delantero con cremallera</li>
<li>Portabotellas interno y múltiples bolsillos internos</li>
<li>etiqueta extraíble para facilitar el cambio de marca</li>
<li>Capacidad: 11 Litros</li>
<li>Dimensiones: 39x28x10cm</li>
<li>Máx. bordado: aro de 15 tubulares</li>
<li>Máx. área de impresión: 5&#215;8 cm.</li>
</ul>

<p>100% poliuretano (aspecto de cuero)Forro: 100% Poliéster (Reciclado)Correa de hombro ajustable y desmontableApertura con cremallera de 2 vías para fácil accesoCompatible con portátiles de hasta 16B&#8230;</p>
