{"id":401788,"date":"2026-03-08T05:35:07","date_gmt":"2026-03-08T04:35:07","guid":{"rendered":"https:\/\/grupotextil.es\/producto\/chaqueta-mujer-de-seguridad\/"},"modified":"2026-03-08T05:35:07","modified_gmt":"2026-03-08T04:35:07","slug":"chaqueta-mujer-de-seguridad","status":"publish","type":"product","link":"https:\/\/grupotextil.es\/ca\/product\/chaqueta-mujer-de-seguridad\/","title":{"rendered":"Chaqueta mujer de seguridad"},"content":{"rendered":"<ul>\n<li>100% poli\u00e9ster (75D)<\/li>\n<li>Relleno y forro (gris): 100% poli\u00e9ster<\/li>\n<li>EN ISO 20471:2013 + A1, Clase 2 (XS-M), Clase 3 (L-XL)<\/li>\n<li>Tacto suave, ligero y c\u00e1lido<\/li>\n<li>Cuello alto<\/li>\n<li>Tirador en el interior<\/li>\n<li>Cremallera completa YKK<\/li>\n<li>Bolsillo lateral con cremallera, bolsillo en el pecho y bolsillo interior<\/li>\n<li>Manga y dobladillo inferior ajustados para evitar la suciedad<\/li>\n<li>Ribete en los extremos de la manga y en la parte inferior<\/li>\n<li>Espalda m\u00e1s larga<\/li>\n<li>Cintura ligeramente ajustada<\/li>\n<li>Adecuado para bordado<\/li>\n<li>COLORES DESCATALOGADOS: Se retiran 1 colores de la colecci\u00f3n Falk&amp;Ross (Todav\u00eda est\u00e1n en el portfolio del fabricante).<\/li>\n<li>RIS-3279-TOM (solo Naranja fluorescente \/ Gris).<\/li>\n<\/ul>","protected":false},"excerpt":{"rendered":"<p>100% poli\u00e9ster (75D)Relleno y forro (gris): 100% poli\u00e9sterEN ISO 20471:2013 + A1, Clase 2 (XS-M), Clase 3 (L-XL)Tacto suave, ligero y c\u00e1lidoCuello altoTirador en el interiorCremallera completa YKKB&#8230;<\/p>","protected":false},"featured_media":427673,"comment_status":"open","ping_status":"closed","template":"","meta":{"_acf_changed":false},"product_brand":[11669],"product_cat":[13954],"product_tag":[],"class_list":{"0":"post-401788","1":"product","2":"type-product","3":"status-publish","4":"has-post-thumbnail","6":"product_brand-result","7":"product_cat-acc-bolsas-y-mochilas","8":"tm-no-options","10":"first","11":"instock","12":"taxable","13":"shipping-taxable","14":"product-type-variable"},"acf":[],"_links":{"self":[{"href":"https:\/\/grupotextil.es\/ca\/wp-json\/wp\/v2\/product\/401788","targetHints":{"allow":["GET"]}}],"collection":[{"href":"https:\/\/grupotextil.es\/ca\/wp-json\/wp\/v2\/product"}],"about":[{"href":"https:\/\/grupotextil.es\/ca\/wp-json\/wp\/v2\/types\/product"}],"replies":[{"embeddable":true,"href":"https:\/\/grupotextil.es\/ca\/wp-json\/wp\/v2\/comments?post=401788"}],"wp:featuredmedia":[{"embeddable":true,"href":"https:\/\/grupotextil.es\/ca\/wp-json\/wp\/v2\/media\/427673"}],"wp:attachment":[{"href":"https:\/\/grupotextil.es\/ca\/wp-json\/wp\/v2\/media?parent=401788"}],"wp:term":[{"taxonomy":"product_brand","embeddable":true,"href":"https:\/\/grupotextil.es\/ca\/wp-json\/wp\/v2\/product_brand?post=401788"},{"taxonomy":"product_cat","embeddable":true,"href":"https:\/\/grupotextil.es\/ca\/wp-json\/wp\/v2\/product_cat?post=401788"},{"taxonomy":"product_tag","embeddable":true,"href":"https:\/\/grupotextil.es\/ca\/wp-json\/wp\/v2\/product_tag?post=401788"}],"curies":[{"name":"wp","href":"https:\/\/api.w.org\/{rel}","templated":true}]}}

<ul>
<li>100% poliéster (75D)</li>
<li>Relleno y forro (gris): 100% poliéster</li>
<li>EN ISO 20471:2013 + A1, Clase 2 (XS-M), Clase 3 (L-XL)</li>
<li>Tacto suave, ligero y cálido</li>
<li>Cuello alto</li>
<li>Tirador en el interior</li>
<li>Cremallera completa YKK</li>
<li>Bolsillo lateral con cremallera, bolsillo en el pecho y bolsillo interior</li>
<li>Manga y dobladillo inferior ajustados para evitar la suciedad</li>
<li>Ribete en los extremos de la manga y en la parte inferior</li>
<li>Espalda más larga</li>
<li>Cintura ligeramente ajustada</li>
<li>Adecuado para bordado</li>
<li>COLORES DESCATALOGADOS: Se retiran 1 colores de la colección Falk&amp;Ross (Todavía están en el portfolio del fabricante).</li>
<li>RIS-3279-TOM (solo Naranja fluorescente / Gris).</li>
</ul>

<p>100% poliéster (75D)Relleno y forro (gris): 100% poliésterEN ISO 20471:2013 + A1, Clase 2 (XS-M), Clase 3 (L-XL)Tacto suave, ligero y cálidoCuello altoTirador en el interiorCremallera completa YKKB&#8230;</p>
