{"id":401822,"date":"2026-03-08T05:35:19","date_gmt":"2026-03-08T04:35:19","guid":{"rendered":"https:\/\/grupotextil.es\/producto\/bolsa-reciclada\/"},"modified":"2026-03-08T05:35:19","modified_gmt":"2026-03-08T04:35:19","slug":"bolsa-reciclada","status":"publish","type":"product","link":"https:\/\/grupotextil.es\/ca\/product\/bolsa-reciclada\/","title":{"rendered":"Bag reciclado"},"content":{"rendered":"<ul>\n<li>270 g\/m\u00b2<\/li>\n<li>60% algod\u00f3n, 40% poli\u00e9ster (aprox. 5% de variaci\u00f3n, seg\u00fan el lote)<\/li>\n<li>Poli\u00e9ster reciclado de aprox. 2,5 botellas post-consumo<\/li>\n<li>Capacidad: 10 litros<\/li>\n<li>Dimensiones: 38 x 42 cm<\/li>\n<\/ul>","protected":false},"excerpt":{"rendered":"<p>270 g\/m\u00b260% algod\u00f3n, 40% poli\u00e9ster (aprox. 5% de variaci\u00f3n, seg\u00fan el lote)Poli\u00e9ster reciclado de aprox.<\/p>","protected":false},"featured_media":427712,"comment_status":"open","ping_status":"closed","template":"","meta":{"_acf_changed":false},"product_brand":[11680],"product_cat":[13954],"product_tag":[],"class_list":{"0":"post-401822","1":"product","2":"type-product","3":"status-publish","4":"has-post-thumbnail","6":"product_brand-westford-mill","7":"product_cat-acc-bolsas-y-mochilas","8":"tm-no-options","10":"first","11":"instock","12":"taxable","13":"shipping-taxable","14":"product-type-variable"},"acf":[],"_links":{"self":[{"href":"https:\/\/grupotextil.es\/ca\/wp-json\/wp\/v2\/product\/401822","targetHints":{"allow":["GET"]}}],"collection":[{"href":"https:\/\/grupotextil.es\/ca\/wp-json\/wp\/v2\/product"}],"about":[{"href":"https:\/\/grupotextil.es\/ca\/wp-json\/wp\/v2\/types\/product"}],"replies":[{"embeddable":true,"href":"https:\/\/grupotextil.es\/ca\/wp-json\/wp\/v2\/comments?post=401822"}],"wp:featuredmedia":[{"embeddable":true,"href":"https:\/\/grupotextil.es\/ca\/wp-json\/wp\/v2\/media\/427712"}],"wp:attachment":[{"href":"https:\/\/grupotextil.es\/ca\/wp-json\/wp\/v2\/media?parent=401822"}],"wp:term":[{"taxonomy":"product_brand","embeddable":true,"href":"https:\/\/grupotextil.es\/ca\/wp-json\/wp\/v2\/product_brand?post=401822"},{"taxonomy":"product_cat","embeddable":true,"href":"https:\/\/grupotextil.es\/ca\/wp-json\/wp\/v2\/product_cat?post=401822"},{"taxonomy":"product_tag","embeddable":true,"href":"https:\/\/grupotextil.es\/ca\/wp-json\/wp\/v2\/product_tag?post=401822"}],"curies":[{"name":"wp","href":"https:\/\/api.w.org\/{rel}","templated":true}]}}

<ul>
<li>270 g/m²</li>
<li>60% algodón, 40% poliéster (aprox. 5% de variación, según el lote)</li>
<li>Poliéster reciclado de aprox. 2,5 botellas post-consumo</li>
<li>Capacidad: 10 litros</li>
<li>Dimensiones: 38 x 42 cm</li>
</ul>

<p>270 g/m²60% algodón, 40% poliéster (aprox. 5% de variación, según el lote)Poliéster reciclado de aprox.</p>
